{"text_format":"1","workbook":"xlsx","n_sheets":6,"sheets":["1. Information Sheet","2. 2013 Continuity Schedule","3. Appendix A","4. Billing Determinants","5. Allocation of Balances","6. Rate Rider Calculations"],"not_rendered":{"charts":0,"images":2,"macros":1,"external_links":3,"defined_names":143,"comments":0,"pivot_tables":0},"unopened":[],"bounds":{"document_bytes":16777216,"sheet_cells":100000,"rows_first":2000,"rows_last":500,"rows_between":2000,"halvings":0,"cell_chars":16384,"cell_head_chars":4096},"cells_cut":0,"cells_raw":0,"read":"whole","date_system":"1900"}

{"sheet":"1. Information Sheet","index":0,"n_rows":78,"n_cols":22,"rows_kept":78,"cut":false,"hidden":false,"merged":[[30,2,30,11],[32,2,32,13],[34,2,34,12],[26,1,26,12],[13,5,13,11],[15,5,15,9],[17,5,17,9],[19,5,19,9],[21,5,21,9],[23,5,23,9]]}
[null,null,null,null,null,null,null,null,null,null,null,null,null,null,null,null,null,null,null,null,null,"Algoma Power Inc."]
[null,null,null,null,null,null,null,null,null,null,null,null,null,null,null,null,null,null,null,null,null,"Atikokan Hydro Inc."]
[null,null,null,null,null,null,null,null,null,null,null,null,null,null,null,null,null,null,null,null,null,"Attawapiskat Power Corp. "]
[null,null,null,null,null,null,null,null,null,null,null,null,null,null,null,null,null,null,null,null,null,"Bluewater Power Distribution Corporation"]
[null,null,null,null,null,null,null,null,null,null,null,null,null,null,null,null,null,null,null,null,null,"Brant County Power Inc."]
[null,null,null,null,null,null,null,null,null,null,null,null,null,null,null,null,null,null,null,null,null,"Brantford Power Inc."]
[null,null,null,null,null,null,null,null,null,null,null,null,null,null,null,null,null,null,null,null,null,"Burlington Hydro Inc."]
[null,null,null,null,null,null,null,null,null,null,null,null,null,null,null,null,null,null,null,null,null,"Cambridge and North Dumfries Hydro Inc."]
[null,null,null,null,null,null,null,null,null,null,null,null,null,null,null,null,null,null,null,null,null,"Canadian Niagara Power Inc."]
[null,null,null,null,null,null,null,null,null,null,null,null,null,null,null,null,null,null,null,null,null,"Centre Wellington Hydro Ltd."]
[null,null,null,null,null,null,null,null,null,null,null,null,null,null,null,null,null,null,null,null,null,"Chapleau Public Utilities Corporation"]
[null,null,null,null,null,null,null,null,null,null,null,null,"Version",2.2000000000000002,null,null,null,null,null,null,null,"Clinton Power Corporation"]
[null,null,null,null,null,null,null,null,null,null,null,null,null,null,null,null,null,null,null,null,null,"COLLUS Power Corporation"]
[null,null,null,null,"Utility Name   ",null,null,null,null,null,null,null,null,null,null,null,null,null,null,null,null,"Cooperative Hydro Embrun Inc."]
[null,null,null,null,null,null,null,null,null,null,null,null,null,null,null,null,null,null,null,null,null,"E.L.K. Energy Inc."]
[null,null,null,null,"Service Territory","(if applicable)",null,null,null,null,null,null,null,null,null,null,null,null,null,null,null,"Enersource Hydro Mississauga Inc."]
[null,null,null,null,null,null,null,null,null,null,null,null,null,null,null,null,null,null,null,null,null,"Entegrus Powerlines Inc."]
[null,null,null,null,"Assigned EB Number",null,null,null,null,null,null,null,null,null,null,null,null,null,null,null,null,"ENWIN Utilities Ltd."]
[null,null,null,null,null,null,null,null,null,null,null,null,null,null,null,null,null,null,null,null,null,"Erie Thames Powerlines Corporation"]
[null,null,null,null,"Name of Contact and Title",null,null,null,null,null,null,null,null,null,null,null,null,null,null,null,null,"Espanola Regional Hydro Distribution Corporation"]
[null,null,null,null,null,null,null,null,null,null,null,null,null,null,null,null,null,null,null,null,null,"Essex Powerlines Corporation"]
[null,null,null,null,"Phone Number   ",null,null,null,null,null,null,null,null,null,null,null,null,null,null,null,null,"Festival Hydro Inc."]
[null,null,null,null,null,null,null,null,null,null,null,null,null,null,null,null,null,null,null,null,null,"Fort Albany Power Corporation"]
[null,null,null,null,"Email Address   ",null,null,null,null,null,null,null,null,null,null,null,null,null,null,null,null,"Fort Frances Power Corporation"]
[null,null,null,null,null,null,null,null,null,null,null,null,null,null,null,null,null,null,null,null,null,"Greater Sudbury Hydro Inc."]
[null,null,null,null,null,null,null,null,null,null,null,null,null,null,null,null,null,null,null,null,null,"Grimsby Power Inc."]
[null,"General Notes\n\n1.  Please ensure that your macros have been enabled.  (Tools -> Macro -> Security)\n\n2.  Due to the time lag of deferral/variance account dispositions, this model assumes that all opening balances include previously disposed of amounts.  Accordingly, all \"Board Approved Dispositions\" are deducted from the opening balance.\n\n3.  Please provide information in this model since the last time your balances were disposed.\n\n4.  For all Board-Approved dispositions, please ensure that the disposition amount has the same sign (e.g: debit balances are to have a positive figure and credit balance are to have a negative figure) as per the related Board decision.\n",null,null,null,null,null,null,null,null,null,null,null,null,null,null,null,null,null,null,null,"Guelph Hydro Electric Systems Inc."]
[null,null,null,null,null,null,null,null,null,null,null,null,null,null,null,null,null,null,null,null,null,"Haldimand County Hydro Inc."]
[null,"Notes",null,null,null,null,null,null,null,null,null,null,null,null,null,null,null,null,null,null,null,"Halton Hills Hydro Inc."]
[null,null,null,null,null,null,null,null,null,null,null,null,null,null,null,null,null,null,null,null,null,"Hearst Power Distribution Company Limited"]
[null,null,"Pale green cells represent input cells.",null,null,null,null,null,null,null,null,null,null,null,null,null,null,null,null,null,null,"Horizon Utilities Corporation"]
[null,null,null,null,null,null,null,null,null,null,null,null,null,null,null,null,null,null,null,null,null,"Hydro 2000 Inc."]
[null,null,"Pale blue cells represent drop-down lists.  The applicant should select the appropriate item from the drop-down list.",null,null,null,null,null,null,null,null,null,null,null,null,null,null,null,null,null,null,"Hydro Hawkesbury Inc."]
[null,null,null,null,null,null,null,null,null,null,null,null,null,null,null,null,null,null,null,null,null,"Hydro One Brampton Networks Inc."]
[null,null,"White cells contain fixed values, automatically generated values or formulae. ",null,null,null,null,null,null,null,null,null,null,null,null,null,null,null,null,null,null,"Hydro One Networks Inc."]
[null,null,null,null,null,null,null,null,null,null,null,null,null,null,null,null,null,null,null,null,null,"Hydro Ottawa Limited"]
[null,null,null,null,null,null,null,null,null,null,null,null,null,null,null,null,null,null,null,null,null,"Innisfil Hydro Distribution Systems Limited"]
[null,null,null,null,null,null,null,null,null,null,null,null,null,null,null,null,null,null,null,null,null,"Kashechewan Power Corporation"]
[null,null,null,null,null,null,null,null,null,null,null,null,null,null,null,null,null,null,null,null,null,"Kenora Hydro Electric Corporation Ltd."]
[null,null,null,null,null,null,null,null,null,null,null,null,null,null,null,null,null,null,null,null,null,"Kingston Hydro Corporation"]
[null,null,null,null,null,null,null,null,null,null,null,null,null,null,null,null,null,null,null,null,null,"Kitchener-Wilmot Hydro Inc."]
[null,null,null,null,null,null,null,null,null,null,null,null,null,null,null,null,null,null,null,null,null,"Lakefront Utilities Inc."]
[null,null,null,null,null,null,null,null,null,null,null,null,null,null,null,null,null,null,null,null,null,"Lakeland Power Distribution Ltd."]
[null,null,null,null,null,null,null,null,null,null,null,null,null,null,null,null,null,null,null,null,null,"London Hydro Inc."]
[null,null,null,null,null,null,null,null,null,null,null,null,null,null,null,null,null,null,null,null,null,"Midland Power Utility Corporation"]
[null,null,null,null,null,null,null,null,null,null,null,null,null,null,null,null,null,null,null,null,null,"Milton Hydro Distribution inc."]
[null,null,null,null,null,null,null,null,null,null,null,null,null,null,null,null,null,null,null,null,null,"Newmarket - Tay Power Distribution Ltd."]
[null,null,null,null,null,null,null,null,null,null,null,null,null,null,null,null,null,null,null,null,null,"Niagara Peninsula Energy Inc."]
[null,null,null,null,null,null,null,null,null,null,null,null,null,null,null,null,null,null,null,null,null,"Niagara-on-the-Lake Hydro Inc."]
[null,null,null,null,null,null,null,null,null,null,null,null,null,null,null,null,null,null,null,null,null,"Norfolk Power Distribution Inc."]
[null,null,null,null,null,null,null,null,null,null,null,null,null,null,null,null,null,null,null,null,null,"North Bay Hydro Distribution Limited"]
[null,null,null,null,null,null,null,null,null,null,null,null,null,null,null,null,null,null,null,null,null,"Northern Ontario Wires Inc."]
[null,null,null,null,null,null,null,null,null,null,null,null,null,null,null,null,null,null,null,null,null,"Oakville Hydro Electricity Distribution Inc."]
[null,null,null,null,null,null,null,null,null,null,null,null,null,null,null,null,null,null,null,null,null,"Orangeville Hydro Limited"]
[null,null,null,null,null,null,null,null,null,null,null,null,null,null,null,null,null,null,null,null,null,"Orillia Power Distribution Corporation"]
[null,null,null,null,null,null,null,null,null,null,null,null,null,null,null,null,null,null,null,null,null,"Oshawa PUC Networks Inc."]
[null,null,null,null,null,null,null,null,null,null,null,null,null,null,null,null,null,null,null,null,null,"Ottawa River Power Corporation"]
[null,null,null,null,null,null,null,null,null,null,null,null,null,null,null,null,null,null,null,null,null,"Parry Sound Power Corporation"]
[null,null,null,null,null,null,null,null,null,null,null,null,null,null,null,null,null,null,null,null,null,"Peterborough Distribution Incorporated"]
[null,null,null,null,null,null,null,null,null,null,null,null,null,null,null,null,null,null,null,null,null,"PowerStream Inc."]
[null,null,null,null,null,null,null,null,null,null,null,null,null,null,null,null,null,null,null,null,null,"PUC Distribution Inc."]
[null,null,null,null,null,null,null,null,null,null,null,null,null,null,null,null,null,null,null,null,null,"Renfrew Hydro Inc."]
[null,null,null,null,null,null,null,null,null,null,null,null,null,null,null,null,null,null,null,null,null,"Rideau St. Lawrence Distribution Inc."]
[null,null,null,null,null,null,null,null,null,null,null,null,null,null,null,null,null,null,null,null,null,"Sioux Lookout Hydro Inc."]
[null,null,null,null,null,null,null,null,null,null,null,null,null,null,null,null,null,null,null,null,null,"St. Thomas Energy Inc."]
[null,null,null,null,null,null,null,null,null,null,null,null,null,null,null,null,null,null,null,null,null,"Thunder Bay Hydro Electricity Distribution Inc."]
[null,null,null,null,null,null,null,null,null,null,null,null,null,null,null,null,null,null,null,null,null,"Tillsonburg Hydro Inc."]
[null,null,null,null,null,null,null,null,null,null,null,null,null,null,null,null,null,null,null,null,null,"Toronto Hydro-Electric System Limited"]
[null,null,null,null,null,null,null,null,null,null,null,null,null,null,null,null,null,null,null,null,null,"Veridian Connections Inc."]
[null,null,null,null,null,null,null,null,null,null,null,null,null,null,null,null,null,null,null,null,null,"Wasaga Distribution Inc."]
[null,null,null,null,null,null,null,null,null,null,null,null,null,null,null,null,null,null,null,null,null,"Waterloo North Hydro Inc."]
[null,null,null,null,null,null,null,null,null,null,null,null,null,null,null,null,null,null,null,null,null,"Welland Hydro-Electric System Corp."]
[null,null,null,null,null,null,null,null,null,null,null,null,null,null,null,null,null,null,null,null,null,"Wellington North Power Inc."]
[null,null,null,null,null,null,null,null,null,null,null,null,null,null,null,null,null,null,null,null,null,"West Coast Huron Energy Inc."]
[null,null,null,null,null,null,null,null,null,null,null,null,null,null,null,null,null,null,null,null,null,"West Perth Power Inc."]
[null,null,null,null,null,null,null,null,null,null,null,null,null,null,null,null,null,null,null,null,null,"Westario Power Inc."]
[null,null,null,null,null,null,null,null,null,null,null,null,null,null,null,null,null,null,null,null,null,"Whitby Hydro Electric Corporation"]
[null,null,null,null,null,null,null,null,null,null,null,null,null,null,null,null,null,null,null,null,null,"Woodstock Hydro Services Inc."]

{"sheet":"2. 2013 Continuity Schedule","index":1,"n_rows":108,"n_cols":96,"rows_kept":108,"cut":false,"hidden":false,"merged":[[19,18,21,18],[19,40,21,40],[19,43,21,43],[19,50,21,50],[19,49,21,49],[19,46,21,46],[19,47,21,47],[19,13,21,13],[19,11,21,11],[19,30,21,30],[19,34,21,34],[19,32,21,32],[19,57,21,57],[19,58,21,58],[19,38,21,38],[19,59,21,59],[19,26,21,26],[19,27,21,27],[19,31,21,31],[19,90,21,90],[19,36,21,36],[19,87,21,87],[19,73,21,73],[19,60,21,60],[19,70,21,70],[19,63,21,63],[19,61,21,61],[19,54,21,54],[19,55,21,55],[19,56,21,56],[19,86,21,86],[19,83,21,83],[19,84,21,84],[19,85,21,85],[19,28,21,28],[19,23,21,23],[19,24,21,24],[19,25,21,25],[18,44,18,53],[19,44,21,44],[19,45,21,45],[18,74,18,86],[19,74,21,74],[19,75,21,75],[19,76,21,76],[19,77,21,77],[19,78,21,78],[19,79,21,79],[19,80,21,80],[19,81,21,81],[19,82,21,82],[19,37,21,37],[19,41,21,41],[19,42,21,42],[18,24,18,33],[18,34,18,43],[19,71,21,71],[19,72,21,72],[19,62,21,62],[19,94,21,94],[19,95,21,95],[18,91,18,93],[19,93,21,93],[19,92,21,92],[19,91,21,91],[19,4,21,4],[18,14,18,23],[19,14,21,14],[19,15,21,15],[19,16,21,16],[19,17,21,17],[19,8,21,8],[19,19,21,19],[19,20,21,20],[19,12,21,12],[19,21,21,21],[19,22,21,22],[19,7,21,7],[19,33,21,33],[19,39,21,39],[19,88,21,88],[18,87,18,90],[19,89,21,89],[19,53,21,53],[19,51,21,51],[105,2,105,9],[18,64,18,73],[19,64,21,64],[19,65,21,65],[19,66,21,66],[19,67,21,67],[19,68,21,68],[19,69,21,69],[97,2,99,7],[19,2,21,2],[19,3,21,3],[19,52,21,52],[19,48,21,48],[19,5,21,5],[19,6,21,6],[19,9,21,9],[19,10,21,10],[90,2,90,7],[19,29,21,29],[18,4,18,13],[19,35,21,35],[18,54,18,63]]}
[]
[]
[]
[]
[]
[]
[]
[]
[]
[]
[]
[]
[]
[]
[]
[]
[]
[]
[null,null,null,null,2005,null,null,null,null,null,null,null,null,null,2006,null,null,null,null,null,null,null,null,null,2007,null,null,null,null,null,null,null,null,null,2008,null,null,null,null,null,null,null,null,null,2009,null,null,null,null,null,null,null,null,null,2010,null,null,null,null,null,null,null,null,null,2011,null,null,null,null,null,null,null,null,null,2012,null,null,null,null,null,null,null,null,null,null,null,null,2013,null,null,null,"Projected Interest on Dec-31-12 Balances",null,null,"2.1.7 RRR"]
[null,null,"Account Descriptions","Account Number","Opening Principal Amounts as of Jan-1-05","Transactions Debit / (Credit) during 2005 excluding interest and adjustments 3","Board-Approved Disposition during 2005","Adjustments during 2005 - other 2","Closing Principal Balance as of Dec-31-05","Opening Interest Amounts as of Jan-1-05","Interest Jan-1 to Dec-31-05","Board-Approved Disposition during 2005","Adjustments during 2005 - other 2","Closing Interest Amounts as of Dec-31-05","Opening Principal Amounts as of Jan-1-06 ","Transactions Debit / (Credit) during 2006 excluding interest and adjustments 3","Board-Approved Disposition during 2006  1, 1A","Adjustments during 2006 - other 2","Closing Principal Balance as of Dec-31-06","Opening Interest Amounts as of Jan-1-06","Interest Jan-1 to Dec-31-06","Board-Approved Disposition during 2006  1, 1A","Adjustments during 2006 - other 2","Closing Interest Amounts as of Dec-31-06","Opening Principal Amounts as of Jan-1-07 ","Transactions Debit / (Credit) during 2007 excluding interest and adjustments 3","Board-Approved Disposition during 2007","Adjustments during 2007 - other 2","Closing Principal Balance as of Dec-31-07","Opening Interest Amounts as of Jan-1-07","Interest Jan-1 to Dec-31-07","Board-Approved Disposition during 2007","Adjustments during 2007 - other 2","Closing Interest Amounts as of Dec-31-07","Opening Principal Amounts as of Jan-1-08 ","Transactions Debit / (Credit) during 2008 excluding interest and adjustments 3","Board-Approved Disposition during 2008","Adjustments during 2008 - other 2","Closing Principal Balance as of Dec-31-08","Opening Interest Amounts as of Jan-1-08","Interest Jan-1 to Dec-31-08","Board-Approved Disposition during 2008","Adjustments during 2008 - other 2","Closing Interest Amounts as of Dec-31-08","Opening Principal Amounts as of Jan-1-09","Transactions Debit / (Credit) during 2009 excluding interest and adjustments 3","Board-Approved Disposition during 2009","Adjustments during 2009 - other 2","Closing Principal Balance as of Dec-31-09","Opening Interest Amounts as of Jan-1-09","Interest Jan-1 to Dec-31-09","Board-Approved Disposition during 2009","Adjustments during 2009 - other 2","Closing Interest Amounts as of Dec-31-09","Opening Principal Amounts as of Jan-1-10","Transactions Debit / (Credit) during 2010 excluding interest and adjustments 3","Board-Approved Disposition during 2010","Adjustments during 2010 - other 2","Closing Principal Balance as of Dec-31-10","Opening Interest Amounts as of Jan-1-10","Interest Jan-1 to Dec-31-10","Board-Approved Disposition during 2010","Adjustments during 2010 - other 2","Closing Interest Amounts as of Dec-31-10","Opening Principal Amounts as of Jan-1-11","Transactions Debit / (Credit) during 2011 excluding interest and adjustments 3","Board-Approved Disposition during 2011","Adjustments during 2010 - other 2","Closing Principal Balance as of Dec-31-11","Opening Interest Amounts as of Jan-1-11","Interest Jan-1 to Dec-31-11","Board-Approved Disposition during 2011","Adjustments during 2011 - other 2","Closing Interest Amounts as of Dec-31-11","Opening Principal Amounts as of Jan-1-12","Transactions Debit / (Credit) during 2012 excluding interest and adjustments 3","Board-Approved Disposition during 2012","Other 2 Adjustments during Q1 2012","Other 2 Adjustments during Q2 2012","Other 2 Adjustments during Q3 2012","Other 2 Adjustments during Q4 2012","Closing Principal Balance as of Dec-31-12","Opening Interest Amounts as of Jan-1-12","Interest Jan-1 to Dec-31-12","Board-Approved Disposition during 2012","Adjustments during 2012 - other 2","Closing Interest Amounts as of Dec-31-12","Principal Disposition during 2013 - instructed by Board","Interest Disposition during 2013 - instructed by Board","Closing Principal Balances as of Dec 31-12 Adjusted for Dispositions during 2013","Closing Interest Balances as of Dec 31-12 Adjusted for Dispositions during 2013","Projected Interest from Jan 1, 2013 to December 31, 2013 on                        Dec 31 -12 balance adjusted for disposition during 2013 6","Projected Interest from January 1, 2014 to April 30, 2014 on Dec 31 -12 balance adjusted for disposition during 2013  6","Total Claim","As of Dec 31-12","Variance                           RRR vs. 2012 Balance                        (Principal + Interest)"]
[]
[null,null,null,null,null,null,null,null,null,null,null,null,null,null,null,null,null,null,null,null,null,null,null,null,null,null,null,null,null,null,null,null,null,null,null,null,null,null,null,null,null,null,null,null,null,null,null,null,null,null,null,null,null,null,null,null,null,null,null,null,null,null,null,null,null,null,null,null,null,null,null,null,null,null,null,null,null,null,null,null,null,null,null,null,null,null,null,null,null,null,null,null,null,"Claim before Forecasted Transactions"]
[null,null,"Group 1 Accounts"]
[1,null,"LV Variance Account",1550,null,null,null,null,{"$f":"E24+F24-G24+H24","v":0},null,null,null,null,{"$f":"J24+K24-L24+M24","v":0},{"$f":"I24","v":0},null,null,null,{"$f":"O24+P24-Q24+R24","v":0},{"$f":"N24","v":0},null,null,null,{"$f":"T24+U24-V24+W24","v":0},{"$f":"S24","v":0},null,null,null,{"$f":"Y24+Z24-AA24+AB24","v":0},{"$f":"X24","v":0},null,null,null,{"$f":"AD24+AE24-AF24+AG24","v":0},{"$f":"AC24","v":0},null,null,null,{"$f":"AI24+AJ24-AK24+AL24","v":0},{"$f":"AH24","v":0},null,null,null,{"$f":"AN24+AO24-AP24+AQ24","v":0},{"$f":"AM24","v":0},null,null,null,{"$f":"AS24+AT24-AU24+AV24","v":0},{"$f":"AR24","v":0},null,null,null,{"$f":"AX24+AY24-AZ24+BA24","v":0},{"$f":"AW24","v":0},null,null,null,{"$f":"BC24+BD24-BE24+BF24","v":0},{"$f":"BB24","v":0},null,null,null,{"$f":"BH24+BI24-BJ24+BK24","v":0},{"$f":"BG24","v":0},null,null,null,{"$f":"BM24+BN24-BO24+SUM(BP24:BP24)","v":0},{"$f":"BL24","v":0},null,null,null,{"$f":"BR24+BS24-BT24+BU24","v":0},{"$f":"BQ24","v":0},null,null,null,null,null,null,{"$f":"BW24+BX24-BY24+SUM(BZ24:CC24)","v":0},{"$f":"BV24","v":0},null,null,null,{"$f":"CE24+CF24-CG24+CH24","v":0},null,null,{"$f":"CD24-CJ24","v":0},{"$f":"CI24-CK24","v":0},null,null,{"$f":"SUM(CL24:CO24)","v":0},null,{"$f":"CQ24-SUM(CD24,CI24)","v":0}]
[2,null,"RSVA - Wholesale Market Service Charge",1580,null,null,null,null,{"$f":"E25+F25-G25+H25","v":0},null,null,null,null,{"$f":"J25+K25-L25+M25","v":0},{"$f":"I25","v":0},null,null,null,{"$f":"O25+P25-Q25+R25","v":0},{"$f":"N25","v":0},null,null,null,{"$f":"T25+U25-V25+W25","v":0},{"$f":"S25","v":0},null,null,null,{"$f":"Y25+Z25-AA25+AB25","v":0},{"$f":"X25","v":0},null,null,null,{"$f":"AD25+AE25-AF25+AG25","v":0},{"$f":"AC25","v":0},null,null,null,{"$f":"AI25+AJ25-AK25+AL25","v":0},{"$f":"AH25","v":0},null,null,null,{"$f":"AN25+AO25-AP25+AQ25","v":0},{"$f":"AM25","v":0},null,null,null,{"$f":"AS25+AT25-AU25+AV25","v":0},{"$f":"AR25","v":0},null,null,null,{"$f":"AX25+AY25-AZ25+BA25","v":0},{"$f":"AW25","v":0},null,null,null,{"$f":"BC25+BD25-BE25+SUM(BF25:BF25)","v":0},{"$f":"BB25","v":0},null,null,null,{"$f":"BH25+BI25-BJ25+BK25","v":0},{"$f":"BG25","v":0},null,null,null,0,0,null,null,null,{"$f":"BR25+BS25-BT25+BU25","v":0},{"$f":"BQ25","v":0},null,null,null,null,null,null,{"$f":"BW25+BX25-BY25+SUM(BZ25:CC25)","v":0},{"$f":"BV25","v":0},null,null,null,{"$f":"CE25+CF25-CG25+CH25","v":0},null,null,{"$f":"CD25-CJ25","v":0},{"$f":"CI25-CK25","v":0},null,null,{"$f":"SUM(CL25:CO25)","v":0},null,{"$f":"CQ25-SUM(CD25,CI25)","v":0}]
[3,null,"RSVA - Retail Transmission Network Charge",1584,null,null,null,null,0,null,null,null,null,0,0,null,null,null,0,0,null,null,null,0,0,null,null,null,0,0,null,null,null,0,0,null,null,null,0,0,null,null,null,0,0,null,null,null,0,0,null,null,null,0,0,null,null,null,0,0,null,null,null,0,0,null,null,null,0,0,null,null,null,0,0,null,null,null,null,null,null,0,0,null,null,null,0,null,null,0,0,null,null,0,null,0]
[4,null,"RSVA - Retail Transmission Connection Charge",1586,null,null,null,null,0,null,null,null,null,0,0,null,null,null,0,0,null,null,null,0,0,null,null,null,0,0,null,null,null,0,0,null,null,null,0,0,null,null,null,0,0,null,null,null,0,0,null,null,null,0,0,null,null,null,0,0,null,null,null,0,0,null,null,null,0,0,null,null,null,0,0,null,null,null,null,null,null,0,0,null,null,null,0,null,null,0,0,null,null,0,null,0]
[5,null,"RSVA - Power (excluding Global Adjustment)",1588,null,null,null,null,0,null,null,null,null,0,0,null,null,null,0,0,null,null,null,0,0,null,null,null,0,0,null,null,null,0,0,null,null,null,0,0,null,null,null,0,0,null,null,null,0,0,null,null,null,0,0,null,null,null,0,0,null,null,null,0,0,null,null,null,0,0,null,null,null,0,0,null,null,null,null,null,null,0,0,null,null,null,0,null,null,0,0,null,null,0,null,0]
[6,null,"RSVA - Global Adjustment",1589,null,null,null,null,0,null,null,null,null,0,0,null,null,null,0,0,null,null,null,0,0,null,null,null,0,0,null,null,null,0,0,null,null,null,0,0,null,null,null,0,0,null,null,null,0,0,null,null,null,0,0,null,null,null,0,0,null,null,null,0,0,null,null,null,0,0,null,null,null,0,0,null,null,null,null,null,null,0,0,null,null,null,0,null,null,0,0,null,null,0,null,0]
[7,null,"Recovery of Regulatory Asset Balances",1590,null,null,null,null,0,null,null,null,null,0,0,null,null,null,0,0,null,null,null,0,0,null,null,null,0,0,null,null,null,0,0,null,null,null,0,0,null,null,null,0,0,null,null,null,0,0,null,null,null,0,0,null,null,null,0,0,null,null,null,0,0,null,null,null,0,0,null,null,null,0,0,null,null,null,null,null,null,0,0,null,null,null,0,null,null,0,0,null,null,0,null,0]
[8,null,"Disposition and Recovery/Refund of Regulatory Balances (2008)7",1595,null,null,null,null,0,null,null,null,null,0,{"$f":"I31","v":0},null,null,null,0,{"$f":"N31","v":0},null,null,null,0,{"$f":"S31","v":0},null,null,null,0,{"$f":"X31","v":0},null,null,null,0,{"$f":"AC31","v":0},null,null,null,0,{"$f":"AH31","v":0},null,null,null,0,{"$f":"AM31","v":0},null,null,null,0,{"$f":"AR31","v":0},null,null,null,0,{"$f":"AW31","v":0},null,null,null,0,{"$f":"BB31","v":0},null,null,null,0,{"$f":"BG31","v":0},null,null,null,0,0,null,null,null,0,{"$f":"BQ31","v":0},null,null,null,null,null,null,0,{"$f":"BV31","v":0},null,null,null,0,null,null,0,0,null,null,0,null,0]
[9,null,"Disposition and Recovery/Refund of Regulatory Balances (2009)7",1595,null,null,null,null,0,null,null,null,null,0,0,null,null,null,0,0,null,null,null,0,0,null,null,null,0,0,null,null,null,0,0,null,null,null,0,0,null,null,null,0,0,null,null,null,0,0,null,null,null,0,0,null,null,null,0,0,null,null,null,0,{"$f":"BG32","v":0},null,null,null,0,0,null,null,null,0,{"$f":"BQ32","v":0},null,null,null,null,null,null,0,{"$f":"BV32","v":0},null,null,null,0,null,null,0,0,null,null,0,null,0]
[9,null,"Disposition and Recovery/Refund of Regulatory Balances (2010)7",1595,null,null,null,null,{"$f":"E33+F33-G33+H33","v":0},null,null,null,null,{"$f":"J33+K33-L33+M33","v":0},{"$f":"I33","v":0},null,null,null,{"$f":"O33+P33-Q33+R33","v":0},{"$f":"N33","v":0},null,null,null,{"$f":"T33+U33-V33+W33","v":0},{"$f":"S33","v":0},null,null,null,{"$f":"Y33+Z33-AA33+AB33","v":0},{"$f":"X33","v":0},null,null,null,{"$f":"AD33+AE33-AF33+AG33","v":0},{"$f":"AC33","v":0},null,null,null,{"$f":"AI33+AJ33-AK33+AL33","v":0},{"$f":"AH33","v":0},null,null,null,{"$f":"AN33+AO33-AP33+AQ33","v":0},{"$f":"AM33","v":0},null,null,null,{"$f":"AS33+AT33-AU33+AV33","v":0},{"$f":"AR33","v":0},null,null,null,{"$f":"AX33+AY33-AZ33+BA33","v":0},{"$f":"AW33","v":0},null,null,null,0,{"$f":"BB33","v":0},null,null,null,{"$f":"BH33+BI33-BJ33+BK33","v":0},{"$f":"BG33","v":0},null,null,null,0,0,null,null,null,{"$f":"BR33+BS33-BT33+BU33","v":0},{"$f":"BQ33","v":0},null,null,null,null,null,null,{"$f":"BW33+BX33-BY33+SUM(BZ33:CC33)","v":0},{"$f":"BV33","v":0},null,null,null,{"$f":"CE33+CF33-CG33+CH33","v":0},null,null,0,0,null,null,0,null,0]
[10,null,"Disposition and Recovery/Refund of Regulatory Balances (2011)7",1595,null,null,null,null,{"$f":"E34+F34-G34+H34","v":0},null,null,null,null,{"$f":"J34+K34-L34+M34","v":0},{"$f":"I34","v":0},null,null,null,{"$f":"O34+P34-Q34+R34","v":0},{"$f":"N34","v":0},null,null,null,{"$f":"T34+U34-V34+W34","v":0},{"$f":"S34","v":0},null,null,null,{"$f":"Y34+Z34-AA34+AB34","v":0},{"$f":"X34","v":0},null,null,null,{"$f":"AD34+AE34-AF34+AG34","v":0},{"$f":"AC34","v":0},null,null,null,{"$f":"AI34+AJ34-AK34+AL34","v":0},{"$f":"AH34","v":0},null,null,null,{"$f":"AN34+AO34-AP34+AQ34","v":0},{"$f":"AM34","v":0},null,null,null,{"$f":"AS34+AT34-AU34+AV34","v":0},{"$f":"AR34","v":0},null,null,null,{"$f":"AX34+AY34-AZ34+BA34","v":0},{"$f":"AW34","v":0},null,null,null,{"$f":"BC34+BD34-BE34+SUM(BF34:BF34)","v":0},{"$f":"BB34","v":0},null,null,null,{"$f":"BH34+BI34-BJ34+BK34","v":0},{"$f":"BG34","v":0},null,null,null,0,0,null,null,null,{"$f":"BR34+BS34-BT34+BU34","v":0},{"$f":"BQ34","v":0},null,null,null,null,null,null,{"$f":"BW34+BX34-BY34+SUM(BZ34:CC34)","v":0},{"$f":"BV34","v":0},null,null,null,{"$f":"CE34+CF34-CG34+CH34","v":0},null,null,0,0,null,null,0,null,0]
[]
[null,null,"Group 1 Sub-Total (including Account 1589 - Global Adjustment)",null,{"$f":"SUM(E24:E34)","v":0},{"$f":"SUM(F24:F34)","v":0},0,0,0,0,0,0,0,0,0,0,0,0,0,0,0,0,0,0,0,0,0,0,0,0,0,0,0,0,0,0,0,0,0,0,0,0,0,0,0,0,0,0,0,0,0,0,0,0,0,0,0,0,0,0,0,0,0,0,0,0,0,0,{"$f":"SUM(BQ24:BQ34)","v":0},0,0,0,0,0,0,0,0,0,0,0,0,0,0,0,0,0,0,0,0,0,0,0,0,0,0,0]
[null,null,"Group 1 Sub-Total (excluding Account 1589 - Global Adjustment)",null,{"$f":"E36-E38","v":0},{"$f":"F36-F38","v":0},{"$f":"G36-G38","v":0},0,0,0,0,{"$f":"L36-L38","v":0},{"$f":"M36-M38","v":0},0,0,0,{"$f":"Q36-Q38","v":0},0,0,0,0,{"$f":"V36-V38","v":0},{"$f":"W36-W38","v":0},{"$f":"X36-X38","v":0},0,0,0,0,0,0,0,{"$f":"AF36-AF38","v":0},{"$f":"AG36-AG38","v":0},{"$f":"AH36-AH38","v":0},0,0,0,0,0,0,0,{"$f":"AP36-AP38","v":0},{"$f":"AQ36-AQ38","v":0},{"$f":"AR36-AR38","v":0},0,0,0,0,0,0,0,{"$f":"AZ36-AZ38","v":0},{"$f":"BA36-BA38","v":0},{"$f":"BB36-BB38","v":0},0,0,0,0,0,0,0,{"$f":"BJ36-BJ38","v":0},0,0,0,0,0,0,0,0,0,0,0,0,{"$f":"BW36-BW38","v":0},0,0,0,0,0,0,0,0,0,0,0,0,0,0,0,0,0,0,0,{"$f":"CQ36-CQ38","v":0},0]
[null,null,{"$f":"C29","v":"RSVA - Global Adjustment"},1589,{"$f":"E29","v":0},{"$f":"F29","v":0},{"$f":"G29","v":0},0,0,0,0,{"$f":"L29","v":0},{"$f":"M29","v":0},0,0,0,{"$f":"Q29","v":0},0,0,0,0,0,0,0,0,0,{"$f":"AA29","v":0},0,0,0,0,0,0,0,0,0,0,0,0,0,0,{"$f":"AP29","v":0},{"$f":"AQ29","v":0},{"$f":"AR29","v":0},0,0,0,0,0,0,0,0,0,0,{"$f":"BC29","v":0},0,0,0,0,0,0,0,0,0,{"$f":"BM29","v":0},0,0,0,0,0,0,0,0,0,{"$f":"BW29","v":0},0,0,0,0,0,0,0,0,0,0,0,0,{"$f":"CJ29","v":0},0,0,0,0,0,0,{"$f":"CQ29","v":0},0]
[]
[null,null,"Group 2 Accounts"]
[11,null,"Other Regulatory Assets - Sub-Account - OEB Cost Assessments",1508,null,null,null,null,{"$f":"E41+F41-G41+H41","v":0},null,null,null,null,{"$f":"J41+K41-L41+M41","v":0},{"$f":"I41","v":0},null,null,null,{"$f":"O41+P41-Q41+R41","v":0},{"$f":"N41","v":0},null,null,null,{"$f":"T41+U41-V41+W41","v":0},{"$f":"S41","v":0},null,null,null,{"$f":"Y41+Z41-AA41+AB41","v":0},{"$f":"X41","v":0},null,null,null,{"$f":"AD41+AE41-AF41+AG41","v":0},{"$f":"AC41","v":0},null,null,null,{"$f":"AI41+AJ41-AK41+AL41","v":0},{"$f":"AH41","v":0},null,null,null,{"$f":"AN41+AO41-AP41+AQ41","v":0},{"$f":"AM41","v":0},null,null,null,{"$f":"AS41+AT41-AU41+AV41","v":0},{"$f":"AR41","v":0},null,null,null,{"$f":"AX41+AY41-AZ41+BA41","v":0},{"$f":"AW41","v":0},null,null,null,{"$f":"BC41+BD41-BE41+SUM(BF41:BF41)","v":0},{"$f":"BB41","v":0},null,null,null,{"$f":"BH41+BI41-BJ41+BK41","v":0},{"$f":"BG41","v":0},null,null,null,{"$f":"BM41+BN41-BO41+SUM(BP41:BP41)","v":0},{"$f":"BL41","v":0},null,null,null,{"$f":"BR41+BS41-BT41+BU41","v":0},{"$f":"BQ41","v":0},null,null,null,null,null,null,{"$f":"BW41+BX41-BY41+SUM(BZ41:CC41)","v":0},{"$f":"BV41","v":0},null,null,null,{"$f":"CE41+CF41-CG41+CH41","v":0},null,null,{"$f":"CD41-CJ41","v":0},{"$f":"CI41-CK41","v":0},null,null,0,null,0]
[12,null,"Other Regulatory Assets - Sub-Account - Pension Contributions",1508,null,null,null,null,0,null,null,null,null,0,0,null,null,null,0,0,null,null,null,0,0,null,null,null,0,0,null,null,null,0,0,null,null,null,0,0,null,null,null,0,0,null,null,null,0,0,null,null,null,0,{"$f":"AW42","v":0},null,null,null,0,0,null,null,null,0,0,null,null,null,0,0,null,null,null,0,0,null,null,null,null,null,null,0,0,null,null,null,0,null,null,{"$f":"CD42-CJ42","v":0},{"$f":"CI42-CK42","v":0},null,null,0,null,0]
[13,null,"Other Regulatory Assets - Sub-Account - Deferred IFRS Transition Costs",1508,null,null,null,null,0,null,null,null,null,0,0,null,null,null,0,0,null,null,null,0,0,null,null,null,0,0,null,null,null,0,0,null,null,null,0,0,null,null,null,0,0,null,null,null,0,0,null,null,null,0,0,null,null,null,0,0,null,null,null,0,0,null,null,null,0,0,null,null,null,0,0,null,null,null,null,null,null,0,0,null,null,null,0,null,null,0,0,null,null,0,null,0]
[14,null,"Other Regulatory Assets - Sub-Account - Incremental Capital Charges",1508,null,null,null,null,null,null,null,null,null,null,null,null,null,null,null,null,null,null,null,null,null,null,null,null,null,null,null,null,null,null,null,null,null,null,null,null,null,null,null,null,0,null,null,null,{"$f":"AS44+AT44-AU44+AV44","v":0},{"$f":"AR44","v":0},null,null,null,{"$f":"AX44+AY44-AZ44+BA44","v":0},{"$f":"AW44","v":0},null,null,null,0,0,null,null,null,{"$f":"BH44+BI44-BJ44+BK44","v":0},0,null,null,null,0,0,null,null,null,0,0,null,null,null,null,null,null,0,0,null,null,null,0,null,null,0,0,null,null,0,null,0]
[15,null,"Other Regulatory Assets - Sub-Account - Financial Assistance Payment and Recovery Variance - Ontario Clean Energy Benefit Act8",1508,null,null,null,null,null,null,null,null,null,null,null,null,null,null,null,null,null,null,null,null,null,null,null,null,null,null,null,null,null,null,null,null,null,null,null,null,null,null,null,null,null,null,null,null,null,null,null,null,null,null,null,null,null,null,null,null,null,null,null,null,0,null,null,null,0,0,null,null,null,0,0,null,null,null,null,null,null,{"$f":"BW45+BX45-BY45+SUM(BZ45:CC45)","v":0},{"$f":"BV45","v":0},null,null,null,0,null,null,0,0,null,null,0,null,0]
[16,null,"Other Regulatory Assets - Sub-Account - Financial Assistance Payment and Recovery Carrying Charges",1508,null,null,null,null,null,null,null,null,null,null,null,null,null,null,null,null,null,null,null,null,null,null,null,null,null,null,null,null,null,null,null,null,null,null,null,null,null,null,null,null,null,null,null,null,null,null,null,null,null,null,null,null,null,null,null,null,null,null,null,null,0,null,null,null,0,0,null,null,null,0,0,null,null,null,null,null,null,{"$f":"BW46+BX46-BY46+SUM(BZ46:CC46)","v":0},{"$f":"BV46","v":0},null,null,null,0,null,null,0,0,null,null,0,null,0]
[17,null,"Other Regulatory Assets - Sub-Account - Other 4",1508,null,null,null,null,0,null,null,null,null,0,0,null,null,null,0,0,null,null,null,0,0,null,null,null,0,0,null,null,null,0,0,null,null,null,0,0,null,null,null,0,0,null,null,null,0,0,null,null,null,0,0,null,null,null,0,0,null,null,null,0,{"$f":"BG47","v":0},null,null,null,0,0,null,null,null,{"$f":"BR47+BS47-BT47+BU47","v":0},0,null,null,null,null,null,null,{"$f":"BW47+BX47-BY47+SUM(BZ47:CC47)","v":0},{"$f":"BV47","v":0},null,null,null,0,null,null,0,0,null,null,0,null,0]
[18,null,"Retail Cost Variance Account - Retail",1518,null,null,null,null,0,null,null,null,null,0,0,null,null,null,0,0,null,null,null,0,0,null,null,null,0,0,null,null,null,0,0,null,null,null,0,0,null,null,null,0,0,null,null,null,0,0,null,null,null,0,0,null,null,null,0,0,null,null,null,0,0,null,null,null,0,0,null,null,null,0,0,null,null,null,null,null,null,0,0,null,null,null,0,null,null,0,0,null,null,0,null,0]
[19,null,"Misc. Deferred Debits",1525,null,null,null,null,0,null,null,null,null,0,0,null,null,null,0,0,null,null,null,0,0,null,null,null,0,0,null,null,null,0,0,null,null,null,0,0,null,null,null,0,0,null,null,null,0,0,null,null,null,0,0,null,null,null,0,0,null,null,null,0,0,null,null,null,0,0,null,null,null,0,0,null,null,null,null,null,null,0,0,null,null,null,0,null,null,0,0,null,null,0,null,0]
[20,null,"Renewable Generation Connection Capital Deferral Account",1531,null,null,null,null,null,null,null,null,null,null,null,null,null,null,null,null,null,null,null,null,null,null,null,null,null,null,null,null,null,null,null,null,null,null,null,null,null,null,null,null,null,null,null,null,0,0,null,null,null,0,0,null,null,null,0,0,null,null,null,0,0,null,null,null,0,0,null,null,null,0,0,null,null,null,null,null,null,0,0,null,null,null,0,null,null,0,0,null,null,0,null,0]
[21,null,"Renewable Generation Connection OM&A Deferral Account",1532,null,null,null,null,null,null,null,null,null,null,null,null,null,null,null,null,null,null,null,null,null,null,null,null,null,null,null,null,null,null,null,null,null,null,null,null,null,null,null,null,null,null,null,null,0,0,null,null,null,0,0,null,null,null,0,0,null,null,null,0,0,null,null,null,0,0,null,null,null,0,0,null,null,null,null,null,null,0,0,null,null,null,0,null,null,0,0,null,null,0,null,0]
[22,null,"Renewable Generation Connection Funding Adder Deferral Account ",1533,null,null,null,null,null,null,null,null,null,null,null,null,null,null,null,null,null,null,null,null,null,null,null,null,null,null,null,null,null,null,null,null,null,null,null,null,null,null,null,null,null,null,null,null,0,0,null,null,null,0,0,null,null,null,0,0,null,null,null,0,0,null,null,null,0,0,null,null,null,0,0,null,null,null,null,null,null,0,0,null,null,null,0,null,null,0,0,null,null,0,null,0]
[23,null,"Smart Grid Capital Deferral Account",1534,null,null,null,null,null,null,null,null,null,null,null,null,null,null,null,null,null,null,null,null,null,null,null,null,null,null,null,null,null,null,null,null,null,null,null,null,null,null,null,null,null,null,null,null,0,0,null,null,null,0,0,null,null,null,0,0,null,null,null,0,0,null,null,null,0,0,null,null,null,0,0,null,null,null,null,null,null,0,0,null,null,null,0,null,null,0,0,null,null,0,null,0]
[24,null,"Smart Grid OM&A Deferral Account",1535,null,null,null,null,null,null,null,null,null,null,null,null,null,null,null,null,null,null,null,null,null,null,null,null,null,null,null,null,null,null,null,null,null,null,null,null,null,null,null,null,null,null,null,null,0,0,null,null,null,0,0,null,null,null,0,0,null,null,null,0,0,null,null,null,0,0,null,null,null,0,0,null,null,null,null,null,null,0,0,null,null,null,0,null,null,0,0,null,null,0,null,0]
[25,null,"Smart Grid Funding Adder Deferral Account",1536,null,null,null,null,null,null,null,null,null,null,null,null,null,null,null,null,null,null,null,null,null,null,null,null,null,null,null,null,null,null,null,null,null,null,null,null,null,null,null,null,null,null,null,null,0,0,null,null,null,0,0,null,null,null,0,0,null,null,null,0,0,null,null,null,0,0,null,null,null,0,0,null,null,null,null,null,null,0,0,null,null,null,0,null,null,0,0,null,null,0,null,0]
[26,null,"Retail Cost Variance Account - STR",1548,null,null,null,null,0,null,null,null,null,0,{"$f":"I56","v":0},null,null,null,0,0,null,null,null,0,{"$f":"S56","v":0},null,null,null,0,{"$f":"X56","v":0},null,null,null,0,{"$f":"AC56","v":0},null,null,null,0,{"$f":"AH56","v":0},null,null,null,0,{"$f":"AM56","v":0},null,null,null,0,0,null,null,null,0,0,null,null,null,0,0,null,null,null,0,0,null,null,null,0,0,null,null,null,0,0,null,null,null,null,null,null,0,0,null,null,null,0,null,null,0,0,null,null,0,null,0]
[27,null,"Board-Approved CDM Variance Account",1567,null,null,null,null,null,null,null,null,null,null,null,null,null,null,null,null,null,null,null,null,null,null,null,null,null,null,null,null,null,null,null,null,null,null,null,null,null,null,null,null,null,null,null,null,null,null,null,null,null,0,null,null,null,null,0,0,null,null,null,{"$f":"BH57+BI57-BJ57+BK57","v":0},0,null,null,null,0,0,null,null,null,{"$f":"BR57+BS57-BT57+BU57","v":0},0,null,null,null,null,null,null,{"$f":"BW57+BX57-BY57+SUM(BZ57:CC57)","v":0},{"$f":"BV57","v":0},null,null,null,{"$f":"CE57+CF57-CG57+CH57","v":0},null,null,0,0,null,null,0,null,0]
[28,null,"Extra-Ordinary Event Costs",1572,null,null,null,null,0,null,null,null,null,0,0,null,null,null,0,0,null,null,null,0,{"$f":"S58","v":0},null,null,null,0,{"$f":"X58","v":0},null,null,null,0,{"$f":"AC58","v":0},null,null,null,0,{"$f":"AH58","v":0},null,null,null,0,{"$f":"AM58","v":0},null,null,null,0,{"$f":"AR58","v":0},null,null,null,0,{"$f":"AW58","v":0},null,null,null,0,0,null,null,null,0,{"$f":"BG58","v":0},null,null,null,0,0,null,null,null,{"$f":"BR58+BS58-BT58+BU58","v":0},{"$f":"BQ58","v":0},null,null,null,null,null,null,{"$f":"BW58+BX58-BY58+SUM(BZ58:CC58)","v":0},{"$f":"BV58","v":0},null,null,null,{"$f":"CE58+CF58-CG58+CH58","v":0},null,null,0,0,null,null,0,null,0]
[29,null,"Deferred Rate Impact Amounts",1574,null,null,null,null,0,null,null,null,null,0,0,null,null,null,0,0,null,null,null,0,{"$f":"S59","v":0},null,null,null,0,{"$f":"X59","v":0},null,null,null,0,{"$f":"AC59","v":0},null,null,null,0,{"$f":"AH59","v":0},null,null,null,0,{"$f":"AM59","v":0},null,null,null,0,{"$f":"AR59","v":0},null,null,null,0,{"$f":"AW59","v":0},null,null,null,0,0,null,null,null,0,{"$f":"BG59","v":0},null,null,null,0,0,null,null,null,{"$f":"BR59+BS59-BT59+BU59","v":0},{"$f":"BQ59","v":0},null,null,null,null,null,null,0,0,null,null,null,{"$f":"CE59+CF59-CG59+CH59","v":0},null,null,0,0,null,null,0,null,0]
[30,null,"RSVA - One-time",1582,null,null,null,null,0,null,null,null,null,0,0,null,null,null,0,0,null,null,null,0,{"$f":"S60","v":0},null,null,null,0,{"$f":"X60","v":0},null,null,null,0,{"$f":"AC60","v":0},null,null,null,0,{"$f":"AH60","v":0},null,null,null,0,{"$f":"AM60","v":0},null,null,null,0,{"$f":"AR60","v":0},null,null,null,0,{"$f":"AW60","v":0},null,null,null,0,0,null,null,null,0,{"$f":"BG60","v":0},null,null,null,0,0,null,null,null,{"$f":"BR60+BS60-BT60+BU60","v":0},{"$f":"BQ60","v":0},null,null,null,null,null,null,0,0,null,null,null,{"$f":"CE60+CF60-CG60+CH60","v":0},null,null,0,0,null,null,0,null,0]
[31,null,"Other Deferred Credits",2425,null,null,null,null,0,null,null,null,null,0,0,null,null,null,0,0,null,null,null,0,{"$f":"S61","v":0},null,null,null,0,{"$f":"X61","v":0},null,null,null,0,{"$f":"AC61","v":0},null,null,null,0,{"$f":"AH61","v":0},null,null,null,0,{"$f":"AM61","v":0},null,null,null,0,{"$f":"AR61","v":0},null,null,null,0,{"$f":"AW61","v":0},null,null,null,0,0,null,null,null,0,{"$f":"BG61","v":0},null,null,null,0,0,null,null,null,{"$f":"BR61+BS61-BT61+BU61","v":0},{"$f":"BQ61","v":0},null,null,null,null,null,null,0,0,null,null,null,{"$f":"CE61+CF61-CG61+CH61","v":0},null,null,0,0,null,null,0,null,0]
[]
[null,null,"Group 2 Sub-Total",null,{"$f":"SUM(E41:E61)","v":0},0,0,0,0,0,0,{"$f":"SUM(L41:L61)","v":0},{"$f":"SUM(M41:M61)","v":0},{"$f":"SUM(N41:N61)","v":0},{"$f":"SUM(O41:O61)","v":0},0,0,0,0,0,0,0,0,0,{"$f":"SUM(Y41:Y61)","v":0},0,0,0,0,0,0,0,0,0,0,0,0,0,0,0,0,{"$f":"SUM(AP41:AP61)","v":0},{"$f":"SUM(AQ41:AQ61)","v":0},0,0,0,0,0,0,0,0,0,0,0,{"$f":"SUM(BC41:BC61)","v":0},0,0,0,0,0,0,0,0,0,{"$f":"SUM(BM41:BM61)","v":0},0,0,0,0,0,0,0,0,0,{"$f":"SUM(BW41:BW61)","v":0},0,0,0,0,0,0,0,0,0,0,0,0,{"$f":"SUM(CJ41:CJ61)","v":0},0,0,0,0,0,0,0,0]
[]
[32,null,"Deferred Payments in Lieu of Taxes",1562,null,null,null,null,{"$f":"E65+F65-G65+H65","v":0},null,null,null,null,{"$f":"J65+K65-L65+M65","v":0},{"$f":"I65","v":0},null,null,null,{"$f":"O65+P65-Q65+R65","v":0},{"$f":"N65","v":0},null,null,null,{"$f":"T65+U65-V65+W65","v":0},{"$f":"S65","v":0},null,null,null,{"$f":"Y65+Z65-AA65+AB65","v":0},{"$f":"X65","v":0},null,null,null,{"$f":"AD65+AE65-AF65+AG65","v":0},{"$f":"AC65","v":0},null,null,null,{"$f":"AI65+AJ65-AK65+AL65","v":0},{"$f":"AH65","v":0},null,null,null,{"$f":"AN65+AO65-AP65+AQ65","v":0},{"$f":"AM65","v":0},null,null,null,{"$f":"AS65+AT65-AU65+AV65","v":0},{"$f":"AR65","v":0},null,null,null,{"$f":"AX65+AY65-AZ65+BA65","v":0},{"$f":"AW65","v":0},null,null,null,{"$f":"BC65+BD65-BE65+SUM(BF65:BF65)","v":0},{"$f":"BB65","v":0},null,null,null,{"$f":"BH65+BI65-BJ65+BK65","v":0},{"$f":"BG65","v":0},null,null,null,{"$f":"BM65+BN65-BO65+SUM(BP65:BP65)","v":0},{"$f":"BL65","v":0},null,null,null,{"$f":"BR65+BS65-BT65+BU65","v":0},{"$f":"BQ65","v":0},null,null,null,null,null,null,{"$f":"BW65+BX65-BY65+SUM(BZ65:CC65)","v":0},{"$f":"BV65","v":0},null,null,null,{"$f":"CE65+CF65-CG65+CH65","v":0},null,null,{"$f":"CD65-CJ65","v":0},{"$f":"CI65-CK65","v":0},null,null,0,null,0]
[33,null,"PILs and Tax Variance for 2006 and Subsequent Years                                                                          (excludes sub-account and contra account below)",1592,null,null,null,null,{"$f":"E66+F66-G66+H66","v":0},null,null,null,null,{"$f":"J66+K66-L66+M66","v":0},{"$f":"I66","v":0},null,null,null,{"$f":"O66+P66-Q66+R66","v":0},{"$f":"N66","v":0},null,null,null,{"$f":"T66+U66-V66+W66","v":0},{"$f":"S66","v":0},null,null,null,{"$f":"Y66+Z66-AA66+AB66","v":0},{"$f":"X66","v":0},null,null,null,{"$f":"AD66+AE66-AF66+AG66","v":0},{"$f":"AC66","v":0},null,null,null,{"$f":"AI66+AJ66-AK66+AL66","v":0},{"$f":"AH66","v":0},null,null,null,{"$f":"AN66+AO66-AP66+AQ66","v":0},{"$f":"AM66","v":0},null,null,null,{"$f":"AS66+AT66-AU66+AV66","v":0},{"$f":"AR66","v":0},null,null,null,{"$f":"AX66+AY66-AZ66+BA66","v":0},{"$f":"AW66","v":0},null,null,null,{"$f":"BC66+BD66-BE66+SUM(BF66:BF66)","v":0},{"$f":"BB66","v":0},null,null,null,{"$f":"BH66+BI66-BJ66+BK66","v":0},{"$f":"BG66","v":0},null,null,null,{"$f":"BM66+BN66-BO66+SUM(BP66:BP66)","v":0},{"$f":"BL66","v":0},null,null,null,{"$f":"BR66+BS66-BT66+BU66","v":0},{"$f":"BQ66","v":0},null,null,null,null,null,null,{"$f":"BW66+BX66-BY66+SUM(BZ66:CC66)","v":0},{"$f":"BV66","v":0},null,null,null,{"$f":"CE66+CF66-CG66+CH66","v":0},null,null,{"$f":"CD66-CJ66","v":0},{"$f":"CI66-CK66","v":0},null,null,0,null,0]
[34,null,"PILs and Tax Variance for 2006 and Subsequent Years - Sub-Account HST/OVAT                          Input Tax Credits (ITCs)",1592,null,null,null,null,{"$f":"E67+F67-G67+H67","v":0},null,null,null,null,{"$f":"J67+K67-L67+M67","v":0},{"$f":"I67","v":0},null,null,null,{"$f":"O67+P67-Q67+R67","v":0},{"$f":"N67","v":0},null,null,null,{"$f":"T67+U67-V67+W67","v":0},{"$f":"S67","v":0},null,null,null,{"$f":"Y67+Z67-AA67+AB67","v":0},{"$f":"X67","v":0},null,null,null,{"$f":"AD67+AE67-AF67+AG67","v":0},{"$f":"AC67","v":0},null,null,null,{"$f":"AI67+AJ67-AK67+AL67","v":0},{"$f":"AH67","v":0},null,null,null,{"$f":"AN67+AO67-AP67+AQ67","v":0},{"$f":"AM67","v":0},null,null,null,{"$f":"AS67+AT67-AU67+AV67","v":0},{"$f":"AR67","v":0},null,null,null,{"$f":"AX67+AY67-AZ67+BA67","v":0},{"$f":"AW67","v":0},null,null,null,{"$f":"BC67+BD67-BE67+SUM(BF67:BF67)","v":0},{"$f":"BB67","v":0},null,null,null,{"$f":"BH67+BI67-BJ67+BK67","v":0},{"$f":"BG67","v":0},null,null,null,{"$f":"BM67+BN67-BO67+SUM(BP67:BP67)","v":0},{"$f":"BL67","v":0},null,null,null,{"$f":"BR67+BS67-BT67+BU67","v":0},{"$f":"BQ67","v":0},null,null,null,null,null,null,{"$f":"BW67+BX67-BY67+SUM(BZ67:CC67)","v":0},{"$f":"BV67","v":0},null,null,null,{"$f":"CE67+CF67-CG67+CH67","v":0},null,null,0,0,null,null,0,null,0]
[]
[null,null,"Total of Group 1 and Group 2 Accounts (including 1562 and 1592)",null,{"$f":"+E63+E36+E65+E66+E67","v":0},{"$f":"+F63+F36+F65+F66+F67","v":0},0,0,0,0,0,0,0,0,0,0,0,0,0,0,0,0,0,0,0,0,0,0,0,0,0,0,0,0,0,0,0,0,0,0,0,0,0,0,0,0,0,0,0,0,0,0,0,0,0,0,0,0,0,0,0,0,0,0,0,0,0,0,{"$f":"+BQ63+BQ36+BQ65+BQ66+BQ67","v":0},0,0,0,0,0,0,0,0,0,0,{"$f":"+CB63+CB36+CB65+CB66+CB67","v":0},0,0,0,0,0,0,0,0,0,0,0,0,0,0,0,0]
[]
[]
[35,null,"LRAM Variance Account",1568,null,null,null,null,null,null,null,null,null,null,null,null,null,null,null,null,null,null,null,null,null,null,null,null,null,null,null,null,null,null,null,null,null,null,null,null,null,null,null,null,null,null,null,null,null,null,null,null,null,null,null,null,null,null,{"$f":"BC72+BD72-BE72+SUM(BF72:BF72)","v":0},null,null,null,null,{"$f":"BH72+BI72-BJ72+BK72","v":0},{"$f":"BG72","v":0},null,null,null,{"$f":"BM72+BN72-BO72+SUM(BP72:BP72)","v":0},{"$f":"BL72","v":0},null,null,null,{"$f":"BR72+BS72-BT72+BU72","v":0},{"$f":"BQ72","v":0},null,null,null,null,null,null,{"$f":"BW72+BX72-BY72+SUM(BZ72:CC72)","v":0},{"$f":"BV72","v":0},null,null,null,{"$f":"CE72+CF72-CG72+CH72","v":0},null,null,{"$f":"CD72-CJ72","v":0},{"$f":"CI72-CK72","v":0},null,null,{"$f":"SUM(CL72:CO72)","v":0},null,0]
[]
[]
[null,null,"Total including Account 1568",null,{"$f":"E69+E72","v":0},{"$f":"F69+F72","v":0},0,0,0,0,0,0,0,0,0,0,0,0,0,0,0,0,0,0,0,0,0,0,0,0,0,0,0,0,0,0,0,0,0,0,0,0,0,0,0,0,0,0,0,0,0,0,0,0,0,0,0,0,0,0,0,0,0,0,0,0,0,0,{"$f":"BQ69+BQ72","v":0},0,0,0,0,0,0,0,0,0,0,0,0,0,0,0,0,0,0,0,0,0,0,0,0,0,0,0]
[]
[36,null,"Smart Meter Capital and Recovery Offset Variance - Sub-Account - Capital10",1555,null,null,null,null,{"$f":"E77+F77-G77+H77","v":0},null,null,null,null,{"$f":"J77+K77-L77+M77","v":0},{"$f":"I77","v":0},null,null,null,{"$f":"O77+P77-Q77+R77","v":0},{"$f":"N77","v":0},null,null,null,{"$f":"T77+U77-V77+W77","v":0},{"$f":"S77","v":0},null,null,null,{"$f":"Y77+Z77-AA77+AB77","v":0},{"$f":"X77","v":0},null,null,null,{"$f":"AD77+AE77-AF77+AG77","v":0},{"$f":"AC77","v":0},null,null,null,{"$f":"AI77+AJ77-AK77+AL77","v":0},{"$f":"AH77","v":0},null,null,null,{"$f":"AN77+AO77-AP77+AQ77","v":0},{"$f":"AM77","v":0},null,null,null,{"$f":"AS77+AT77-AU77+AV77","v":0},{"$f":"AR77","v":0},null,null,null,{"$f":"AX77+AY77-AZ77+BA77","v":0},{"$f":"AW77","v":0},null,null,null,{"$f":"BC77+BD77-BE77+SUM(BF77:BF77)","v":0},{"$f":"BB77","v":0},null,null,null,{"$f":"BH77+BI77-BJ77+BK77","v":0},{"$f":"BG77","v":0},null,null,null,{"$f":"BM77+BN77-BO77+SUM(BP77:BP77)","v":0},{"$f":"BL77","v":0},null,null,null,{"$f":"BR77+BS77-BT77+BU77","v":0},{"$f":"BQ77","v":0},null,null,null,null,null,null,{"$f":"BW77+BX77-BY77+SUM(BZ77:CC77)","v":0},{"$f":"BV77","v":0},null,null,null,{"$f":"CE77+CF77-CG77+CH77","v":0},null,null,{"$f":"CD77-CJ77","v":0},{"$f":"CI77-CK77","v":0},null,null,0,null,0]
[37,null,"Smart Meter Capital and Recovery Offset Variance - Sub-Account - Recoveries10",1555,null,null,null,null,{"$f":"E78+F78-G78+H78","v":0},null,null,null,null,{"$f":"J78+K78-L78+M78","v":0},{"$f":"I78","v":0},null,null,null,{"$f":"O78+P78-Q78+R78","v":0},{"$f":"N78","v":0},null,null,null,{"$f":"T78+U78-V78+W78","v":0},{"$f":"S78","v":0},null,null,null,{"$f":"Y78+Z78-AA78+AB78","v":0},{"$f":"X78","v":0},null,null,null,{"$f":"AD78+AE78-AF78+AG78","v":0},{"$f":"AC78","v":0},null,null,null,{"$f":"AI78+AJ78-AK78+AL78","v":0},{"$f":"AH78","v":0},null,null,null,{"$f":"AN78+AO78-AP78+AQ78","v":0},{"$f":"AM78","v":0},null,null,null,{"$f":"AS78+AT78-AU78+AV78","v":0},{"$f":"AR78","v":0},null,null,null,{"$f":"AX78+AY78-AZ78+BA78","v":0},{"$f":"AW78","v":0},null,null,null,{"$f":"BC78+BD78-BE78+SUM(BF78:BF78)","v":0},{"$f":"BB78","v":0},null,null,null,{"$f":"BH78+BI78-BJ78+BK78","v":0},{"$f":"BG78","v":0},null,null,null,{"$f":"BM78+BN78-BO78+SUM(BP78:BP78)","v":0},{"$f":"BL78","v":0},null,null,null,{"$f":"BR78+BS78-BT78+BU78","v":0},{"$f":"BQ78","v":0},null,null,null,null,null,null,{"$f":"BW78+BX78-BY78+SUM(BZ78:CC78)","v":0},{"$f":"BV78","v":0},null,null,null,{"$f":"CE78+CF78-CG78+CH78","v":0},null,null,{"$f":"CD78-CJ78","v":0},{"$f":"CI78-CK78","v":0},null,null,0,null,0]
[38,null,"Smart Meter Capital and Recovery Offset Variance - Sub-Account - Stranded Meter Costs10",1555,null,null,null,null,{"$f":"E79+F79-G79+H79","v":0},null,null,null,null,{"$f":"J79+K79-L79+M79","v":0},{"$f":"I79","v":0},null,null,null,{"$f":"O79+P79-Q79+R79","v":0},{"$f":"N79","v":0},null,null,null,{"$f":"T79+U79-V79+W79","v":0},{"$f":"S79","v":0},null,null,null,{"$f":"Y79+Z79-AA79+AB79","v":0},{"$f":"X79","v":0},null,null,null,{"$f":"AD79+AE79-AF79+AG79","v":0},{"$f":"AC79","v":0},null,null,null,{"$f":"AI79+AJ79-AK79+AL79","v":0},{"$f":"AH79","v":0},null,null,null,{"$f":"AN79+AO79-AP79+AQ79","v":0},{"$f":"AM79","v":0},null,null,null,{"$f":"AS79+AT79-AU79+AV79","v":0},{"$f":"AR79","v":0},null,null,null,{"$f":"AX79+AY79-AZ79+BA79","v":0},{"$f":"AW79","v":0},null,null,null,{"$f":"BC79+BD79-BE79+SUM(BF79:BF79)","v":0},{"$f":"BB79","v":0},null,null,null,{"$f":"BH79+BI79-BJ79+BK79","v":0},{"$f":"BG79","v":0},null,null,null,{"$f":"BM79+BN79-BO79+SUM(BP79:BP79)","v":0},{"$f":"BL79","v":0},null,null,null,{"$f":"BR79+BS79-BT79+BU79","v":0},{"$f":"BQ79","v":0},null,null,null,null,null,null,{"$f":"BW79+BX79-BY79+SUM(BZ79:CC79)","v":0},{"$f":"BV79","v":0},null,null,null,{"$f":"CE79+CF79-CG79+CH79","v":0},null,null,0,0,null,null,0,null,0]
[39,null,"Smart Meter OM&A Variance10",1556,null,null,null,null,{"$f":"E80+F80-G80+H80","v":0},null,null,null,null,{"$f":"J80+K80-L80+M80","v":0},{"$f":"I80","v":0},null,null,null,{"$f":"O80+P80-Q80+R80","v":0},{"$f":"N80","v":0},null,null,null,{"$f":"T80+U80-V80+W80","v":0},{"$f":"S80","v":0},null,null,null,{"$f":"Y80+Z80-AA80+AB80","v":0},{"$f":"X80","v":0},null,null,null,{"$f":"AD80+AE80-AF80+AG80","v":0},{"$f":"AC80","v":0},null,null,null,{"$f":"AI80+AJ80-AK80+AL80","v":0},{"$f":"AH80","v":0},null,null,null,{"$f":"AN80+AO80-AP80+AQ80","v":0},{"$f":"AM80","v":0},null,null,null,{"$f":"AS80+AT80-AU80+AV80","v":0},{"$f":"AR80","v":0},null,null,null,{"$f":"AX80+AY80-AZ80+BA80","v":0},{"$f":"AW80","v":0},null,null,null,{"$f":"BC80+BD80-BE80+SUM(BF80:BF80)","v":0},{"$f":"BB80","v":0},null,null,null,{"$f":"BH80+BI80-BJ80+BK80","v":0},{"$f":"BG80","v":0},null,null,null,{"$f":"BM80+BN80-BO80+SUM(BP80:BP80)","v":0},{"$f":"BL80","v":0},null,null,null,{"$f":"BR80+BS80-BT80+BU80","v":0},{"$f":"BQ80","v":0},null,null,null,null,null,null,{"$f":"BW80+BX80-BY80+SUM(BZ80:CC80)","v":0},{"$f":"BV80","v":0},null,null,null,{"$f":"CE80+CF80-CG80+CH80","v":0},null,null,0,0,null,null,0,null,0]
[]
[40,null,"IFRS-CGAAP Transition PP&E Amounts Balance + Return Component9",1575,null,null,null,null,null,null,null,null,null,null,null,null,null,null,null,null,null,null,null,null,null,null,null,null,null,null,null,null,null,null,null,null,null,null,null,null,null,null,null,null,null,null,null,null,null,null,null,null,null,null,null,null,null,null,null,null,null,null,null,null,null,null,null,null,null,null,null,null,null,null,null,null,null,null,null,null,null,{"$f":"BW82+BX82-BY82+SUM(BZ82:CC82)","v":0},{"$f":"BV82","v":0},null,null,null,{"$f":"CE82+CF82-CG82+CH82","v":0},null,null,{"$f":"CD82-CJ82","v":0},{"$f":"CI82-CK82","v":0},null,null,{"$f":"SUM(CL82:CO82)","v":0},null,{"$f":"CQ82-SUM(CD82,CI82)","v":0}]
[41,null,"Accounting Changes Under CGAAP Balance + Return Component9",1576,null,null,null,null,null,null,null,null,null,null,null,null,null,null,null,null,null,null,null,null,null,null,null,null,null,null,null,null,null,null,null,null,null,null,null,null,null,null,null,null,null,null,null,null,null,null,null,null,null,null,null,null,null,null,null,null,null,null,null,null,null,null,null,null,null,null,null,null,null,null,null,null,null,null,null,null,null,{"$f":"BW83+BX83-BY83+SUM(BZ83:CC83)","v":0},{"$f":"BV83","v":0},null,null,null,{"$f":"CE83+CF83-CG83+CH83","v":0},null,null,{"$f":"CD83-CJ83","v":0},{"$f":"CI83-CK83","v":0},null,null,{"$f":"SUM(CL83:CO83)","v":0},null,{"$f":"CQ83-SUM(CD83,CI83)","v":0}]
[]
[null,null,"The following is not included in the total claim but are included on a memo basis:"]
[42,null,"Deferred PILs Contra Account 5",1563,null,null,null,null,{"$f":"E86+F86-G86+H86","v":0},null,null,null,null,{"$f":"J86+K86-L86+M86","v":0},{"$f":"I86","v":0},null,null,null,{"$f":"O86+P86-Q86+R86","v":0},{"$f":"N86","v":0},null,null,null,{"$f":"T86+U86-V86+W86","v":0},{"$f":"S86","v":0},null,null,null,{"$f":"Y86+Z86-AA86+AB86","v":0},{"$f":"X86","v":0},null,null,null,{"$f":"AD86+AE86-AF86+AG86","v":0},{"$f":"AC86","v":0},null,null,null,{"$f":"AI86+AJ86-AK86+AL86","v":0},{"$f":"AH86","v":0},null,null,null,{"$f":"AN86+AO86-AP86+AQ86","v":0},{"$f":"AM86","v":0},null,null,null,{"$f":"AS86+AT86-AU86+AV86","v":0},{"$f":"AR86","v":0},null,null,null,{"$f":"AX86+AY86-AZ86+BA86","v":0},{"$f":"AW86","v":0},null,null,null,{"$f":"BC86+BD86-BE86+SUM(BF86:BF86)","v":0},{"$f":"BB86","v":0},null,null,null,{"$f":"BH86+BI86-BJ86+BK86","v":0},{"$f":"BG86","v":0},null,null,null,{"$f":"BM86+BN86-BO86+SUM(BP86:BP86)","v":0},{"$f":"BL86","v":0},null,null,null,{"$f":"BR86+BS86-BT86+BU86","v":0},{"$f":"BQ86","v":0},null,null,null,null,null,null,{"$f":"BW86+BX86-BY86+SUM(BZ86:CC86)","v":0},{"$f":"BV86","v":0},null,null,null,{"$f":"CE86+CF86-CG86+CH86","v":0},null,null,{"$f":"CD86-CJ86","v":0},{"$f":"CI86-CK86","v":0},null,null,0,null,0]
[43,null,"PILs and Tax Variance for 2006 and Subsequent Years -                                                                       Sub-Account HST/OVAT Contra Account",1592,null,null,null,null,{"$f":"E87+F87-G87+H87","v":0},null,null,null,null,{"$f":"J87+K87-L87+M87","v":0},{"$f":"I87","v":0},null,null,null,{"$f":"O87+P87-Q87+R87","v":0},{"$f":"N87","v":0},null,null,null,{"$f":"T87+U87-V87+W87","v":0},{"$f":"S87","v":0},null,null,null,{"$f":"Y87+Z87-AA87+AB87","v":0},{"$f":"X87","v":0},null,null,null,{"$f":"AD87+AE87-AF87+AG87","v":0},{"$f":"AC87","v":0},null,null,null,{"$f":"AI87+AJ87-AK87+AL87","v":0},{"$f":"AH87","v":0},null,null,null,{"$f":"AN87+AO87-AP87+AQ87","v":0},{"$f":"AM87","v":0},null,null,null,{"$f":"AS87+AT87-AU87+AV87","v":0},{"$f":"AR87","v":0},null,null,null,{"$f":"AX87+AY87-AZ87+BA87","v":0},{"$f":"AW87","v":0},null,null,null,{"$f":"BC87+BD87-BE87+SUM(BF87:BF87)","v":0},{"$f":"BB87","v":0},null,null,null,{"$f":"BH87+BI87-BJ87+BK87","v":0},{"$f":"BG87","v":0},null,null,null,{"$f":"BM87+BN87-BO87+SUM(BP87:BP87)","v":0},{"$f":"BL87","v":0},null,null,null,{"$f":"BR87+BS87-BT87+BU87","v":0},{"$f":"BQ87","v":0},null,null,null,null,null,null,{"$f":"BW87+BX87-BY87+SUM(BZ87:CC87)","v":0},{"$f":"BV87","v":0},null,null,null,{"$f":"CE87+CF87-CG87+CH87","v":0},null,null,{"$f":"CD87-CJ87","v":0},{"$f":"CI87-CK87","v":0},null,null,0,null,0]
[44,null,"Disposition and Recovery of Regulatory Balances7",1595,null,null,null,null,{"$f":"E88+F88-G88+H88","v":0},null,null,null,null,{"$f":"J88+K88-L88+M88","v":0},{"$f":"I88","v":0},null,null,null,{"$f":"O88+P88-Q88+R88","v":0},{"$f":"N88","v":0},null,null,null,{"$f":"T88+U88-V88+W88","v":0},{"$f":"S88","v":0},null,null,null,{"$f":"Y88+Z88-AA88+AB88","v":0},{"$f":"X88","v":0},null,null,null,{"$f":"AD88+AE88-AF88+AG88","v":0},{"$f":"AC88","v":0},null,null,null,{"$f":"AI88+AJ88-AK88+AL88","v":0},{"$f":"AH88","v":0},null,null,null,{"$f":"AN88+AO88-AP88+AQ88","v":0},{"$f":"AM88","v":0},null,null,null,{"$f":"AS88+AT88-AU88+AV88","v":0},{"$f":"AR88","v":0},null,null,null,{"$f":"AX88+AY88-AZ88+BA88","v":0},{"$f":"AW88","v":0},null,null,null,{"$f":"BC88+BD88-BE88+SUM(BF88:BF88)","v":0},{"$f":"BB88","v":0},null,null,null,{"$f":"BH88+BI88-BJ88+BK88","v":0},{"$f":"BG88","v":0},null,null,null,{"$f":"BM88+BN88-BO88+SUM(BP88:BP88)","v":0},{"$f":"BL88","v":0},null,null,null,{"$f":"BR88+BS88-BT88+BU88","v":0},{"$f":"BQ88","v":0},null,null,null,null,null,null,{"$f":"BW88+BX88-BY88+SUM(BZ88:CC88)","v":0},{"$f":"BV88","v":0},null,null,null,{"$f":"CE88+CF88-CG88+CH88","v":0},null,null,{"$f":"CD88-CJ88","v":0},{"$f":"CI88-CK88","v":0},null,null,0,null,0]
[]
[]
[null,null,"For all Board-Approved dispositions, please ensure that the disposition amount has the same sign (e.g: debit balances are to have a positive figure and credit balance are to have a negative figure) as per the related Board decision."]
[null,1,"Provide supporting statement indicating whether due to denial of costs in 2006 EDR by the Board, 10% transition costs write-off, etc."]
[null,"1A","Adjustments Instructed by the Board include deferral/variance account balances moved to Account 1590 as a result of the 2006 EDR and account 1595 during the 2008 EDR and subsequent years as ordered by the Board."]
[null,2,"Please provide explanations for the nature of the adjustments.  If the adjustment relates to previously Board Approved disposed balances, please provide amounts for adjustments and include supporting documentations."]
[null,3,"For RSVA accounts only, report the net variance to the account during the year.  For all other accounts, record the transactions during the year."]
[null,4,"Please describe \"other\" components of 1508 and add more component lines if necessary."]
[null,5,"1563 is a contra-account and is not included in the total but is shown on a memo basis.  Account 1562 establishes the obligation to the ratepayer."]
[null,6,"If the LDC’s 2013 rate year begins January 1, 2013, the projected interest is recorded from January 1, 2012 to December 31, 2012 on the December 31, 2011 balance adjusted for the disposed balances approved by the Board in the 2012 rate decision.  If the LDC’s 2013 rate year begins May 1, 2013 the projected interest is recorded from January 1, 2012 to April 30, 2013 on the December 31, 2011 balance adjusted for the disposed balances approved by the Board in the 2012 rate decision."]
[]
[]
[null,7,"Include Account 1595 as part of Group 1 accounts (lines 31, 32, 33 and 34) for review and disposition if the recovery (or refund) period has been completed. If the recovery (or refund) period has not been completed, include the"]
[null,null,"balances in Account 1595 on a memo basis only (line 85)."]
[null,8,"As per the January 6, 2011 Letter from the Board, regarding the implementation of the Ontario Clean Energy Benefit:"]
[null,null,"\"By way of exception... The Board does acticipate that licensed distributors that cannot adapt their invoices as of January 1, 2011 will require a variance account for OCEB purposes... The Board expects that any principal"]
[null,null,"balances in \"Sub account Financial Assistance Payment and Recovery Variance - Ontario Clean Energy Benefit Act\" will be addressed through the monthly settlement process with the IESO or the host distributor, as applicable."]
[null,9,"The Board requires that disposition of Account 1575 and Account 1576 shall require the use of separate rate riders. In the \"Other Adjustments during Q4 2012\" column of the continuity schedule, please enter the amounts to be included in the Account 1575 and 1576 rate rider calculation from the applicable Chapter 2 appendices. For Account 1575, please provide the value in cell F39 from the relevant Chapter 2 Appendix (i.e. 2-EA, 2-EB or 2-EC). For Account 1576, please provide the value in cell F39 from the relevant Chapter 2 Appendix (i.e. 2-ED or 2-EE)."]
[null,10,"Deferral accounts related to Smart Meter deployment are not to be recovered/refunded through the Deferral and Variance Account rate rider. For details on how to dispose of balances in Smart Meter accounts see the Board's "]
[null,null,"Guideline: Smart Meter Disposition and Cost Recovery (G-2011-0001)"]

{"sheet":"3. Appendix A","index":2,"n_rows":69,"n_cols":6,"rows_kept":69,"cut":false,"hidden":false,"merged":[[19,4,21,4],[19,5,21,5],[19,2,21,2],[19,3,21,3],[15,1,15,4]]}
[]
[]
[]
[]
[]
[]
[]
[]
[]
[]
[]
[]
[]
[]
[]
[null,"Accounts that produced a variance on the 2014 continuity schedule are listed below.  \nPlease provide a detailed explanation for each variance below.\n"]
[]
[]
[]
[null,null,"Account Descriptions","Account Number","Variance                           RRR vs. 2012 Balance                        (Principal + Interest)","Explanation"]
[]
[]
[null,null,"Group 1 Accounts"]
[1,null,"LV Variance Account",1550,{"$f":"IF(ISERROR(VLOOKUP($A24, '2. 2013 Continuity Schedule'!$A$20:$CR$90, MATCH('3. Appendix A'!$E$20, '2. 2013 Continuity Schedule'!$A$20:$CR$20,0),FALSE)), 0, VLOOKUP($A24, '2. 2013 Continuity Schedule'!$A$20:$CR$90, MATCH('3. Appendix A'!$E$20, '2. 2013 Continuity Schedule'!$A$20:$CR$20,0),FALSE))","v":0}]
[2,null,"RSVA - Wholesale Market Service Charge",1580,{"$f":"IF(ISERROR(VLOOKUP($A25, '2. 2013 Continuity Schedule'!$A$20:$CR$90, MATCH('3. Appendix A'!$E$20, '2. 2013 Continuity Schedule'!$A$20:$CR$20,0),FALSE)), 0, VLOOKUP($A25, '2. 2013 Continuity Schedule'!$A$20:$CR$90, MATCH('3. Appendix A'!$E$20, '2. 2013 Continuity Schedule'!$A$20:$CR$20,0),FALSE))","v":0}]
[3,null,"RSVA - Retail Transmission Network Charge",1584,{"$f":"IF(ISERROR(VLOOKUP($A26, '2. 2013 Continuity Schedule'!$A$20:$CR$90, MATCH('3. Appendix A'!$E$20, '2. 2013 Continuity Schedule'!$A$20:$CR$20,0),FALSE)), 0, VLOOKUP($A26, '2. 2013 Continuity Schedule'!$A$20:$CR$90, MATCH('3. Appendix A'!$E$20, '2. 2013 Continuity Schedule'!$A$20:$CR$20,0),FALSE))","v":0}]
[4,null,"RSVA - Retail Transmission Connection Charge",1586,{"$f":"IF(ISERROR(VLOOKUP($A27, '2. 2013 Continuity Schedule'!$A$20:$CR$90, MATCH('3. Appendix A'!$E$20, '2. 2013 Continuity Schedule'!$A$20:$CR$20,0),FALSE)), 0, VLOOKUP($A27, '2. 2013 Continuity Schedule'!$A$20:$CR$90, MATCH('3. Appendix A'!$E$20, '2. 2013 Continuity Schedule'!$A$20:$CR$20,0),FALSE))","v":0}]
[5,null,"RSVA - Power (excluding Global Adjustment)",1588,{"$f":"IF(ISERROR(VLOOKUP($A28, '2. 2013 Continuity Schedule'!$A$20:$CR$90, MATCH('3. Appendix A'!$E$20, '2. 2013 Continuity Schedule'!$A$20:$CR$20,0),FALSE)), 0, VLOOKUP($A28, '2. 2013 Continuity Schedule'!$A$20:$CR$90, MATCH('3. Appendix A'!$E$20, '2. 2013 Continuity Schedule'!$A$20:$CR$20,0),FALSE))","v":0}]
[6,null,"RSVA - Global Adjustment",1589,{"$f":"IF(ISERROR(VLOOKUP($A29, '2. 2013 Continuity Schedule'!$A$20:$CR$90, MATCH('3. Appendix A'!$E$20, '2. 2013 Continuity Schedule'!$A$20:$CR$20,0),FALSE)), 0, VLOOKUP($A29, '2. 2013 Continuity Schedule'!$A$20:$CR$90, MATCH('3. Appendix A'!$E$20, '2. 2013 Continuity Schedule'!$A$20:$CR$20,0),FALSE))","v":0}]
[7,null,"Recovery of Regulatory Asset Balances",1590,{"$f":"IF(ISERROR(VLOOKUP($A30, '2. 2013 Continuity Schedule'!$A$20:$CR$90, MATCH('3. Appendix A'!$E$20, '2. 2013 Continuity Schedule'!$A$20:$CR$20,0),FALSE)), 0, VLOOKUP($A30, '2. 2013 Continuity Schedule'!$A$20:$CR$90, MATCH('3. Appendix A'!$E$20, '2. 2013 Continuity Schedule'!$A$20:$CR$20,0),FALSE))","v":0}]
[8,null,"Disposition and Recovery/Refund of Regulatory Balances (2008)7",1595,{"$f":"IF(ISERROR(VLOOKUP($A31, '2. 2013 Continuity Schedule'!$A$20:$CR$90, MATCH('3. Appendix A'!$E$20, '2. 2013 Continuity Schedule'!$A$20:$CR$20,0),FALSE)), 0, VLOOKUP($A31, '2. 2013 Continuity Schedule'!$A$20:$CR$90, MATCH('3. Appendix A'!$E$20, '2. 2013 Continuity Schedule'!$A$20:$CR$20,0),FALSE))","v":0}]
[9,null,"Disposition and Recovery/Refund of Regulatory Balances (2009)7",1595,{"$f":"IF(ISERROR(VLOOKUP($A32, '2. 2013 Continuity Schedule'!$A$20:$CR$90, MATCH('3. Appendix A'!$E$20, '2. 2013 Continuity Schedule'!$A$20:$CR$20,0),FALSE)), 0, VLOOKUP($A32, '2. 2013 Continuity Schedule'!$A$20:$CR$90, MATCH('3. Appendix A'!$E$20, '2. 2013 Continuity Schedule'!$A$20:$CR$20,0),FALSE))","v":0}]
[9,null,"Disposition and Recovery/Refund of Regulatory Balances (2010)7",1595,{"$f":"IF(ISERROR(VLOOKUP($A33, '2. 2013 Continuity Schedule'!$A$20:$CR$90, MATCH('3. Appendix A'!$E$20, '2. 2013 Continuity Schedule'!$A$20:$CR$20,0),FALSE)), 0, VLOOKUP($A33, '2. 2013 Continuity Schedule'!$A$20:$CR$90, MATCH('3. Appendix A'!$E$20, '2. 2013 Continuity Schedule'!$A$20:$CR$20,0),FALSE))","v":0}]
[10,null,"Disposition and Recovery/Refund of Regulatory Balances (2011)7",1595,{"$f":"IF(ISERROR(VLOOKUP($A34, '2. 2013 Continuity Schedule'!$A$20:$CR$90, MATCH('3. Appendix A'!$E$20, '2. 2013 Continuity Schedule'!$A$20:$CR$20,0),FALSE)), 0, VLOOKUP($A34, '2. 2013 Continuity Schedule'!$A$20:$CR$90, MATCH('3. Appendix A'!$E$20, '2. 2013 Continuity Schedule'!$A$20:$CR$20,0),FALSE))","v":0}]
[null,null,"Group 2 Accounts"]
[11,null,"Other Regulatory Assets - Sub-Account - OEB Cost Assessments",1508,{"$f":"IF(ISERROR(VLOOKUP($A36, '2. 2013 Continuity Schedule'!$A$20:$CR$90, MATCH('3. Appendix A'!$E$20, '2. 2013 Continuity Schedule'!$A$20:$CR$20,0),FALSE)), 0, VLOOKUP($A36, '2. 2013 Continuity Schedule'!$A$20:$CR$90, MATCH('3. Appendix A'!$E$20, '2. 2013 Continuity Schedule'!$A$20:$CR$20,0),FALSE))","v":0}]
[12,null,"Other Regulatory Assets - Sub-Account - Pension Contributions",1508,{"$f":"IF(ISERROR(VLOOKUP($A37, '2. 2013 Continuity Schedule'!$A$20:$CR$90, MATCH('3. Appendix A'!$E$20, '2. 2013 Continuity Schedule'!$A$20:$CR$20,0),FALSE)), 0, VLOOKUP($A37, '2. 2013 Continuity Schedule'!$A$20:$CR$90, MATCH('3. Appendix A'!$E$20, '2. 2013 Continuity Schedule'!$A$20:$CR$20,0),FALSE))","v":0}]
[13,null,"Other Regulatory Assets - Sub-Account - Deferred IFRS Transition Costs",1508,{"$f":"IF(ISERROR(VLOOKUP($A38, '2. 2013 Continuity Schedule'!$A$20:$CR$90, MATCH('3. Appendix A'!$E$20, '2. 2013 Continuity Schedule'!$A$20:$CR$20,0),FALSE)), 0, VLOOKUP($A38, '2. 2013 Continuity Schedule'!$A$20:$CR$90, MATCH('3. Appendix A'!$E$20, '2. 2013 Continuity Schedule'!$A$20:$CR$20,0),FALSE))","v":0}]
[14,null,"Other Regulatory Assets - Sub-Account - Incremental Capital Charges",1508,{"$f":"IF(ISERROR(VLOOKUP($A39, '2. 2013 Continuity Schedule'!$A$20:$CR$90, MATCH('3. Appendix A'!$E$20, '2. 2013 Continuity Schedule'!$A$20:$CR$20,0),FALSE)), 0, VLOOKUP($A39, '2. 2013 Continuity Schedule'!$A$20:$CR$90, MATCH('3. Appendix A'!$E$20, '2. 2013 Continuity Schedule'!$A$20:$CR$20,0),FALSE))","v":0}]
[15,null,"Other Regulatory Assets - Sub-Account - Financial Assistance Payment and Recovery Variance - Ontario Clean Energy Benefit Act8",1508,{"$f":"IF(ISERROR(VLOOKUP($A40, '2. 2013 Continuity Schedule'!$A$20:$CR$90, MATCH('3. Appendix A'!$E$20, '2. 2013 Continuity Schedule'!$A$20:$CR$20,0),FALSE)), 0, VLOOKUP($A40, '2. 2013 Continuity Schedule'!$A$20:$CR$90, MATCH('3. Appendix A'!$E$20, '2. 2013 Continuity Schedule'!$A$20:$CR$20,0),FALSE))","v":0}]
[16,null,"Other Regulatory Assets - Sub-Account - Financial Assistance Payment and Recovery Carrying Charges",1508,{"$f":"IF(ISERROR(VLOOKUP($A41, '2. 2013 Continuity Schedule'!$A$20:$CR$90, MATCH('3. Appendix A'!$E$20, '2. 2013 Continuity Schedule'!$A$20:$CR$20,0),FALSE)), 0, VLOOKUP($A41, '2. 2013 Continuity Schedule'!$A$20:$CR$90, MATCH('3. Appendix A'!$E$20, '2. 2013 Continuity Schedule'!$A$20:$CR$20,0),FALSE))","v":0}]
[17,null,"Other Regulatory Assets - Sub-Account - Other 4",1508,{"$f":"IF(ISERROR(VLOOKUP($A42, '2. 2013 Continuity Schedule'!$A$20:$CR$90, MATCH('3. Appendix A'!$E$20, '2. 2013 Continuity Schedule'!$A$20:$CR$20,0),FALSE)), 0, VLOOKUP($A42, '2. 2013 Continuity Schedule'!$A$20:$CR$90, MATCH('3. Appendix A'!$E$20, '2. 2013 Continuity Schedule'!$A$20:$CR$20,0),FALSE))","v":0}]
[18,null,"Retail Cost Variance Account - Retail",1518,{"$f":"IF(ISERROR(VLOOKUP($A43, '2. 2013 Continuity Schedule'!$A$20:$CR$90, MATCH('3. Appendix A'!$E$20, '2. 2013 Continuity Schedule'!$A$20:$CR$20,0),FALSE)), 0, VLOOKUP($A43, '2. 2013 Continuity Schedule'!$A$20:$CR$90, MATCH('3. Appendix A'!$E$20, '2. 2013 Continuity Schedule'!$A$20:$CR$20,0),FALSE))","v":0}]
[19,null,"Misc. Deferred Debits",1525,{"$f":"IF(ISERROR(VLOOKUP($A44, '2. 2013 Continuity Schedule'!$A$20:$CR$90, MATCH('3. Appendix A'!$E$20, '2. 2013 Continuity Schedule'!$A$20:$CR$20,0),FALSE)), 0, VLOOKUP($A44, '2. 2013 Continuity Schedule'!$A$20:$CR$90, MATCH('3. Appendix A'!$E$20, '2. 2013 Continuity Schedule'!$A$20:$CR$20,0),FALSE))","v":0}]
[20,null,"Renewable Generation Connection Capital Deferral Account",1531,{"$f":"IF(ISERROR(VLOOKUP($A45, '2. 2013 Continuity Schedule'!$A$20:$CR$90, MATCH('3. Appendix A'!$E$20, '2. 2013 Continuity Schedule'!$A$20:$CR$20,0),FALSE)), 0, VLOOKUP($A45, '2. 2013 Continuity Schedule'!$A$20:$CR$90, MATCH('3. Appendix A'!$E$20, '2. 2013 Continuity Schedule'!$A$20:$CR$20,0),FALSE))","v":0}]
[21,null,"Renewable Generation Connection OM&A Deferral Account",1532,{"$f":"IF(ISERROR(VLOOKUP($A46, '2. 2013 Continuity Schedule'!$A$20:$CR$90, MATCH('3. Appendix A'!$E$20, '2. 2013 Continuity Schedule'!$A$20:$CR$20,0),FALSE)), 0, VLOOKUP($A46, '2. 2013 Continuity Schedule'!$A$20:$CR$90, MATCH('3. Appendix A'!$E$20, '2. 2013 Continuity Schedule'!$A$20:$CR$20,0),FALSE))","v":0}]
[22,null,"Renewable Generation Connection Funding Adder Deferral Account ",1533,{"$f":"IF(ISERROR(VLOOKUP($A47, '2. 2013 Continuity Schedule'!$A$20:$CR$90, MATCH('3. Appendix A'!$E$20, '2. 2013 Continuity Schedule'!$A$20:$CR$20,0),FALSE)), 0, VLOOKUP($A47, '2. 2013 Continuity Schedule'!$A$20:$CR$90, MATCH('3. Appendix A'!$E$20, '2. 2013 Continuity Schedule'!$A$20:$CR$20,0),FALSE))","v":0}]
[23,null,"Smart Grid Capital Deferral Account",1534,{"$f":"IF(ISERROR(VLOOKUP($A48, '2. 2013 Continuity Schedule'!$A$20:$CR$90, MATCH('3. Appendix A'!$E$20, '2. 2013 Continuity Schedule'!$A$20:$CR$20,0),FALSE)), 0, VLOOKUP($A48, '2. 2013 Continuity Schedule'!$A$20:$CR$90, MATCH('3. Appendix A'!$E$20, '2. 2013 Continuity Schedule'!$A$20:$CR$20,0),FALSE))","v":0}]
[24,null,"Smart Grid OM&A Deferral Account",1535,{"$f":"IF(ISERROR(VLOOKUP($A49, '2. 2013 Continuity Schedule'!$A$20:$CR$90, MATCH('3. Appendix A'!$E$20, '2. 2013 Continuity Schedule'!$A$20:$CR$20,0),FALSE)), 0, VLOOKUP($A49, '2. 2013 Continuity Schedule'!$A$20:$CR$90, MATCH('3. Appendix A'!$E$20, '2. 2013 Continuity Schedule'!$A$20:$CR$20,0),FALSE))","v":0}]
[25,null,"Smart Grid Funding Adder Deferral Account",1536,{"$f":"IF(ISERROR(VLOOKUP($A50, '2. 2013 Continuity Schedule'!$A$20:$CR$90, MATCH('3. Appendix A'!$E$20, '2. 2013 Continuity Schedule'!$A$20:$CR$20,0),FALSE)), 0, VLOOKUP($A50, '2. 2013 Continuity Schedule'!$A$20:$CR$90, MATCH('3. Appendix A'!$E$20, '2. 2013 Continuity Schedule'!$A$20:$CR$20,0),FALSE))","v":0}]
[26,null,"Retail Cost Variance Account - STR",1548,{"$f":"IF(ISERROR(VLOOKUP($A51, '2. 2013 Continuity Schedule'!$A$20:$CR$90, MATCH('3. Appendix A'!$E$20, '2. 2013 Continuity Schedule'!$A$20:$CR$20,0),FALSE)), 0, VLOOKUP($A51, '2. 2013 Continuity Schedule'!$A$20:$CR$90, MATCH('3. Appendix A'!$E$20, '2. 2013 Continuity Schedule'!$A$20:$CR$20,0),FALSE))","v":0}]
[27,null,"Board-Approved CDM Variance Account",1567,{"$f":"IF(ISERROR(VLOOKUP($A52, '2. 2013 Continuity Schedule'!$A$20:$CR$90, MATCH('3. Appendix A'!$E$20, '2. 2013 Continuity Schedule'!$A$20:$CR$20,0),FALSE)), 0, VLOOKUP($A52, '2. 2013 Continuity Schedule'!$A$20:$CR$90, MATCH('3. Appendix A'!$E$20, '2. 2013 Continuity Schedule'!$A$20:$CR$20,0),FALSE))","v":0}]
[28,null,"Extra-Ordinary Event Costs",1572,{"$f":"IF(ISERROR(VLOOKUP($A53, '2. 2013 Continuity Schedule'!$A$20:$CR$90, MATCH('3. Appendix A'!$E$20, '2. 2013 Continuity Schedule'!$A$20:$CR$20,0),FALSE)), 0, VLOOKUP($A53, '2. 2013 Continuity Schedule'!$A$20:$CR$90, MATCH('3. Appendix A'!$E$20, '2. 2013 Continuity Schedule'!$A$20:$CR$20,0),FALSE))","v":0}]
[29,null,"Deferred Rate Impact Amounts",1574,{"$f":"IF(ISERROR(VLOOKUP($A54, '2. 2013 Continuity Schedule'!$A$20:$CR$90, MATCH('3. Appendix A'!$E$20, '2. 2013 Continuity Schedule'!$A$20:$CR$20,0),FALSE)), 0, VLOOKUP($A54, '2. 2013 Continuity Schedule'!$A$20:$CR$90, MATCH('3. Appendix A'!$E$20, '2. 2013 Continuity Schedule'!$A$20:$CR$20,0),FALSE))","v":0}]
[30,null,"RSVA - One-time",1582,{"$f":"IF(ISERROR(VLOOKUP($A55, '2. 2013 Continuity Schedule'!$A$20:$CR$90, MATCH('3. Appendix A'!$E$20, '2. 2013 Continuity Schedule'!$A$20:$CR$20,0),FALSE)), 0, VLOOKUP($A55, '2. 2013 Continuity Schedule'!$A$20:$CR$90, MATCH('3. Appendix A'!$E$20, '2. 2013 Continuity Schedule'!$A$20:$CR$20,0),FALSE))","v":0}]
[31,null,"Other Deferred Credits",2425,{"$f":"IF(ISERROR(VLOOKUP($A56, '2. 2013 Continuity Schedule'!$A$20:$CR$90, MATCH('3. Appendix A'!$E$20, '2. 2013 Continuity Schedule'!$A$20:$CR$20,0),FALSE)), 0, VLOOKUP($A56, '2. 2013 Continuity Schedule'!$A$20:$CR$90, MATCH('3. Appendix A'!$E$20, '2. 2013 Continuity Schedule'!$A$20:$CR$20,0),FALSE))","v":0}]
[32,null,"Deferred Payments in Lieu of Taxes",1562,{"$f":"IF(ISERROR(VLOOKUP($A57, '2. 2013 Continuity Schedule'!$A$20:$CR$90, MATCH('3. Appendix A'!$E$20, '2. 2013 Continuity Schedule'!$A$20:$CR$20,0),FALSE)), 0, VLOOKUP($A57, '2. 2013 Continuity Schedule'!$A$20:$CR$90, MATCH('3. Appendix A'!$E$20, '2. 2013 Continuity Schedule'!$A$20:$CR$20,0),FALSE))","v":0}]
[33,null,"PILs and Tax Variance for 2006 and Subsequent Years                                                                          (excludes sub-account and contra account below)",1592,{"$f":"IF(ISERROR(VLOOKUP($A58, '2. 2013 Continuity Schedule'!$A$20:$CR$90, MATCH('3. Appendix A'!$E$20, '2. 2013 Continuity Schedule'!$A$20:$CR$20,0),FALSE)), 0, VLOOKUP($A58, '2. 2013 Continuity Schedule'!$A$20:$CR$90, MATCH('3. Appendix A'!$E$20, '2. 2013 Continuity Schedule'!$A$20:$CR$20,0),FALSE))","v":0}]
[34,null,"PILs and Tax Variance for 2006 and Subsequent Years - Sub-Account HST/OVAT                          Input Tax Credits (ITCs)",1592,{"$f":"IF(ISERROR(VLOOKUP($A59, '2. 2013 Continuity Schedule'!$A$20:$CR$90, MATCH('3. Appendix A'!$E$20, '2. 2013 Continuity Schedule'!$A$20:$CR$20,0),FALSE)), 0, VLOOKUP($A59, '2. 2013 Continuity Schedule'!$A$20:$CR$90, MATCH('3. Appendix A'!$E$20, '2. 2013 Continuity Schedule'!$A$20:$CR$20,0),FALSE))","v":0}]
[35,null,"LRAM Variance Account",1568,{"$f":"IF(ISERROR(VLOOKUP($A60, '2. 2013 Continuity Schedule'!$A$20:$CR$90, MATCH('3. Appendix A'!$E$20, '2. 2013 Continuity Schedule'!$A$20:$CR$20,0),FALSE)), 0, VLOOKUP($A60, '2. 2013 Continuity Schedule'!$A$20:$CR$90, MATCH('3. Appendix A'!$E$20, '2. 2013 Continuity Schedule'!$A$20:$CR$20,0),FALSE))","v":0}]
[36,null,"Smart Meter Capital and Recovery Offset Variance - Sub-Account - Capital10",1555,{"$f":"IF(ISERROR(VLOOKUP($A61, '2. 2013 Continuity Schedule'!$A$20:$CR$90, MATCH('3. Appendix A'!$E$20, '2. 2013 Continuity Schedule'!$A$20:$CR$20,0),FALSE)), 0, VLOOKUP($A61, '2. 2013 Continuity Schedule'!$A$20:$CR$90, MATCH('3. Appendix A'!$E$20, '2. 2013 Continuity Schedule'!$A$20:$CR$20,0),FALSE))","v":0}]
[37,null,"Smart Meter Capital and Recovery Offset Variance - Sub-Account - Recoveries10",1555,{"$f":"IF(ISERROR(VLOOKUP($A62, '2. 2013 Continuity Schedule'!$A$20:$CR$90, MATCH('3. Appendix A'!$E$20, '2. 2013 Continuity Schedule'!$A$20:$CR$20,0),FALSE)), 0, VLOOKUP($A62, '2. 2013 Continuity Schedule'!$A$20:$CR$90, MATCH('3. Appendix A'!$E$20, '2. 2013 Continuity Schedule'!$A$20:$CR$20,0),FALSE))","v":0}]
[38,null,"Smart Meter Capital and Recovery Offset Variance - Sub-Account - Stranded Meter Costs10",1555,{"$f":"IF(ISERROR(VLOOKUP($A63, '2. 2013 Continuity Schedule'!$A$20:$CR$90, MATCH('3. Appendix A'!$E$20, '2. 2013 Continuity Schedule'!$A$20:$CR$20,0),FALSE)), 0, VLOOKUP($A63, '2. 2013 Continuity Schedule'!$A$20:$CR$90, MATCH('3. Appendix A'!$E$20, '2. 2013 Continuity Schedule'!$A$20:$CR$20,0),FALSE))","v":0}]
[39,null,"Smart Meter OM&A Variance10",1556,{"$f":"IF(ISERROR(VLOOKUP($A64, '2. 2013 Continuity Schedule'!$A$20:$CR$90, MATCH('3. Appendix A'!$E$20, '2. 2013 Continuity Schedule'!$A$20:$CR$20,0),FALSE)), 0, VLOOKUP($A64, '2. 2013 Continuity Schedule'!$A$20:$CR$90, MATCH('3. Appendix A'!$E$20, '2. 2013 Continuity Schedule'!$A$20:$CR$20,0),FALSE))","v":0}]
[40,null,"IFRS-CGAAP Transition PP&E Amounts Balance + Return Component9",1575,{"$f":"IF(ISERROR(VLOOKUP($A65, '2. 2013 Continuity Schedule'!$A$20:$CR$90, MATCH('3. Appendix A'!$E$20, '2. 2013 Continuity Schedule'!$A$20:$CR$20,0),FALSE)), 0, VLOOKUP($A65, '2. 2013 Continuity Schedule'!$A$20:$CR$90, MATCH('3. Appendix A'!$E$20, '2. 2013 Continuity Schedule'!$A$20:$CR$20,0),FALSE))","v":0}]
[41,null,"Accounting Changes Under CGAAP Balance + Return Component9",1576,{"$f":"IF(ISERROR(VLOOKUP($A66, '2. 2013 Continuity Schedule'!$A$20:$CR$90, MATCH('3. Appendix A'!$E$20, '2. 2013 Continuity Schedule'!$A$20:$CR$20,0),FALSE)), 0, VLOOKUP($A66, '2. 2013 Continuity Schedule'!$A$20:$CR$90, MATCH('3. Appendix A'!$E$20, '2. 2013 Continuity Schedule'!$A$20:$CR$20,0),FALSE))","v":0}]
[42,null,"Deferred PILs Contra Account 5",1563,{"$f":"IF(ISERROR(VLOOKUP($A67, '2. 2013 Continuity Schedule'!$A$20:$CR$90, MATCH('3. Appendix A'!$E$20, '2. 2013 Continuity Schedule'!$A$20:$CR$20,0),FALSE)), 0, VLOOKUP($A67, '2. 2013 Continuity Schedule'!$A$20:$CR$90, MATCH('3. Appendix A'!$E$20, '2. 2013 Continuity Schedule'!$A$20:$CR$20,0),FALSE))","v":0}]
[43,null,"PILs and Tax Variance for 2006 and Subsequent Years -                                                                       Sub-Account HST/OVAT Contra Account",1592,{"$f":"IF(ISERROR(VLOOKUP($A68, '2. 2013 Continuity Schedule'!$A$20:$CR$90, MATCH('3. Appendix A'!$E$20, '2. 2013 Continuity Schedule'!$A$20:$CR$20,0),FALSE)), 0, VLOOKUP($A68, '2. 2013 Continuity Schedule'!$A$20:$CR$90, MATCH('3. Appendix A'!$E$20, '2. 2013 Continuity Schedule'!$A$20:$CR$20,0),FALSE))","v":0}]
[44,null,"Disposition and Recovery of Regulatory Balances7",1595,{"$f":"IF(ISERROR(VLOOKUP($A69, '2. 2013 Continuity Schedule'!$A$20:$CR$90, MATCH('3. Appendix A'!$E$20, '2. 2013 Continuity Schedule'!$A$20:$CR$20,0),FALSE)), 0, VLOOKUP($A69, '2. 2013 Continuity Schedule'!$A$20:$CR$90, MATCH('3. Appendix A'!$E$20, '2. 2013 Continuity Schedule'!$A$20:$CR$20,0),FALSE))","v":0}]

{"sheet":"4. Billing Determinants","index":3,"n_rows":47,"n_cols":15,"rows_kept":47,"cut":false,"hidden":false,"merged":[[15,1,16,8],[18,3,19,3],[18,12,19,12],[18,14,19,14],[44,0,45,7],[18,8,19,8],[18,9,19,9],[18,10,19,10],[18,11,19,11],[18,13,19,13],[46,0,46,7],[18,5,19,5],[18,4,19,4],[18,2,19,2],[18,1,19,1],[18,6,19,6],[18,7,19,7]]}
[]
[]
[]
[]
[]
[]
[]
[]
[]
[]
[]
[]
[]
[]
[]
[null,"In the green shaded cells, enter the most recent Board Approved volumetric forecast.  If there is a material difference between the latest Board-approved volumetric forecast and the most recent 12-month actual volumetric data, use the most recent 12-month actual data.  Do not enter data for the MicroFit class."]
[]
[]
[null,"Rate Class \n(Enter Rate Classes in cells below)","Units","# of Customers","Metered kWh","Metered kW","Billed kWh for Non-RPP Customers","Estimated kW for Non-RPP Customers","Distribution Revenue 1","1590 Recovery Share Proportion","1595 Recovery Share Proportion (2008) 2","1595 Recovery Share Proportion (2009) 2","1595 Recovery Share Proportion (2010) 2","1595 Recovery Share Proportion (2011) 2","1568 LRAM Variance Account Class Allocation \n($ amounts)"]
[]
[null,null,null,null,null,null,null,{"$f":"IF(ISERROR(F21/E21*G21), 0, F21/E21*G21)","v":0}]
[null,null,null,null,null,null,null,{"$f":"IF(ISERROR(F22/E22*G22), 0, F22/E22*G22)","v":0}]
[null,null,null,null,null,null,null,0]
[null,null,null,null,null,null,null,0]
[null,null,null,null,null,null,null,0]
[null,null,null,null,null,null,null,0]
[null,null,null,null,null,null,null,0]
[null,null,null,null,null,null,null,0]
[null,null,null,null,null,null,null,0]
[null,null,null,null,null,null,null,0]
[null,null,null,null,null,null,null,0]
[null,null,null,null,null,null,null,0]
[null,null,null,null,null,null,null,0]
[null,null,null,null,null,null,null,0]
[null,null,null,null,null,null,null,0]
[null,null,null,null,null,null,null,0]
[null,null,null,null,null,null,null,0]
[null,null,null,null,null,null,null,0]
[null,null,null,null,null,null,null,0]
[null,null,null,null,null,null,null,0]
[null,"Total",null,{"$f":"SUM(D21:D40)","v":0},{"$f":"SUM(E21:E40)","v":0},{"$f":"SUM(F21:F40)","v":0},0,0,0,0,0,0,0,0,0]
[null,null,null,null,null,null,null,null,null,null,null,null,null,"Balance as per Sheet 2",{"$f":"'2. 2013 Continuity Schedule'!CP72","v":0}]
[null,null,null,null,null,null,null,null,null,null,null,null,null,"Variance",{"$f":"O41-O42","v":0}]
[]
["1 For Account 1562, the allocation to customer classes should be performed on the basis of the test year distribution revenue allocation to customer classes found in the Applicant’s Cost of Service application that was most recently approved at the time of disposition of the 1562 account balances"]
[]
["2 Residual Account balance to be allocated to rate classes in proportion to the recovery share as established when rate riders were implemented."]

{"sheet":"5. Allocation of Balances","index":4,"n_rows":56,"n_cols":25,"rows_kept":56,"cut":false,"hidden":false,"merged":[[46,1,46,2],[47,1,47,2],[49,1,49,2],[50,1,50,2],[51,1,51,2]]}
[]
[]
[]
[null,null,null,"Amounts from Sheet 2","Allocator",{"$f":"IF(LEN(TRIM('4. Billing Determinants'!$B21))=0, \"\", '4. Billing Determinants'!$B21)","v":""},{"$f":"IF(LEN(TRIM('4. Billing Determinants'!$B22))=0, \"\", '4. Billing Determinants'!$B22)","v":""},{"$f":"IF(LEN(TRIM('4. Billing Determinants'!$B23))=0, \"\", '4. Billing Determinants'!$B23)","v":""},{"$f":"IF(LEN(TRIM('4. Billing Determinants'!$B24))=0, \"\", '4. Billing Determinants'!$B24)","v":""},{"$f":"IF(LEN(TRIM('4. Billing Determinants'!$B25))=0, \"\", '4. Billing Determinants'!$B25)","v":""},{"$f":"IF(LEN(TRIM('4. Billing Determinants'!$B26))=0, \"\", '4. Billing Determinants'!$B26)","v":""},{"$f":"IF(LEN(TRIM('4. Billing Determinants'!$B27))=0, \"\", '4. Billing Determinants'!$B27)","v":""},{"$f":"IF(LEN(TRIM('4. Billing Determinants'!$B28))=0, \"\", '4. Billing Determinants'!$B28)","v":""},{"$f":"IF(LEN(TRIM('4. Billing Determinants'!$B29))=0, \"\", '4. Billing Determinants'!$B29)","v":""},{"$f":"IF(LEN(TRIM('4. Billing Determinants'!$B30))=0, \"\", '4. Billing Determinants'!$B30)","v":""},{"$f":"IF(LEN(TRIM('4. Billing Determinants'!$B31))=0, \"\", '4. Billing Determinants'!$B31)","v":""},{"$f":"IF(LEN(TRIM('4. Billing Determinants'!$B32))=0, \"\", '4. Billing Determinants'!$B32)","v":""},{"$f":"IF(LEN(TRIM('4. Billing Determinants'!$B33))=0, \"\", '4. Billing Determinants'!$B33)","v":""},{"$f":"IF(LEN(TRIM('4. Billing Determinants'!$B34))=0, \"\", '4. Billing Determinants'!$B34)","v":""},{"$f":"IF(LEN(TRIM('4. Billing Determinants'!$B35))=0, \"\", '4. Billing Determinants'!$B35)","v":""},{"$f":"IF(LEN(TRIM('4. Billing Determinants'!$B36))=0, \"\", '4. Billing Determinants'!$B36)","v":""},{"$f":"IF(LEN(TRIM('4. Billing Determinants'!$B37))=0, \"\", '4. Billing Determinants'!$B37)","v":""},{"$f":"IF(LEN(TRIM('4. Billing Determinants'!$B38))=0, \"\", '4. Billing Determinants'!$B38)","v":""},{"$f":"IF(LEN(TRIM('4. Billing Determinants'!$B39))=0, \"\", '4. Billing Determinants'!$B39)","v":""},{"$f":"IF(LEN(TRIM('4. Billing Determinants'!$B40))=0, \"\", '4. Billing Determinants'!$B40)","v":""}]
[null,"LV Variance Account",1550,{"$f":"'2. 2013 Continuity Schedule'!CP24","v":0},null,{"$f":"IFERROR(IF(F$4=\"\",0,IF($E5=\"kWh\",VLOOKUP(F$4,'4. Billing Determinants'!$B$19:$O$41,4,0)/'4. Billing Determinants'!$E$41*$D5,IF($E5=\"kW\",VLOOKUP(F$4,'4. Billing Determinants'!$B$19:$O$41,5,0)/'4. Billing Determinants'!$F$41*$D5,IF($E5=\"Non-RPP kWh\",VLOOKUP(F$4,'4. Billing Determinants'!$B$19:$O$41,6,0)/'4. Billing Determinants'!$G$41*$D5,IF($E5=\"Distribution Rev.\",VLOOKUP(F$4,'4. Billing Determinants'!$B$19:$O$41,8,0)/'4. Billing Determinants'!$I$41*$D5, VLOOKUP(F$4,'4. Billing Determinants'!$B$19:$O$41,3,0)/'4. Billing Determinants'!$D$41*$D5))))),0)","v":0},{"$f":"IFERROR(IF(G$4=\"\",0,IF($E5=\"kWh\",VLOOKUP(G$4,'4. Billing Determinants'!$B$19:$O$41,4,0)/'4. Billing Determinants'!$E$41*$D5,IF($E5=\"kW\",VLOOKUP(G$4,'4. Billing Determinants'!$B$19:$O$41,5,0)/'4. Billing Determinants'!$F$41*$D5,IF($E5=\"Non-RPP kWh\",VLOOKUP(G$4,'4. Billing Determinants'!$B$19:$O$41,6,0)/'4. Billing Determinants'!$G$41*$D5,IF($E5=\"Distribution Rev.\",VLOOKUP(G$4,'4. Billing Determinants'!$B$19:$O$41,8,0)/'4. Billing Determinants'!$I$41*$D5, VLOOKUP(G$4,'4. Billing Determinants'!$B$19:$O$41,3,0)/'4. Billing Determinants'!$D$41*$D5))))),0)","v":0},{"$f":"IFERROR(IF(H$4=\"\",0,IF($E5=\"kWh\",VLOOKUP(H$4,'4. Billing Determinants'!$B$19:$O$41,4,0)/'4. Billing Determinants'!$E$41*$D5,IF($E5=\"kW\",VLOOKUP(H$4,'4. Billing Determinants'!$B$19:$O$41,5,0)/'4. Billing Determinants'!$F$41*$D5,IF($E5=\"Non-RPP kWh\",VLOOKUP(H$4,'4. Billing Determinants'!$B$19:$O$41,6,0)/'4. Billing Determinants'!$G$41*$D5,IF($E5=\"Distribution Rev.\",VLOOKUP(H$4,'4. Billing Determinants'!$B$19:$O$41,8,0)/'4. Billing Determinants'!$I$41*$D5, VLOOKUP(H$4,'4. Billing Determinants'!$B$19:$O$41,3,0)/'4. Billing Determinants'!$D$41*$D5))))),0)","v":0},{"$f":"IFERROR(IF(I$4=\"\",0,IF($E5=\"kWh\",VLOOKUP(I$4,'4. Billing Determinants'!$B$19:$O$41,4,0)/'4. Billing Determinants'!$E$41*$D5,IF($E5=\"kW\",VLOOKUP(I$4,'4. Billing Determinants'!$B$19:$O$41,5,0)/'4. Billing Determinants'!$F$41*$D5,IF($E5=\"Non-RPP kWh\",VLOOKUP(I$4,'4. Billing Determinants'!$B$19:$O$41,6,0)/'4. Billing Determinants'!$G$41*$D5,IF($E5=\"Distribution Rev.\",VLOOKUP(I$4,'4. Billing Determinants'!$B$19:$O$41,8,0)/'4. Billing Determinants'!$I$41*$D5, VLOOKUP(I$4,'4. Billing Determinants'!$B$19:$O$41,3,0)/'4. Billing Determinants'!$D$41*$D5))))),0)","v":0},{"$f":"IFERROR(IF(J$4=\"\",0,IF($E5=\"kWh\",VLOOKUP(J$4,'4. Billing Determinants'!$B$19:$O$41,4,0)/'4. Billing Determinants'!$E$41*$D5,IF($E5=\"kW\",VLOOKUP(J$4,'4. Billing Determinants'!$B$19:$O$41,5,0)/'4. Billing Determinants'!$F$41*$D5,IF($E5=\"Non-RPP kWh\",VLOOKUP(J$4,'4. Billing Determinants'!$B$19:$O$41,6,0)/'4. Billing Determinants'!$G$41*$D5,IF($E5=\"Distribution Rev.\",VLOOKUP(J$4,'4. Billing Determinants'!$B$19:$O$41,8,0)/'4. Billing Determinants'!$I$41*$D5, VLOOKUP(J$4,'4. Billing Determinants'!$B$19:$O$41,3,0)/'4. Billing Determinants'!$D$41*$D5))))),0)","v":0},{"$f":"IFERROR(IF(K$4=\"\",0,IF($E5=\"kWh\",VLOOKUP(K$4,'4. Billing Determinants'!$B$19:$O$41,4,0)/'4. Billing Determinants'!$E$41*$D5,IF($E5=\"kW\",VLOOKUP(K$4,'4. Billing Determinants'!$B$19:$O$41,5,0)/'4. Billing Determinants'!$F$41*$D5,IF($E5=\"Non-RPP kWh\",VLOOKUP(K$4,'4. Billing Determinants'!$B$19:$O$41,6,0)/'4. Billing Determinants'!$G$41*$D5,IF($E5=\"Distribution Rev.\",VLOOKUP(K$4,'4. Billing Determinants'!$B$19:$O$41,8,0)/'4. Billing Determinants'!$I$41*$D5, VLOOKUP(K$4,'4. Billing Determinants'!$B$19:$O$41,3,0)/'4. Billing Determinants'!$D$41*$D5))))),0)","v":0},{"$f":"IFERROR(IF(L$4=\"\",0,IF($E5=\"kWh\",VLOOKUP(L$4,'4. Billing Determinants'!$B$19:$O$41,4,0)/'4. Billing Determinants'!$E$41*$D5,IF($E5=\"kW\",VLOOKUP(L$4,'4. Billing Determinants'!$B$19:$O$41,5,0)/'4. Billing Determinants'!$F$41*$D5,IF($E5=\"Non-RPP kWh\",VLOOKUP(L$4,'4. Billing Determinants'!$B$19:$O$41,6,0)/'4. Billing Determinants'!$G$41*$D5,IF($E5=\"Distribution Rev.\",VLOOKUP(L$4,'4. Billing Determinants'!$B$19:$O$41,8,0)/'4. Billing Determinants'!$I$41*$D5, VLOOKUP(L$4,'4. Billing Determinants'!$B$19:$O$41,3,0)/'4. Billing Determinants'!$D$41*$D5))))),0)","v":0},{"$f":"IFERROR(IF(M$4=\"\",0,IF($E5=\"kWh\",VLOOKUP(M$4,'4. Billing Determinants'!$B$19:$O$41,4,0)/'4. Billing Determinants'!$E$41*$D5,IF($E5=\"kW\",VLOOKUP(M$4,'4. Billing Determinants'!$B$19:$O$41,5,0)/'4. Billing Determinants'!$F$41*$D5,IF($E5=\"Non-RPP kWh\",VLOOKUP(M$4,'4. Billing Determinants'!$B$19:$O$41,6,0)/'4. Billing Determinants'!$G$41*$D5,IF($E5=\"Distribution Rev.\",VLOOKUP(M$4,'4. Billing Determinants'!$B$19:$O$41,8,0)/'4. Billing Determinants'!$I$41*$D5, VLOOKUP(M$4,'4. Billing Determinants'!$B$19:$O$41,3,0)/'4. Billing Determinants'!$D$41*$D5))))),0)","v":0},{"$f":"IFERROR(IF(N$4=\"\",0,IF($E5=\"kWh\",VLOOKUP(N$4,'4. Billing Determinants'!$B$19:$O$41,4,0)/'4. Billing Determinants'!$E$41*$D5,IF($E5=\"kW\",VLOOKUP(N$4,'4. Billing Determinants'!$B$19:$O$41,5,0)/'4. Billing Determinants'!$F$41*$D5,IF($E5=\"Non-RPP kWh\",VLOOKUP(N$4,'4. Billing Determinants'!$B$19:$O$41,6,0)/'4. Billing Determinants'!$G$41*$D5,IF($E5=\"Distribution Rev.\",VLOOKUP(N$4,'4. Billing Determinants'!$B$19:$O$41,8,0)/'4. Billing Determinants'!$I$41*$D5, VLOOKUP(N$4,'4. Billing Determinants'!$B$19:$O$41,3,0)/'4. Billing Determinants'!$D$41*$D5))))),0)","v":0},{"$f":"IFERROR(IF(O$4=\"\",0,IF($E5=\"kWh\",VLOOKUP(O$4,'4. Billing Determinants'!$B$19:$O$41,4,0)/'4. Billing Determinants'!$E$41*$D5,IF($E5=\"kW\",VLOOKUP(O$4,'4. Billing Determinants'!$B$19:$O$41,5,0)/'4. Billing Determinants'!$F$41*$D5,IF($E5=\"Non-RPP kWh\",VLOOKUP(O$4,'4. Billing Determinants'!$B$19:$O$41,6,0)/'4. Billing Determinants'!$G$41*$D5,IF($E5=\"Distribution Rev.\",VLOOKUP(O$4,'4. Billing Determinants'!$B$19:$O$41,8,0)/'4. Billing Determinants'!$I$41*$D5, VLOOKUP(O$4,'4. Billing Determinants'!$B$19:$O$41,3,0)/'4. Billing Determinants'!$D$41*$D5))))),0)","v":0},{"$f":"IFERROR(IF(P$4=\"\",0,IF($E5=\"kWh\",VLOOKUP(P$4,'4. Billing Determinants'!$B$19:$O$41,4,0)/'4. Billing Determinants'!$E$41*$D5,IF($E5=\"kW\",VLOOKUP(P$4,'4. Billing Determinants'!$B$19:$O$41,5,0)/'4. Billing Determinants'!$F$41*$D5,IF($E5=\"Non-RPP kWh\",VLOOKUP(P$4,'4. Billing Determinants'!$B$19:$O$41,6,0)/'4. Billing Determinants'!$G$41*$D5,IF($E5=\"Distribution Rev.\",VLOOKUP(P$4,'4. Billing Determinants'!$B$19:$O$41,8,0)/'4. Billing Determinants'!$I$41*$D5, VLOOKUP(P$4,'4. Billing Determinants'!$B$19:$O$41,3,0)/'4. Billing Determinants'!$D$41*$D5))))),0)","v":0},{"$f":"IFERROR(IF(Q$4=\"\",0,IF($E5=\"kWh\",VLOOKUP(Q$4,'4. Billing Determinants'!$B$19:$O$41,4,0)/'4. Billing Determinants'!$E$41*$D5,IF($E5=\"kW\",VLOOKUP(Q$4,'4. Billing Determinants'!$B$19:$O$41,5,0)/'4. Billing Determinants'!$F$41*$D5,IF($E5=\"Non-RPP kWh\",VLOOKUP(Q$4,'4. Billing Determinants'!$B$19:$O$41,6,0)/'4. Billing Determinants'!$G$41*$D5,IF($E5=\"Distribution Rev.\",VLOOKUP(Q$4,'4. Billing Determinants'!$B$19:$O$41,8,0)/'4. Billing Determinants'!$I$41*$D5, VLOOKUP(Q$4,'4. Billing Determinants'!$B$19:$O$41,3,0)/'4. Billing Determinants'!$D$41*$D5))))),0)","v":0},{"$f":"IFERROR(IF(R$4=\"\",0,IF($E5=\"kWh\",VLOOKUP(R$4,'4. Billing Determinants'!$B$19:$O$41,4,0)/'4. Billing Determinants'!$E$41*$D5,IF($E5=\"kW\",VLOOKUP(R$4,'4. Billing Determinants'!$B$19:$O$41,5,0)/'4. Billing Determinants'!$F$41*$D5,IF($E5=\"Non-RPP kWh\",VLOOKUP(R$4,'4. Billing Determinants'!$B$19:$O$41,6,0)/'4. Billing Determinants'!$G$41*$D5,IF($E5=\"Distribution Rev.\",VLOOKUP(R$4,'4. Billing Determinants'!$B$19:$O$41,8,0)/'4. Billing Determinants'!$I$41*$D5, VLOOKUP(R$4,'4. Billing Determinants'!$B$19:$O$41,3,0)/'4. Billing Determinants'!$D$41*$D5))))),0)","v":0},{"$f":"IFERROR(IF(S$4=\"\",0,IF($E5=\"kWh\",VLOOKUP(S$4,'4. Billing Determinants'!$B$19:$O$41,4,0)/'4. Billing Determinants'!$E$41*$D5,IF($E5=\"kW\",VLOOKUP(S$4,'4. Billing Determinants'!$B$19:$O$41,5,0)/'4. Billing Determinants'!$F$41*$D5,IF($E5=\"Non-RPP kWh\",VLOOKUP(S$4,'4. Billing Determinants'!$B$19:$O$41,6,0)/'4. Billing Determinants'!$G$41*$D5,IF($E5=\"Distribution Rev.\",VLOOKUP(S$4,'4. Billing Determinants'!$B$19:$O$41,8,0)/'4. Billing Determinants'!$I$41*$D5, VLOOKUP(S$4,'4. Billing Determinants'!$B$19:$O$41,3,0)/'4. Billing Determinants'!$D$41*$D5))))),0)","v":0},{"$f":"IFERROR(IF(T$4=\"\",0,IF($E5=\"kWh\",VLOOKUP(T$4,'4. Billing Determinants'!$B$19:$O$41,4,0)/'4. Billing Determinants'!$E$41*$D5,IF($E5=\"kW\",VLOOKUP(T$4,'4. Billing Determinants'!$B$19:$O$41,5,0)/'4. Billing Determinants'!$F$41*$D5,IF($E5=\"Non-RPP kWh\",VLOOKUP(T$4,'4. Billing Determinants'!$B$19:$O$41,6,0)/'4. Billing Determinants'!$G$41*$D5,IF($E5=\"Distribution Rev.\",VLOOKUP(T$4,'4. Billing Determinants'!$B$19:$O$41,8,0)/'4. Billing Determinants'!$I$41*$D5, VLOOKUP(T$4,'4. Billing Determinants'!$B$19:$O$41,3,0)/'4. Billing Determinants'!$D$41*$D5))))),0)","v":0},{"$f":"IFERROR(IF(U$4=\"\",0,IF($E5=\"kWh\",VLOOKUP(U$4,'4. Billing Determinants'!$B$19:$O$41,4,0)/'4. Billing Determinants'!$E$41*$D5,IF($E5=\"kW\",VLOOKUP(U$4,'4. Billing Determinants'!$B$19:$O$41,5,0)/'4. Billing Determinants'!$F$41*$D5,IF($E5=\"Non-RPP kWh\",VLOOKUP(U$4,'4. Billing Determinants'!$B$19:$O$41,6,0)/'4. Billing Determinants'!$G$41*$D5,IF($E5=\"Distribution Rev.\",VLOOKUP(U$4,'4. Billing Determinants'!$B$19:$O$41,8,0)/'4. Billing Determinants'!$I$41*$D5, VLOOKUP(U$4,'4. Billing Determinants'!$B$19:$O$41,3,0)/'4. Billing Determinants'!$D$41*$D5))))),0)","v":0},{"$f":"IFERROR(IF(V$4=\"\",0,IF($E5=\"kWh\",VLOOKUP(V$4,'4. Billing Determinants'!$B$19:$O$41,4,0)/'4. Billing Determinants'!$E$41*$D5,IF($E5=\"kW\",VLOOKUP(V$4,'4. Billing Determinants'!$B$19:$O$41,5,0)/'4. Billing Determinants'!$F$41*$D5,IF($E5=\"Non-RPP kWh\",VLOOKUP(V$4,'4. Billing Determinants'!$B$19:$O$41,6,0)/'4. Billing Determinants'!$G$41*$D5,IF($E5=\"Distribution Rev.\",VLOOKUP(V$4,'4. Billing Determinants'!$B$19:$O$41,8,0)/'4. Billing Determinants'!$I$41*$D5, VLOOKUP(V$4,'4. Billing Determinants'!$B$19:$O$41,3,0)/'4. Billing Determinants'!$D$41*$D5))))),0)","v":0},{"$f":"IFERROR(IF(W$4=\"\",0,IF($E5=\"kWh\",VLOOKUP(W$4,'4. Billing Determinants'!$B$19:$O$41,4,0)/'4. Billing Determinants'!$E$41*$D5,IF($E5=\"kW\",VLOOKUP(W$4,'4. Billing Determinants'!$B$19:$O$41,5,0)/'4. Billing Determinants'!$F$41*$D5,IF($E5=\"Non-RPP kWh\",VLOOKUP(W$4,'4. Billing Determinants'!$B$19:$O$41,6,0)/'4. Billing Determinants'!$G$41*$D5,IF($E5=\"Distribution Rev.\",VLOOKUP(W$4,'4. Billing Determinants'!$B$19:$O$41,8,0)/'4. Billing Determinants'!$I$41*$D5, VLOOKUP(W$4,'4. Billing Determinants'!$B$19:$O$41,3,0)/'4. Billing Determinants'!$D$41*$D5))))),0)","v":0},{"$f":"IFERROR(IF(X$4=\"\",0,IF($E5=\"kWh\",VLOOKUP(X$4,'4. Billing Determinants'!$B$19:$O$41,4,0)/'4. Billing Determinants'!$E$41*$D5,IF($E5=\"kW\",VLOOKUP(X$4,'4. Billing Determinants'!$B$19:$O$41,5,0)/'4. Billing Determinants'!$F$41*$D5,IF($E5=\"Non-RPP kWh\",VLOOKUP(X$4,'4. Billing Determinants'!$B$19:$O$41,6,0)/'4. Billing Determinants'!$G$41*$D5,IF($E5=\"Distribution Rev.\",VLOOKUP(X$4,'4. Billing Determinants'!$B$19:$O$41,8,0)/'4. Billing Determinants'!$I$41*$D5, VLOOKUP(X$4,'4. Billing Determinants'!$B$19:$O$41,3,0)/'4. Billing Determinants'!$D$41*$D5))))),0)","v":0},{"$f":"IFERROR(IF(Y$4=\"\",0,IF($E5=\"kWh\",VLOOKUP(Y$4,'4. Billing Determinants'!$B$19:$O$41,4,0)/'4. Billing Determinants'!$E$41*$D5,IF($E5=\"kW\",VLOOKUP(Y$4,'4. Billing Determinants'!$B$19:$O$41,5,0)/'4. Billing Determinants'!$F$41*$D5,IF($E5=\"Non-RPP kWh\",VLOOKUP(Y$4,'4. Billing Determinants'!$B$19:$O$41,6,0)/'4. Billing Determinants'!$G$41*$D5,IF($E5=\"Distribution Rev.\",VLOOKUP(Y$4,'4. Billing Determinants'!$B$19:$O$41,8,0)/'4. Billing Determinants'!$I$41*$D5, VLOOKUP(Y$4,'4. Billing Determinants'!$B$19:$O$41,3,0)/'4. Billing Determinants'!$D$41*$D5))))),0)","v":0}]
[null,"RSVA - Wholesale Market Service Charge",1580,{"$f":"'2. 2013 Continuity Schedule'!CP25","v":0},null,{"$f":"IFERROR(IF(F$4=\"\",0,IF($E6=\"kWh\",VLOOKUP(F$4,'4. Billing Determinants'!$B$19:$O$41,4,0)/'4. Billing Determinants'!$E$41*$D6,IF($E6=\"kW\",VLOOKUP(F$4,'4. Billing Determinants'!$B$19:$O$41,5,0)/'4. Billing Determinants'!$F$41*$D6,IF($E6=\"Non-RPP kWh\",VLOOKUP(F$4,'4. Billing Determinants'!$B$19:$O$41,6,0)/'4. Billing Determinants'!$G$41*$D6,IF($E6=\"Distribution Rev.\",VLOOKUP(F$4,'4. Billing Determinants'!$B$19:$O$41,8,0)/'4. Billing Determinants'!$I$41*$D6, VLOOKUP(F$4,'4. Billing Determinants'!$B$19:$O$41,3,0)/'4. Billing Determinants'!$D$41*$D6))))),0)","v":0},{"$f":"IFERROR(IF(G$4=\"\",0,IF($E6=\"kWh\",VLOOKUP(G$4,'4. Billing Determinants'!$B$19:$O$41,4,0)/'4. Billing Determinants'!$E$41*$D6,IF($E6=\"kW\",VLOOKUP(G$4,'4. Billing Determinants'!$B$19:$O$41,5,0)/'4. Billing Determinants'!$F$41*$D6,IF($E6=\"Non-RPP kWh\",VLOOKUP(G$4,'4. Billing Determinants'!$B$19:$O$41,6,0)/'4. Billing Determinants'!$G$41*$D6,IF($E6=\"Distribution Rev.\",VLOOKUP(G$4,'4. Billing Determinants'!$B$19:$O$41,8,0)/'4. Billing Determinants'!$I$41*$D6, VLOOKUP(G$4,'4. Billing Determinants'!$B$19:$O$41,3,0)/'4. Billing Determinants'!$D$41*$D6))))),0)","v":0},{"$f":"IFERROR(IF(H$4=\"\",0,IF($E6=\"kWh\",VLOOKUP(H$4,'4. Billing Determinants'!$B$19:$O$41,4,0)/'4. Billing Determinants'!$E$41*$D6,IF($E6=\"kW\",VLOOKUP(H$4,'4. Billing Determinants'!$B$19:$O$41,5,0)/'4. Billing Determinants'!$F$41*$D6,IF($E6=\"Non-RPP kWh\",VLOOKUP(H$4,'4. Billing Determinants'!$B$19:$O$41,6,0)/'4. Billing Determinants'!$G$41*$D6,IF($E6=\"Distribution Rev.\",VLOOKUP(H$4,'4. Billing Determinants'!$B$19:$O$41,8,0)/'4. Billing Determinants'!$I$41*$D6, VLOOKUP(H$4,'4. Billing Determinants'!$B$19:$O$41,3,0)/'4. Billing Determinants'!$D$41*$D6))))),0)","v":0},{"$f":"IFERROR(IF(I$4=\"\",0,IF($E6=\"kWh\",VLOOKUP(I$4,'4. Billing Determinants'!$B$19:$O$41,4,0)/'4. Billing Determinants'!$E$41*$D6,IF($E6=\"kW\",VLOOKUP(I$4,'4. Billing Determinants'!$B$19:$O$41,5,0)/'4. Billing Determinants'!$F$41*$D6,IF($E6=\"Non-RPP kWh\",VLOOKUP(I$4,'4. Billing Determinants'!$B$19:$O$41,6,0)/'4. Billing Determinants'!$G$41*$D6,IF($E6=\"Distribution Rev.\",VLOOKUP(I$4,'4. Billing Determinants'!$B$19:$O$41,8,0)/'4. Billing Determinants'!$I$41*$D6, VLOOKUP(I$4,'4. Billing Determinants'!$B$19:$O$41,3,0)/'4. Billing Determinants'!$D$41*$D6))))),0)","v":0},{"$f":"IFERROR(IF(J$4=\"\",0,IF($E6=\"kWh\",VLOOKUP(J$4,'4. Billing Determinants'!$B$19:$O$41,4,0)/'4. Billing Determinants'!$E$41*$D6,IF($E6=\"kW\",VLOOKUP(J$4,'4. Billing Determinants'!$B$19:$O$41,5,0)/'4. Billing Determinants'!$F$41*$D6,IF($E6=\"Non-RPP kWh\",VLOOKUP(J$4,'4. Billing Determinants'!$B$19:$O$41,6,0)/'4. Billing Determinants'!$G$41*$D6,IF($E6=\"Distribution Rev.\",VLOOKUP(J$4,'4. Billing Determinants'!$B$19:$O$41,8,0)/'4. Billing Determinants'!$I$41*$D6, VLOOKUP(J$4,'4. Billing Determinants'!$B$19:$O$41,3,0)/'4. Billing Determinants'!$D$41*$D6))))),0)","v":0},{"$f":"IFERROR(IF(K$4=\"\",0,IF($E6=\"kWh\",VLOOKUP(K$4,'4. Billing Determinants'!$B$19:$O$41,4,0)/'4. Billing Determinants'!$E$41*$D6,IF($E6=\"kW\",VLOOKUP(K$4,'4. Billing Determinants'!$B$19:$O$41,5,0)/'4. Billing Determinants'!$F$41*$D6,IF($E6=\"Non-RPP kWh\",VLOOKUP(K$4,'4. Billing Determinants'!$B$19:$O$41,6,0)/'4. Billing Determinants'!$G$41*$D6,IF($E6=\"Distribution Rev.\",VLOOKUP(K$4,'4. Billing Determinants'!$B$19:$O$41,8,0)/'4. Billing Determinants'!$I$41*$D6, VLOOKUP(K$4,'4. Billing Determinants'!$B$19:$O$41,3,0)/'4. Billing Determinants'!$D$41*$D6))))),0)","v":0},{"$f":"IFERROR(IF(L$4=\"\",0,IF($E6=\"kWh\",VLOOKUP(L$4,'4. Billing Determinants'!$B$19:$O$41,4,0)/'4. Billing Determinants'!$E$41*$D6,IF($E6=\"kW\",VLOOKUP(L$4,'4. Billing Determinants'!$B$19:$O$41,5,0)/'4. Billing Determinants'!$F$41*$D6,IF($E6=\"Non-RPP kWh\",VLOOKUP(L$4,'4. Billing Determinants'!$B$19:$O$41,6,0)/'4. Billing Determinants'!$G$41*$D6,IF($E6=\"Distribution Rev.\",VLOOKUP(L$4,'4. Billing Determinants'!$B$19:$O$41,8,0)/'4. Billing Determinants'!$I$41*$D6, VLOOKUP(L$4,'4. Billing Determinants'!$B$19:$O$41,3,0)/'4. Billing Determinants'!$D$41*$D6))))),0)","v":0},{"$f":"IFERROR(IF(M$4=\"\",0,IF($E6=\"kWh\",VLOOKUP(M$4,'4. Billing Determinants'!$B$19:$O$41,4,0)/'4. Billing Determinants'!$E$41*$D6,IF($E6=\"kW\",VLOOKUP(M$4,'4. Billing Determinants'!$B$19:$O$41,5,0)/'4. Billing Determinants'!$F$41*$D6,IF($E6=\"Non-RPP kWh\",VLOOKUP(M$4,'4. Billing Determinants'!$B$19:$O$41,6,0)/'4. Billing Determinants'!$G$41*$D6,IF($E6=\"Distribution Rev.\",VLOOKUP(M$4,'4. Billing Determinants'!$B$19:$O$41,8,0)/'4. Billing Determinants'!$I$41*$D6, VLOOKUP(M$4,'4. Billing Determinants'!$B$19:$O$41,3,0)/'4. Billing Determinants'!$D$41*$D6))))),0)","v":0},{"$f":"IFERROR(IF(N$4=\"\",0,IF($E6=\"kWh\",VLOOKUP(N$4,'4. Billing Determinants'!$B$19:$O$41,4,0)/'4. Billing Determinants'!$E$41*$D6,IF($E6=\"kW\",VLOOKUP(N$4,'4. Billing Determinants'!$B$19:$O$41,5,0)/'4. Billing Determinants'!$F$41*$D6,IF($E6=\"Non-RPP kWh\",VLOOKUP(N$4,'4. Billing Determinants'!$B$19:$O$41,6,0)/'4. Billing Determinants'!$G$41*$D6,IF($E6=\"Distribution Rev.\",VLOOKUP(N$4,'4. Billing Determinants'!$B$19:$O$41,8,0)/'4. Billing Determinants'!$I$41*$D6, VLOOKUP(N$4,'4. Billing Determinants'!$B$19:$O$41,3,0)/'4. Billing Determinants'!$D$41*$D6))))),0)","v":0},{"$f":"IFERROR(IF(O$4=\"\",0,IF($E6=\"kWh\",VLOOKUP(O$4,'4. Billing Determinants'!$B$19:$O$41,4,0)/'4. Billing Determinants'!$E$41*$D6,IF($E6=\"kW\",VLOOKUP(O$4,'4. Billing Determinants'!$B$19:$O$41,5,0)/'4. Billing Determinants'!$F$41*$D6,IF($E6=\"Non-RPP kWh\",VLOOKUP(O$4,'4. Billing Determinants'!$B$19:$O$41,6,0)/'4. Billing Determinants'!$G$41*$D6,IF($E6=\"Distribution Rev.\",VLOOKUP(O$4,'4. Billing Determinants'!$B$19:$O$41,8,0)/'4. Billing Determinants'!$I$41*$D6, VLOOKUP(O$4,'4. Billing Determinants'!$B$19:$O$41,3,0)/'4. Billing Determinants'!$D$41*$D6))))),0)","v":0},{"$f":"IFERROR(IF(P$4=\"\",0,IF($E6=\"kWh\",VLOOKUP(P$4,'4. Billing Determinants'!$B$19:$O$41,4,0)/'4. Billing Determinants'!$E$41*$D6,IF($E6=\"kW\",VLOOKUP(P$4,'4. Billing Determinants'!$B$19:$O$41,5,0)/'4. Billing Determinants'!$F$41*$D6,IF($E6=\"Non-RPP kWh\",VLOOKUP(P$4,'4. Billing Determinants'!$B$19:$O$41,6,0)/'4. Billing Determinants'!$G$41*$D6,IF($E6=\"Distribution Rev.\",VLOOKUP(P$4,'4. Billing Determinants'!$B$19:$O$41,8,0)/'4. Billing Determinants'!$I$41*$D6, VLOOKUP(P$4,'4. Billing Determinants'!$B$19:$O$41,3,0)/'4. Billing Determinants'!$D$41*$D6))))),0)","v":0},{"$f":"IFERROR(IF(Q$4=\"\",0,IF($E6=\"kWh\",VLOOKUP(Q$4,'4. Billing Determinants'!$B$19:$O$41,4,0)/'4. Billing Determinants'!$E$41*$D6,IF($E6=\"kW\",VLOOKUP(Q$4,'4. Billing Determinants'!$B$19:$O$41,5,0)/'4. Billing Determinants'!$F$41*$D6,IF($E6=\"Non-RPP kWh\",VLOOKUP(Q$4,'4. Billing Determinants'!$B$19:$O$41,6,0)/'4. Billing Determinants'!$G$41*$D6,IF($E6=\"Distribution Rev.\",VLOOKUP(Q$4,'4. Billing Determinants'!$B$19:$O$41,8,0)/'4. Billing Determinants'!$I$41*$D6, VLOOKUP(Q$4,'4. Billing Determinants'!$B$19:$O$41,3,0)/'4. Billing Determinants'!$D$41*$D6))))),0)","v":0},{"$f":"IFERROR(IF(R$4=\"\",0,IF($E6=\"kWh\",VLOOKUP(R$4,'4. Billing Determinants'!$B$19:$O$41,4,0)/'4. Billing Determinants'!$E$41*$D6,IF($E6=\"kW\",VLOOKUP(R$4,'4. Billing Determinants'!$B$19:$O$41,5,0)/'4. Billing Determinants'!$F$41*$D6,IF($E6=\"Non-RPP kWh\",VLOOKUP(R$4,'4. Billing Determinants'!$B$19:$O$41,6,0)/'4. Billing Determinants'!$G$41*$D6,IF($E6=\"Distribution Rev.\",VLOOKUP(R$4,'4. Billing Determinants'!$B$19:$O$41,8,0)/'4. Billing Determinants'!$I$41*$D6, VLOOKUP(R$4,'4. Billing Determinants'!$B$19:$O$41,3,0)/'4. Billing Determinants'!$D$41*$D6))))),0)","v":0},{"$f":"IFERROR(IF(S$4=\"\",0,IF($E6=\"kWh\",VLOOKUP(S$4,'4. Billing Determinants'!$B$19:$O$41,4,0)/'4. Billing Determinants'!$E$41*$D6,IF($E6=\"kW\",VLOOKUP(S$4,'4. Billing Determinants'!$B$19:$O$41,5,0)/'4. Billing Determinants'!$F$41*$D6,IF($E6=\"Non-RPP kWh\",VLOOKUP(S$4,'4. Billing Determinants'!$B$19:$O$41,6,0)/'4. Billing Determinants'!$G$41*$D6,IF($E6=\"Distribution Rev.\",VLOOKUP(S$4,'4. Billing Determinants'!$B$19:$O$41,8,0)/'4. Billing Determinants'!$I$41*$D6, VLOOKUP(S$4,'4. Billing Determinants'!$B$19:$O$41,3,0)/'4. Billing Determinants'!$D$41*$D6))))),0)","v":0},{"$f":"IFERROR(IF(T$4=\"\",0,IF($E6=\"kWh\",VLOOKUP(T$4,'4. Billing Determinants'!$B$19:$O$41,4,0)/'4. Billing Determinants'!$E$41*$D6,IF($E6=\"kW\",VLOOKUP(T$4,'4. Billing Determinants'!$B$19:$O$41,5,0)/'4. Billing Determinants'!$F$41*$D6,IF($E6=\"Non-RPP kWh\",VLOOKUP(T$4,'4. Billing Determinants'!$B$19:$O$41,6,0)/'4. Billing Determinants'!$G$41*$D6,IF($E6=\"Distribution Rev.\",VLOOKUP(T$4,'4. Billing Determinants'!$B$19:$O$41,8,0)/'4. Billing Determinants'!$I$41*$D6, VLOOKUP(T$4,'4. Billing Determinants'!$B$19:$O$41,3,0)/'4. Billing Determinants'!$D$41*$D6))))),0)","v":0},{"$f":"IFERROR(IF(U$4=\"\",0,IF($E6=\"kWh\",VLOOKUP(U$4,'4. Billing Determinants'!$B$19:$O$41,4,0)/'4. Billing Determinants'!$E$41*$D6,IF($E6=\"kW\",VLOOKUP(U$4,'4. Billing Determinants'!$B$19:$O$41,5,0)/'4. Billing Determinants'!$F$41*$D6,IF($E6=\"Non-RPP kWh\",VLOOKUP(U$4,'4. Billing Determinants'!$B$19:$O$41,6,0)/'4. Billing Determinants'!$G$41*$D6,IF($E6=\"Distribution Rev.\",VLOOKUP(U$4,'4. Billing Determinants'!$B$19:$O$41,8,0)/'4. Billing Determinants'!$I$41*$D6, VLOOKUP(U$4,'4. Billing Determinants'!$B$19:$O$41,3,0)/'4. Billing Determinants'!$D$41*$D6))))),0)","v":0},{"$f":"IFERROR(IF(V$4=\"\",0,IF($E6=\"kWh\",VLOOKUP(V$4,'4. Billing Determinants'!$B$19:$O$41,4,0)/'4. Billing Determinants'!$E$41*$D6,IF($E6=\"kW\",VLOOKUP(V$4,'4. Billing Determinants'!$B$19:$O$41,5,0)/'4. Billing Determinants'!$F$41*$D6,IF($E6=\"Non-RPP kWh\",VLOOKUP(V$4,'4. Billing Determinants'!$B$19:$O$41,6,0)/'4. Billing Determinants'!$G$41*$D6,IF($E6=\"Distribution Rev.\",VLOOKUP(V$4,'4. Billing Determinants'!$B$19:$O$41,8,0)/'4. Billing Determinants'!$I$41*$D6, VLOOKUP(V$4,'4. Billing Determinants'!$B$19:$O$41,3,0)/'4. Billing Determinants'!$D$41*$D6))))),0)","v":0},{"$f":"IFERROR(IF(W$4=\"\",0,IF($E6=\"kWh\",VLOOKUP(W$4,'4. Billing Determinants'!$B$19:$O$41,4,0)/'4. Billing Determinants'!$E$41*$D6,IF($E6=\"kW\",VLOOKUP(W$4,'4. Billing Determinants'!$B$19:$O$41,5,0)/'4. Billing Determinants'!$F$41*$D6,IF($E6=\"Non-RPP kWh\",VLOOKUP(W$4,'4. Billing Determinants'!$B$19:$O$41,6,0)/'4. Billing Determinants'!$G$41*$D6,IF($E6=\"Distribution Rev.\",VLOOKUP(W$4,'4. Billing Determinants'!$B$19:$O$41,8,0)/'4. Billing Determinants'!$I$41*$D6, VLOOKUP(W$4,'4. Billing Determinants'!$B$19:$O$41,3,0)/'4. Billing Determinants'!$D$41*$D6))))),0)","v":0},{"$f":"IFERROR(IF(X$4=\"\",0,IF($E6=\"kWh\",VLOOKUP(X$4,'4. Billing Determinants'!$B$19:$O$41,4,0)/'4. Billing Determinants'!$E$41*$D6,IF($E6=\"kW\",VLOOKUP(X$4,'4. Billing Determinants'!$B$19:$O$41,5,0)/'4. Billing Determinants'!$F$41*$D6,IF($E6=\"Non-RPP kWh\",VLOOKUP(X$4,'4. Billing Determinants'!$B$19:$O$41,6,0)/'4. Billing Determinants'!$G$41*$D6,IF($E6=\"Distribution Rev.\",VLOOKUP(X$4,'4. Billing Determinants'!$B$19:$O$41,8,0)/'4. Billing Determinants'!$I$41*$D6, VLOOKUP(X$4,'4. Billing Determinants'!$B$19:$O$41,3,0)/'4. Billing Determinants'!$D$41*$D6))))),0)","v":0},{"$f":"IFERROR(IF(Y$4=\"\",0,IF($E6=\"kWh\",VLOOKUP(Y$4,'4. Billing Determinants'!$B$19:$O$41,4,0)/'4. Billing Determinants'!$E$41*$D6,IF($E6=\"kW\",VLOOKUP(Y$4,'4. Billing Determinants'!$B$19:$O$41,5,0)/'4. Billing Determinants'!$F$41*$D6,IF($E6=\"Non-RPP kWh\",VLOOKUP(Y$4,'4. Billing Determinants'!$B$19:$O$41,6,0)/'4. Billing Determinants'!$G$41*$D6,IF($E6=\"Distribution Rev.\",VLOOKUP(Y$4,'4. Billing Determinants'!$B$19:$O$41,8,0)/'4. Billing Determinants'!$I$41*$D6, VLOOKUP(Y$4,'4. Billing Determinants'!$B$19:$O$41,3,0)/'4. Billing Determinants'!$D$41*$D6))))),0)","v":0}]
[null,"RSVA - Retail Transmission Network Charge",1584,{"$f":"'2. 2013 Continuity Schedule'!CP26","v":0},null,{"$f":"IFERROR(IF(F$4=\"\",0,IF($E7=\"kWh\",VLOOKUP(F$4,'4. Billing Determinants'!$B$19:$O$41,4,0)/'4. Billing Determinants'!$E$41*$D7,IF($E7=\"kW\",VLOOKUP(F$4,'4. Billing Determinants'!$B$19:$O$41,5,0)/'4. Billing Determinants'!$F$41*$D7,IF($E7=\"Non-RPP kWh\",VLOOKUP(F$4,'4. Billing Determinants'!$B$19:$O$41,6,0)/'4. Billing Determinants'!$G$41*$D7,IF($E7=\"Distribution Rev.\",VLOOKUP(F$4,'4. Billing Determinants'!$B$19:$O$41,8,0)/'4. Billing Determinants'!$I$41*$D7, VLOOKUP(F$4,'4. Billing Determinants'!$B$19:$O$41,3,0)/'4. Billing Determinants'!$D$41*$D7))))),0)","v":0},{"$f":"IFERROR(IF(G$4=\"\",0,IF($E7=\"kWh\",VLOOKUP(G$4,'4. Billing Determinants'!$B$19:$O$41,4,0)/'4. Billing Determinants'!$E$41*$D7,IF($E7=\"kW\",VLOOKUP(G$4,'4. Billing Determinants'!$B$19:$O$41,5,0)/'4. Billing Determinants'!$F$41*$D7,IF($E7=\"Non-RPP kWh\",VLOOKUP(G$4,'4. Billing Determinants'!$B$19:$O$41,6,0)/'4. Billing Determinants'!$G$41*$D7,IF($E7=\"Distribution Rev.\",VLOOKUP(G$4,'4. Billing Determinants'!$B$19:$O$41,8,0)/'4. Billing Determinants'!$I$41*$D7, VLOOKUP(G$4,'4. Billing Determinants'!$B$19:$O$41,3,0)/'4. Billing Determinants'!$D$41*$D7))))),0)","v":0},{"$f":"IFERROR(IF(H$4=\"\",0,IF($E7=\"kWh\",VLOOKUP(H$4,'4. Billing Determinants'!$B$19:$O$41,4,0)/'4. Billing Determinants'!$E$41*$D7,IF($E7=\"kW\",VLOOKUP(H$4,'4. Billing Determinants'!$B$19:$O$41,5,0)/'4. Billing Determinants'!$F$41*$D7,IF($E7=\"Non-RPP kWh\",VLOOKUP(H$4,'4. Billing Determinants'!$B$19:$O$41,6,0)/'4. Billing Determinants'!$G$41*$D7,IF($E7=\"Distribution Rev.\",VLOOKUP(H$4,'4. Billing Determinants'!$B$19:$O$41,8,0)/'4. Billing Determinants'!$I$41*$D7, VLOOKUP(H$4,'4. Billing Determinants'!$B$19:$O$41,3,0)/'4. Billing Determinants'!$D$41*$D7))))),0)","v":0},{"$f":"IFERROR(IF(I$4=\"\",0,IF($E7=\"kWh\",VLOOKUP(I$4,'4. Billing Determinants'!$B$19:$O$41,4,0)/'4. Billing Determinants'!$E$41*$D7,IF($E7=\"kW\",VLOOKUP(I$4,'4. Billing Determinants'!$B$19:$O$41,5,0)/'4. Billing Determinants'!$F$41*$D7,IF($E7=\"Non-RPP kWh\",VLOOKUP(I$4,'4. Billing Determinants'!$B$19:$O$41,6,0)/'4. Billing Determinants'!$G$41*$D7,IF($E7=\"Distribution Rev.\",VLOOKUP(I$4,'4. Billing Determinants'!$B$19:$O$41,8,0)/'4. Billing Determinants'!$I$41*$D7, VLOOKUP(I$4,'4. Billing Determinants'!$B$19:$O$41,3,0)/'4. Billing Determinants'!$D$41*$D7))))),0)","v":0},{"$f":"IFERROR(IF(J$4=\"\",0,IF($E7=\"kWh\",VLOOKUP(J$4,'4. Billing Determinants'!$B$19:$O$41,4,0)/'4. Billing Determinants'!$E$41*$D7,IF($E7=\"kW\",VLOOKUP(J$4,'4. Billing Determinants'!$B$19:$O$41,5,0)/'4. Billing Determinants'!$F$41*$D7,IF($E7=\"Non-RPP kWh\",VLOOKUP(J$4,'4. Billing Determinants'!$B$19:$O$41,6,0)/'4. Billing Determinants'!$G$41*$D7,IF($E7=\"Distribution Rev.\",VLOOKUP(J$4,'4. Billing Determinants'!$B$19:$O$41,8,0)/'4. Billing Determinants'!$I$41*$D7, VLOOKUP(J$4,'4. Billing Determinants'!$B$19:$O$41,3,0)/'4. Billing Determinants'!$D$41*$D7))))),0)","v":0},{"$f":"IFERROR(IF(K$4=\"\",0,IF($E7=\"kWh\",VLOOKUP(K$4,'4. Billing Determinants'!$B$19:$O$41,4,0)/'4. Billing Determinants'!$E$41*$D7,IF($E7=\"kW\",VLOOKUP(K$4,'4. Billing Determinants'!$B$19:$O$41,5,0)/'4. Billing Determinants'!$F$41*$D7,IF($E7=\"Non-RPP kWh\",VLOOKUP(K$4,'4. Billing Determinants'!$B$19:$O$41,6,0)/'4. Billing Determinants'!$G$41*$D7,IF($E7=\"Distribution Rev.\",VLOOKUP(K$4,'4. Billing Determinants'!$B$19:$O$41,8,0)/'4. Billing Determinants'!$I$41*$D7, VLOOKUP(K$4,'4. Billing Determinants'!$B$19:$O$41,3,0)/'4. Billing Determinants'!$D$41*$D7))))),0)","v":0},{"$f":"IFERROR(IF(L$4=\"\",0,IF($E7=\"kWh\",VLOOKUP(L$4,'4. Billing Determinants'!$B$19:$O$41,4,0)/'4. Billing Determinants'!$E$41*$D7,IF($E7=\"kW\",VLOOKUP(L$4,'4. Billing Determinants'!$B$19:$O$41,5,0)/'4. Billing Determinants'!$F$41*$D7,IF($E7=\"Non-RPP kWh\",VLOOKUP(L$4,'4. Billing Determinants'!$B$19:$O$41,6,0)/'4. Billing Determinants'!$G$41*$D7,IF($E7=\"Distribution Rev.\",VLOOKUP(L$4,'4. Billing Determinants'!$B$19:$O$41,8,0)/'4. Billing Determinants'!$I$41*$D7, VLOOKUP(L$4,'4. Billing Determinants'!$B$19:$O$41,3,0)/'4. Billing Determinants'!$D$41*$D7))))),0)","v":0},{"$f":"IFERROR(IF(M$4=\"\",0,IF($E7=\"kWh\",VLOOKUP(M$4,'4. Billing Determinants'!$B$19:$O$41,4,0)/'4. Billing Determinants'!$E$41*$D7,IF($E7=\"kW\",VLOOKUP(M$4,'4. Billing Determinants'!$B$19:$O$41,5,0)/'4. Billing Determinants'!$F$41*$D7,IF($E7=\"Non-RPP kWh\",VLOOKUP(M$4,'4. Billing Determinants'!$B$19:$O$41,6,0)/'4. Billing Determinants'!$G$41*$D7,IF($E7=\"Distribution Rev.\",VLOOKUP(M$4,'4. Billing Determinants'!$B$19:$O$41,8,0)/'4. Billing Determinants'!$I$41*$D7, VLOOKUP(M$4,'4. Billing Determinants'!$B$19:$O$41,3,0)/'4. Billing Determinants'!$D$41*$D7))))),0)","v":0},{"$f":"IFERROR(IF(N$4=\"\",0,IF($E7=\"kWh\",VLOOKUP(N$4,'4. Billing Determinants'!$B$19:$O$41,4,0)/'4. Billing Determinants'!$E$41*$D7,IF($E7=\"kW\",VLOOKUP(N$4,'4. Billing Determinants'!$B$19:$O$41,5,0)/'4. Billing Determinants'!$F$41*$D7,IF($E7=\"Non-RPP kWh\",VLOOKUP(N$4,'4. Billing Determinants'!$B$19:$O$41,6,0)/'4. Billing Determinants'!$G$41*$D7,IF($E7=\"Distribution Rev.\",VLOOKUP(N$4,'4. Billing Determinants'!$B$19:$O$41,8,0)/'4. Billing Determinants'!$I$41*$D7, VLOOKUP(N$4,'4. Billing Determinants'!$B$19:$O$41,3,0)/'4. Billing Determinants'!$D$41*$D7))))),0)","v":0},{"$f":"IFERROR(IF(O$4=\"\",0,IF($E7=\"kWh\",VLOOKUP(O$4,'4. Billing Determinants'!$B$19:$O$41,4,0)/'4. Billing Determinants'!$E$41*$D7,IF($E7=\"kW\",VLOOKUP(O$4,'4. Billing Determinants'!$B$19:$O$41,5,0)/'4. Billing Determinants'!$F$41*$D7,IF($E7=\"Non-RPP kWh\",VLOOKUP(O$4,'4. Billing Determinants'!$B$19:$O$41,6,0)/'4. Billing Determinants'!$G$41*$D7,IF($E7=\"Distribution Rev.\",VLOOKUP(O$4,'4. Billing Determinants'!$B$19:$O$41,8,0)/'4. Billing Determinants'!$I$41*$D7, VLOOKUP(O$4,'4. Billing Determinants'!$B$19:$O$41,3,0)/'4. Billing Determinants'!$D$41*$D7))))),0)","v":0},{"$f":"IFERROR(IF(P$4=\"\",0,IF($E7=\"kWh\",VLOOKUP(P$4,'4. Billing Determinants'!$B$19:$O$41,4,0)/'4. Billing Determinants'!$E$41*$D7,IF($E7=\"kW\",VLOOKUP(P$4,'4. Billing Determinants'!$B$19:$O$41,5,0)/'4. Billing Determinants'!$F$41*$D7,IF($E7=\"Non-RPP kWh\",VLOOKUP(P$4,'4. Billing Determinants'!$B$19:$O$41,6,0)/'4. Billing Determinants'!$G$41*$D7,IF($E7=\"Distribution Rev.\",VLOOKUP(P$4,'4. Billing Determinants'!$B$19:$O$41,8,0)/'4. Billing Determinants'!$I$41*$D7, VLOOKUP(P$4,'4. Billing Determinants'!$B$19:$O$41,3,0)/'4. Billing Determinants'!$D$41*$D7))))),0)","v":0},{"$f":"IFERROR(IF(Q$4=\"\",0,IF($E7=\"kWh\",VLOOKUP(Q$4,'4. Billing Determinants'!$B$19:$O$41,4,0)/'4. Billing Determinants'!$E$41*$D7,IF($E7=\"kW\",VLOOKUP(Q$4,'4. Billing Determinants'!$B$19:$O$41,5,0)/'4. Billing Determinants'!$F$41*$D7,IF($E7=\"Non-RPP kWh\",VLOOKUP(Q$4,'4. Billing Determinants'!$B$19:$O$41,6,0)/'4. Billing Determinants'!$G$41*$D7,IF($E7=\"Distribution Rev.\",VLOOKUP(Q$4,'4. Billing Determinants'!$B$19:$O$41,8,0)/'4. Billing Determinants'!$I$41*$D7, VLOOKUP(Q$4,'4. Billing Determinants'!$B$19:$O$41,3,0)/'4. Billing Determinants'!$D$41*$D7))))),0)","v":0},{"$f":"IFERROR(IF(R$4=\"\",0,IF($E7=\"kWh\",VLOOKUP(R$4,'4. Billing Determinants'!$B$19:$O$41,4,0)/'4. Billing Determinants'!$E$41*$D7,IF($E7=\"kW\",VLOOKUP(R$4,'4. Billing Determinants'!$B$19:$O$41,5,0)/'4. Billing Determinants'!$F$41*$D7,IF($E7=\"Non-RPP kWh\",VLOOKUP(R$4,'4. Billing Determinants'!$B$19:$O$41,6,0)/'4. Billing Determinants'!$G$41*$D7,IF($E7=\"Distribution Rev.\",VLOOKUP(R$4,'4. Billing Determinants'!$B$19:$O$41,8,0)/'4. Billing Determinants'!$I$41*$D7, VLOOKUP(R$4,'4. Billing Determinants'!$B$19:$O$41,3,0)/'4. Billing Determinants'!$D$41*$D7))))),0)","v":0},{"$f":"IFERROR(IF(S$4=\"\",0,IF($E7=\"kWh\",VLOOKUP(S$4,'4. Billing Determinants'!$B$19:$O$41,4,0)/'4. Billing Determinants'!$E$41*$D7,IF($E7=\"kW\",VLOOKUP(S$4,'4. Billing Determinants'!$B$19:$O$41,5,0)/'4. Billing Determinants'!$F$41*$D7,IF($E7=\"Non-RPP kWh\",VLOOKUP(S$4,'4. Billing Determinants'!$B$19:$O$41,6,0)/'4. Billing Determinants'!$G$41*$D7,IF($E7=\"Distribution Rev.\",VLOOKUP(S$4,'4. Billing Determinants'!$B$19:$O$41,8,0)/'4. Billing Determinants'!$I$41*$D7, VLOOKUP(S$4,'4. Billing Determinants'!$B$19:$O$41,3,0)/'4. Billing Determinants'!$D$41*$D7))))),0)","v":0},{"$f":"IFERROR(IF(T$4=\"\",0,IF($E7=\"kWh\",VLOOKUP(T$4,'4. Billing Determinants'!$B$19:$O$41,4,0)/'4. Billing Determinants'!$E$41*$D7,IF($E7=\"kW\",VLOOKUP(T$4,'4. Billing Determinants'!$B$19:$O$41,5,0)/'4. Billing Determinants'!$F$41*$D7,IF($E7=\"Non-RPP kWh\",VLOOKUP(T$4,'4. Billing Determinants'!$B$19:$O$41,6,0)/'4. Billing Determinants'!$G$41*$D7,IF($E7=\"Distribution Rev.\",VLOOKUP(T$4,'4. Billing Determinants'!$B$19:$O$41,8,0)/'4. Billing Determinants'!$I$41*$D7, VLOOKUP(T$4,'4. Billing Determinants'!$B$19:$O$41,3,0)/'4. Billing Determinants'!$D$41*$D7))))),0)","v":0},{"$f":"IFERROR(IF(U$4=\"\",0,IF($E7=\"kWh\",VLOOKUP(U$4,'4. Billing Determinants'!$B$19:$O$41,4,0)/'4. Billing Determinants'!$E$41*$D7,IF($E7=\"kW\",VLOOKUP(U$4,'4. Billing Determinants'!$B$19:$O$41,5,0)/'4. Billing Determinants'!$F$41*$D7,IF($E7=\"Non-RPP kWh\",VLOOKUP(U$4,'4. Billing Determinants'!$B$19:$O$41,6,0)/'4. Billing Determinants'!$G$41*$D7,IF($E7=\"Distribution Rev.\",VLOOKUP(U$4,'4. Billing Determinants'!$B$19:$O$41,8,0)/'4. Billing Determinants'!$I$41*$D7, VLOOKUP(U$4,'4. Billing Determinants'!$B$19:$O$41,3,0)/'4. Billing Determinants'!$D$41*$D7))))),0)","v":0},{"$f":"IFERROR(IF(V$4=\"\",0,IF($E7=\"kWh\",VLOOKUP(V$4,'4. Billing Determinants'!$B$19:$O$41,4,0)/'4. Billing Determinants'!$E$41*$D7,IF($E7=\"kW\",VLOOKUP(V$4,'4. Billing Determinants'!$B$19:$O$41,5,0)/'4. Billing Determinants'!$F$41*$D7,IF($E7=\"Non-RPP kWh\",VLOOKUP(V$4,'4. Billing Determinants'!$B$19:$O$41,6,0)/'4. Billing Determinants'!$G$41*$D7,IF($E7=\"Distribution Rev.\",VLOOKUP(V$4,'4. Billing Determinants'!$B$19:$O$41,8,0)/'4. Billing Determinants'!$I$41*$D7, VLOOKUP(V$4,'4. Billing Determinants'!$B$19:$O$41,3,0)/'4. Billing Determinants'!$D$41*$D7))))),0)","v":0},{"$f":"IFERROR(IF(W$4=\"\",0,IF($E7=\"kWh\",VLOOKUP(W$4,'4. Billing Determinants'!$B$19:$O$41,4,0)/'4. Billing Determinants'!$E$41*$D7,IF($E7=\"kW\",VLOOKUP(W$4,'4. Billing Determinants'!$B$19:$O$41,5,0)/'4. Billing Determinants'!$F$41*$D7,IF($E7=\"Non-RPP kWh\",VLOOKUP(W$4,'4. Billing Determinants'!$B$19:$O$41,6,0)/'4. Billing Determinants'!$G$41*$D7,IF($E7=\"Distribution Rev.\",VLOOKUP(W$4,'4. Billing Determinants'!$B$19:$O$41,8,0)/'4. Billing Determinants'!$I$41*$D7, VLOOKUP(W$4,'4. Billing Determinants'!$B$19:$O$41,3,0)/'4. Billing Determinants'!$D$41*$D7))))),0)","v":0},{"$f":"IFERROR(IF(X$4=\"\",0,IF($E7=\"kWh\",VLOOKUP(X$4,'4. Billing Determinants'!$B$19:$O$41,4,0)/'4. Billing Determinants'!$E$41*$D7,IF($E7=\"kW\",VLOOKUP(X$4,'4. Billing Determinants'!$B$19:$O$41,5,0)/'4. Billing Determinants'!$F$41*$D7,IF($E7=\"Non-RPP kWh\",VLOOKUP(X$4,'4. Billing Determinants'!$B$19:$O$41,6,0)/'4. Billing Determinants'!$G$41*$D7,IF($E7=\"Distribution Rev.\",VLOOKUP(X$4,'4. Billing Determinants'!$B$19:$O$41,8,0)/'4. Billing Determinants'!$I$41*$D7, VLOOKUP(X$4,'4. Billing Determinants'!$B$19:$O$41,3,0)/'4. Billing Determinants'!$D$41*$D7))))),0)","v":0},{"$f":"IFERROR(IF(Y$4=\"\",0,IF($E7=\"kWh\",VLOOKUP(Y$4,'4. Billing Determinants'!$B$19:$O$41,4,0)/'4. Billing Determinants'!$E$41*$D7,IF($E7=\"kW\",VLOOKUP(Y$4,'4. Billing Determinants'!$B$19:$O$41,5,0)/'4. Billing Determinants'!$F$41*$D7,IF($E7=\"Non-RPP kWh\",VLOOKUP(Y$4,'4. Billing Determinants'!$B$19:$O$41,6,0)/'4. Billing Determinants'!$G$41*$D7,IF($E7=\"Distribution Rev.\",VLOOKUP(Y$4,'4. Billing Determinants'!$B$19:$O$41,8,0)/'4. Billing Determinants'!$I$41*$D7, VLOOKUP(Y$4,'4. Billing Determinants'!$B$19:$O$41,3,0)/'4. Billing Determinants'!$D$41*$D7))))),0)","v":0}]
[null,"RSVA - Retail Transmission Connection Charge",1586,{"$f":"'2. 2013 Continuity Schedule'!CP27","v":0},null,{"$f":"IFERROR(IF(F$4=\"\",0,IF($E8=\"kWh\",VLOOKUP(F$4,'4. Billing Determinants'!$B$19:$O$41,4,0)/'4. Billing Determinants'!$E$41*$D8,IF($E8=\"kW\",VLOOKUP(F$4,'4. Billing Determinants'!$B$19:$O$41,5,0)/'4. Billing Determinants'!$F$41*$D8,IF($E8=\"Non-RPP kWh\",VLOOKUP(F$4,'4. Billing Determinants'!$B$19:$O$41,6,0)/'4. Billing Determinants'!$G$41*$D8,IF($E8=\"Distribution Rev.\",VLOOKUP(F$4,'4. Billing Determinants'!$B$19:$O$41,8,0)/'4. Billing Determinants'!$I$41*$D8, VLOOKUP(F$4,'4. Billing Determinants'!$B$19:$O$41,3,0)/'4. Billing Determinants'!$D$41*$D8))))),0)","v":0},{"$f":"IFERROR(IF(G$4=\"\",0,IF($E8=\"kWh\",VLOOKUP(G$4,'4. Billing Determinants'!$B$19:$O$41,4,0)/'4. Billing Determinants'!$E$41*$D8,IF($E8=\"kW\",VLOOKUP(G$4,'4. Billing Determinants'!$B$19:$O$41,5,0)/'4. Billing Determinants'!$F$41*$D8,IF($E8=\"Non-RPP kWh\",VLOOKUP(G$4,'4. Billing Determinants'!$B$19:$O$41,6,0)/'4. Billing Determinants'!$G$41*$D8,IF($E8=\"Distribution Rev.\",VLOOKUP(G$4,'4. Billing Determinants'!$B$19:$O$41,8,0)/'4. Billing Determinants'!$I$41*$D8, VLOOKUP(G$4,'4. Billing Determinants'!$B$19:$O$41,3,0)/'4. Billing Determinants'!$D$41*$D8))))),0)","v":0},{"$f":"IFERROR(IF(H$4=\"\",0,IF($E8=\"kWh\",VLOOKUP(H$4,'4. Billing Determinants'!$B$19:$O$41,4,0)/'4. Billing Determinants'!$E$41*$D8,IF($E8=\"kW\",VLOOKUP(H$4,'4. Billing Determinants'!$B$19:$O$41,5,0)/'4. Billing Determinants'!$F$41*$D8,IF($E8=\"Non-RPP kWh\",VLOOKUP(H$4,'4. Billing Determinants'!$B$19:$O$41,6,0)/'4. Billing Determinants'!$G$41*$D8,IF($E8=\"Distribution Rev.\",VLOOKUP(H$4,'4. Billing Determinants'!$B$19:$O$41,8,0)/'4. Billing Determinants'!$I$41*$D8, VLOOKUP(H$4,'4. Billing Determinants'!$B$19:$O$41,3,0)/'4. Billing Determinants'!$D$41*$D8))))),0)","v":0},{"$f":"IFERROR(IF(I$4=\"\",0,IF($E8=\"kWh\",VLOOKUP(I$4,'4. Billing Determinants'!$B$19:$O$41,4,0)/'4. Billing Determinants'!$E$41*$D8,IF($E8=\"kW\",VLOOKUP(I$4,'4. Billing Determinants'!$B$19:$O$41,5,0)/'4. Billing Determinants'!$F$41*$D8,IF($E8=\"Non-RPP kWh\",VLOOKUP(I$4,'4. Billing Determinants'!$B$19:$O$41,6,0)/'4. Billing Determinants'!$G$41*$D8,IF($E8=\"Distribution Rev.\",VLOOKUP(I$4,'4. Billing Determinants'!$B$19:$O$41,8,0)/'4. Billing Determinants'!$I$41*$D8, VLOOKUP(I$4,'4. Billing Determinants'!$B$19:$O$41,3,0)/'4. Billing Determinants'!$D$41*$D8))))),0)","v":0},{"$f":"IFERROR(IF(J$4=\"\",0,IF($E8=\"kWh\",VLOOKUP(J$4,'4. Billing Determinants'!$B$19:$O$41,4,0)/'4. Billing Determinants'!$E$41*$D8,IF($E8=\"kW\",VLOOKUP(J$4,'4. Billing Determinants'!$B$19:$O$41,5,0)/'4. Billing Determinants'!$F$41*$D8,IF($E8=\"Non-RPP kWh\",VLOOKUP(J$4,'4. Billing Determinants'!$B$19:$O$41,6,0)/'4. Billing Determinants'!$G$41*$D8,IF($E8=\"Distribution Rev.\",VLOOKUP(J$4,'4. Billing Determinants'!$B$19:$O$41,8,0)/'4. Billing Determinants'!$I$41*$D8, VLOOKUP(J$4,'4. Billing Determinants'!$B$19:$O$41,3,0)/'4. Billing Determinants'!$D$41*$D8))))),0)","v":0},{"$f":"IFERROR(IF(K$4=\"\",0,IF($E8=\"kWh\",VLOOKUP(K$4,'4. Billing Determinants'!$B$19:$O$41,4,0)/'4. Billing Determinants'!$E$41*$D8,IF($E8=\"kW\",VLOOKUP(K$4,'4. Billing Determinants'!$B$19:$O$41,5,0)/'4. Billing Determinants'!$F$41*$D8,IF($E8=\"Non-RPP kWh\",VLOOKUP(K$4,'4. Billing Determinants'!$B$19:$O$41,6,0)/'4. Billing Determinants'!$G$41*$D8,IF($E8=\"Distribution Rev.\",VLOOKUP(K$4,'4. Billing Determinants'!$B$19:$O$41,8,0)/'4. Billing Determinants'!$I$41*$D8, VLOOKUP(K$4,'4. Billing Determinants'!$B$19:$O$41,3,0)/'4. Billing Determinants'!$D$41*$D8))))),0)","v":0},{"$f":"IFERROR(IF(L$4=\"\",0,IF($E8=\"kWh\",VLOOKUP(L$4,'4. Billing Determinants'!$B$19:$O$41,4,0)/'4. Billing Determinants'!$E$41*$D8,IF($E8=\"kW\",VLOOKUP(L$4,'4. Billing Determinants'!$B$19:$O$41,5,0)/'4. Billing Determinants'!$F$41*$D8,IF($E8=\"Non-RPP kWh\",VLOOKUP(L$4,'4. Billing Determinants'!$B$19:$O$41,6,0)/'4. Billing Determinants'!$G$41*$D8,IF($E8=\"Distribution Rev.\",VLOOKUP(L$4,'4. Billing Determinants'!$B$19:$O$41,8,0)/'4. Billing Determinants'!$I$41*$D8, VLOOKUP(L$4,'4. Billing Determinants'!$B$19:$O$41,3,0)/'4. Billing Determinants'!$D$41*$D8))))),0)","v":0},{"$f":"IFERROR(IF(M$4=\"\",0,IF($E8=\"kWh\",VLOOKUP(M$4,'4. Billing Determinants'!$B$19:$O$41,4,0)/'4. Billing Determinants'!$E$41*$D8,IF($E8=\"kW\",VLOOKUP(M$4,'4. Billing Determinants'!$B$19:$O$41,5,0)/'4. Billing Determinants'!$F$41*$D8,IF($E8=\"Non-RPP kWh\",VLOOKUP(M$4,'4. Billing Determinants'!$B$19:$O$41,6,0)/'4. Billing Determinants'!$G$41*$D8,IF($E8=\"Distribution Rev.\",VLOOKUP(M$4,'4. Billing Determinants'!$B$19:$O$41,8,0)/'4. Billing Determinants'!$I$41*$D8, VLOOKUP(M$4,'4. Billing Determinants'!$B$19:$O$41,3,0)/'4. Billing Determinants'!$D$41*$D8))))),0)","v":0},{"$f":"IFERROR(IF(N$4=\"\",0,IF($E8=\"kWh\",VLOOKUP(N$4,'4. Billing Determinants'!$B$19:$O$41,4,0)/'4. Billing Determinants'!$E$41*$D8,IF($E8=\"kW\",VLOOKUP(N$4,'4. Billing Determinants'!$B$19:$O$41,5,0)/'4. Billing Determinants'!$F$41*$D8,IF($E8=\"Non-RPP kWh\",VLOOKUP(N$4,'4. Billing Determinants'!$B$19:$O$41,6,0)/'4. Billing Determinants'!$G$41*$D8,IF($E8=\"Distribution Rev.\",VLOOKUP(N$4,'4. Billing Determinants'!$B$19:$O$41,8,0)/'4. Billing Determinants'!$I$41*$D8, VLOOKUP(N$4,'4. Billing Determinants'!$B$19:$O$41,3,0)/'4. Billing Determinants'!$D$41*$D8))))),0)","v":0},{"$f":"IFERROR(IF(O$4=\"\",0,IF($E8=\"kWh\",VLOOKUP(O$4,'4. Billing Determinants'!$B$19:$O$41,4,0)/'4. Billing Determinants'!$E$41*$D8,IF($E8=\"kW\",VLOOKUP(O$4,'4. Billing Determinants'!$B$19:$O$41,5,0)/'4. Billing Determinants'!$F$41*$D8,IF($E8=\"Non-RPP kWh\",VLOOKUP(O$4,'4. Billing Determinants'!$B$19:$O$41,6,0)/'4. Billing Determinants'!$G$41*$D8,IF($E8=\"Distribution Rev.\",VLOOKUP(O$4,'4. Billing Determinants'!$B$19:$O$41,8,0)/'4. Billing Determinants'!$I$41*$D8, VLOOKUP(O$4,'4. Billing Determinants'!$B$19:$O$41,3,0)/'4. Billing Determinants'!$D$41*$D8))))),0)","v":0},{"$f":"IFERROR(IF(P$4=\"\",0,IF($E8=\"kWh\",VLOOKUP(P$4,'4. Billing Determinants'!$B$19:$O$41,4,0)/'4. Billing Determinants'!$E$41*$D8,IF($E8=\"kW\",VLOOKUP(P$4,'4. Billing Determinants'!$B$19:$O$41,5,0)/'4. Billing Determinants'!$F$41*$D8,IF($E8=\"Non-RPP kWh\",VLOOKUP(P$4,'4. Billing Determinants'!$B$19:$O$41,6,0)/'4. Billing Determinants'!$G$41*$D8,IF($E8=\"Distribution Rev.\",VLOOKUP(P$4,'4. Billing Determinants'!$B$19:$O$41,8,0)/'4. Billing Determinants'!$I$41*$D8, VLOOKUP(P$4,'4. Billing Determinants'!$B$19:$O$41,3,0)/'4. Billing Determinants'!$D$41*$D8))))),0)","v":0},{"$f":"IFERROR(IF(Q$4=\"\",0,IF($E8=\"kWh\",VLOOKUP(Q$4,'4. Billing Determinants'!$B$19:$O$41,4,0)/'4. Billing Determinants'!$E$41*$D8,IF($E8=\"kW\",VLOOKUP(Q$4,'4. Billing Determinants'!$B$19:$O$41,5,0)/'4. Billing Determinants'!$F$41*$D8,IF($E8=\"Non-RPP kWh\",VLOOKUP(Q$4,'4. Billing Determinants'!$B$19:$O$41,6,0)/'4. Billing Determinants'!$G$41*$D8,IF($E8=\"Distribution Rev.\",VLOOKUP(Q$4,'4. Billing Determinants'!$B$19:$O$41,8,0)/'4. Billing Determinants'!$I$41*$D8, VLOOKUP(Q$4,'4. Billing Determinants'!$B$19:$O$41,3,0)/'4. Billing Determinants'!$D$41*$D8))))),0)","v":0},{"$f":"IFERROR(IF(R$4=\"\",0,IF($E8=\"kWh\",VLOOKUP(R$4,'4. Billing Determinants'!$B$19:$O$41,4,0)/'4. Billing Determinants'!$E$41*$D8,IF($E8=\"kW\",VLOOKUP(R$4,'4. Billing Determinants'!$B$19:$O$41,5,0)/'4. Billing Determinants'!$F$41*$D8,IF($E8=\"Non-RPP kWh\",VLOOKUP(R$4,'4. Billing Determinants'!$B$19:$O$41,6,0)/'4. Billing Determinants'!$G$41*$D8,IF($E8=\"Distribution Rev.\",VLOOKUP(R$4,'4. Billing Determinants'!$B$19:$O$41,8,0)/'4. Billing Determinants'!$I$41*$D8, VLOOKUP(R$4,'4. Billing Determinants'!$B$19:$O$41,3,0)/'4. Billing Determinants'!$D$41*$D8))))),0)","v":0},{"$f":"IFERROR(IF(S$4=\"\",0,IF($E8=\"kWh\",VLOOKUP(S$4,'4. Billing Determinants'!$B$19:$O$41,4,0)/'4. Billing Determinants'!$E$41*$D8,IF($E8=\"kW\",VLOOKUP(S$4,'4. Billing Determinants'!$B$19:$O$41,5,0)/'4. Billing Determinants'!$F$41*$D8,IF($E8=\"Non-RPP kWh\",VLOOKUP(S$4,'4. Billing Determinants'!$B$19:$O$41,6,0)/'4. Billing Determinants'!$G$41*$D8,IF($E8=\"Distribution Rev.\",VLOOKUP(S$4,'4. Billing Determinants'!$B$19:$O$41,8,0)/'4. Billing Determinants'!$I$41*$D8, VLOOKUP(S$4,'4. Billing Determinants'!$B$19:$O$41,3,0)/'4. Billing Determinants'!$D$41*$D8))))),0)","v":0},{"$f":"IFERROR(IF(T$4=\"\",0,IF($E8=\"kWh\",VLOOKUP(T$4,'4. Billing Determinants'!$B$19:$O$41,4,0)/'4. Billing Determinants'!$E$41*$D8,IF($E8=\"kW\",VLOOKUP(T$4,'4. Billing Determinants'!$B$19:$O$41,5,0)/'4. Billing Determinants'!$F$41*$D8,IF($E8=\"Non-RPP kWh\",VLOOKUP(T$4,'4. Billing Determinants'!$B$19:$O$41,6,0)/'4. Billing Determinants'!$G$41*$D8,IF($E8=\"Distribution Rev.\",VLOOKUP(T$4,'4. Billing Determinants'!$B$19:$O$41,8,0)/'4. Billing Determinants'!$I$41*$D8, VLOOKUP(T$4,'4. Billing Determinants'!$B$19:$O$41,3,0)/'4. Billing Determinants'!$D$41*$D8))))),0)","v":0},{"$f":"IFERROR(IF(U$4=\"\",0,IF($E8=\"kWh\",VLOOKUP(U$4,'4. Billing Determinants'!$B$19:$O$41,4,0)/'4. Billing Determinants'!$E$41*$D8,IF($E8=\"kW\",VLOOKUP(U$4,'4. Billing Determinants'!$B$19:$O$41,5,0)/'4. Billing Determinants'!$F$41*$D8,IF($E8=\"Non-RPP kWh\",VLOOKUP(U$4,'4. Billing Determinants'!$B$19:$O$41,6,0)/'4. Billing Determinants'!$G$41*$D8,IF($E8=\"Distribution Rev.\",VLOOKUP(U$4,'4. Billing Determinants'!$B$19:$O$41,8,0)/'4. Billing Determinants'!$I$41*$D8, VLOOKUP(U$4,'4. Billing Determinants'!$B$19:$O$41,3,0)/'4. Billing Determinants'!$D$41*$D8))))),0)","v":0},{"$f":"IFERROR(IF(V$4=\"\",0,IF($E8=\"kWh\",VLOOKUP(V$4,'4. Billing Determinants'!$B$19:$O$41,4,0)/'4. Billing Determinants'!$E$41*$D8,IF($E8=\"kW\",VLOOKUP(V$4,'4. Billing Determinants'!$B$19:$O$41,5,0)/'4. Billing Determinants'!$F$41*$D8,IF($E8=\"Non-RPP kWh\",VLOOKUP(V$4,'4. Billing Determinants'!$B$19:$O$41,6,0)/'4. Billing Determinants'!$G$41*$D8,IF($E8=\"Distribution Rev.\",VLOOKUP(V$4,'4. Billing Determinants'!$B$19:$O$41,8,0)/'4. Billing Determinants'!$I$41*$D8, VLOOKUP(V$4,'4. Billing Determinants'!$B$19:$O$41,3,0)/'4. Billing Determinants'!$D$41*$D8))))),0)","v":0},{"$f":"IFERROR(IF(W$4=\"\",0,IF($E8=\"kWh\",VLOOKUP(W$4,'4. Billing Determinants'!$B$19:$O$41,4,0)/'4. Billing Determinants'!$E$41*$D8,IF($E8=\"kW\",VLOOKUP(W$4,'4. Billing Determinants'!$B$19:$O$41,5,0)/'4. Billing Determinants'!$F$41*$D8,IF($E8=\"Non-RPP kWh\",VLOOKUP(W$4,'4. Billing Determinants'!$B$19:$O$41,6,0)/'4. Billing Determinants'!$G$41*$D8,IF($E8=\"Distribution Rev.\",VLOOKUP(W$4,'4. Billing Determinants'!$B$19:$O$41,8,0)/'4. Billing Determinants'!$I$41*$D8, VLOOKUP(W$4,'4. Billing Determinants'!$B$19:$O$41,3,0)/'4. Billing Determinants'!$D$41*$D8))))),0)","v":0},{"$f":"IFERROR(IF(X$4=\"\",0,IF($E8=\"kWh\",VLOOKUP(X$4,'4. Billing Determinants'!$B$19:$O$41,4,0)/'4. Billing Determinants'!$E$41*$D8,IF($E8=\"kW\",VLOOKUP(X$4,'4. Billing Determinants'!$B$19:$O$41,5,0)/'4. Billing Determinants'!$F$41*$D8,IF($E8=\"Non-RPP kWh\",VLOOKUP(X$4,'4. Billing Determinants'!$B$19:$O$41,6,0)/'4. Billing Determinants'!$G$41*$D8,IF($E8=\"Distribution Rev.\",VLOOKUP(X$4,'4. Billing Determinants'!$B$19:$O$41,8,0)/'4. Billing Determinants'!$I$41*$D8, VLOOKUP(X$4,'4. Billing Determinants'!$B$19:$O$41,3,0)/'4. Billing Determinants'!$D$41*$D8))))),0)","v":0},{"$f":"IFERROR(IF(Y$4=\"\",0,IF($E8=\"kWh\",VLOOKUP(Y$4,'4. Billing Determinants'!$B$19:$O$41,4,0)/'4. Billing Determinants'!$E$41*$D8,IF($E8=\"kW\",VLOOKUP(Y$4,'4. Billing Determinants'!$B$19:$O$41,5,0)/'4. Billing Determinants'!$F$41*$D8,IF($E8=\"Non-RPP kWh\",VLOOKUP(Y$4,'4. Billing Determinants'!$B$19:$O$41,6,0)/'4. Billing Determinants'!$G$41*$D8,IF($E8=\"Distribution Rev.\",VLOOKUP(Y$4,'4. Billing Determinants'!$B$19:$O$41,8,0)/'4. Billing Determinants'!$I$41*$D8, VLOOKUP(Y$4,'4. Billing Determinants'!$B$19:$O$41,3,0)/'4. Billing Determinants'!$D$41*$D8))))),0)","v":0}]
[null,"RSVA - Power (excluding Global Adjustment)",1588,{"$f":"'2. 2013 Continuity Schedule'!CP28","v":0},null,{"$f":"IFERROR(IF(F$4=\"\",0,IF($E9=\"kWh\",VLOOKUP(F$4,'4. Billing Determinants'!$B$19:$O$41,4,0)/'4. Billing Determinants'!$E$41*$D9,IF($E9=\"kW\",VLOOKUP(F$4,'4. Billing Determinants'!$B$19:$O$41,5,0)/'4. Billing Determinants'!$F$41*$D9,IF($E9=\"Non-RPP kWh\",VLOOKUP(F$4,'4. Billing Determinants'!$B$19:$O$41,6,0)/'4. Billing Determinants'!$G$41*$D9,IF($E9=\"Distribution Rev.\",VLOOKUP(F$4,'4. Billing Determinants'!$B$19:$O$41,8,0)/'4. Billing Determinants'!$I$41*$D9, VLOOKUP(F$4,'4. Billing Determinants'!$B$19:$O$41,3,0)/'4. Billing Determinants'!$D$41*$D9))))),0)","v":0},{"$f":"IFERROR(IF(G$4=\"\",0,IF($E9=\"kWh\",VLOOKUP(G$4,'4. Billing Determinants'!$B$19:$O$41,4,0)/'4. Billing Determinants'!$E$41*$D9,IF($E9=\"kW\",VLOOKUP(G$4,'4. Billing Determinants'!$B$19:$O$41,5,0)/'4. Billing Determinants'!$F$41*$D9,IF($E9=\"Non-RPP kWh\",VLOOKUP(G$4,'4. Billing Determinants'!$B$19:$O$41,6,0)/'4. Billing Determinants'!$G$41*$D9,IF($E9=\"Distribution Rev.\",VLOOKUP(G$4,'4. Billing Determinants'!$B$19:$O$41,8,0)/'4. Billing Determinants'!$I$41*$D9, VLOOKUP(G$4,'4. Billing Determinants'!$B$19:$O$41,3,0)/'4. Billing Determinants'!$D$41*$D9))))),0)","v":0},{"$f":"IFERROR(IF(H$4=\"\",0,IF($E9=\"kWh\",VLOOKUP(H$4,'4. Billing Determinants'!$B$19:$O$41,4,0)/'4. Billing Determinants'!$E$41*$D9,IF($E9=\"kW\",VLOOKUP(H$4,'4. Billing Determinants'!$B$19:$O$41,5,0)/'4. Billing Determinants'!$F$41*$D9,IF($E9=\"Non-RPP kWh\",VLOOKUP(H$4,'4. Billing Determinants'!$B$19:$O$41,6,0)/'4. Billing Determinants'!$G$41*$D9,IF($E9=\"Distribution Rev.\",VLOOKUP(H$4,'4. Billing Determinants'!$B$19:$O$41,8,0)/'4. Billing Determinants'!$I$41*$D9, VLOOKUP(H$4,'4. Billing Determinants'!$B$19:$O$41,3,0)/'4. Billing Determinants'!$D$41*$D9))))),0)","v":0},{"$f":"IFERROR(IF(I$4=\"\",0,IF($E9=\"kWh\",VLOOKUP(I$4,'4. Billing Determinants'!$B$19:$O$41,4,0)/'4. Billing Determinants'!$E$41*$D9,IF($E9=\"kW\",VLOOKUP(I$4,'4. Billing Determinants'!$B$19:$O$41,5,0)/'4. Billing Determinants'!$F$41*$D9,IF($E9=\"Non-RPP kWh\",VLOOKUP(I$4,'4. Billing Determinants'!$B$19:$O$41,6,0)/'4. Billing Determinants'!$G$41*$D9,IF($E9=\"Distribution Rev.\",VLOOKUP(I$4,'4. Billing Determinants'!$B$19:$O$41,8,0)/'4. Billing Determinants'!$I$41*$D9, VLOOKUP(I$4,'4. Billing Determinants'!$B$19:$O$41,3,0)/'4. Billing Determinants'!$D$41*$D9))))),0)","v":0},{"$f":"IFERROR(IF(J$4=\"\",0,IF($E9=\"kWh\",VLOOKUP(J$4,'4. Billing Determinants'!$B$19:$O$41,4,0)/'4. Billing Determinants'!$E$41*$D9,IF($E9=\"kW\",VLOOKUP(J$4,'4. Billing Determinants'!$B$19:$O$41,5,0)/'4. Billing Determinants'!$F$41*$D9,IF($E9=\"Non-RPP kWh\",VLOOKUP(J$4,'4. Billing Determinants'!$B$19:$O$41,6,0)/'4. Billing Determinants'!$G$41*$D9,IF($E9=\"Distribution Rev.\",VLOOKUP(J$4,'4. Billing Determinants'!$B$19:$O$41,8,0)/'4. Billing Determinants'!$I$41*$D9, VLOOKUP(J$4,'4. Billing Determinants'!$B$19:$O$41,3,0)/'4. Billing Determinants'!$D$41*$D9))))),0)","v":0},{"$f":"IFERROR(IF(K$4=\"\",0,IF($E9=\"kWh\",VLOOKUP(K$4,'4. Billing Determinants'!$B$19:$O$41,4,0)/'4. Billing Determinants'!$E$41*$D9,IF($E9=\"kW\",VLOOKUP(K$4,'4. Billing Determinants'!$B$19:$O$41,5,0)/'4. Billing Determinants'!$F$41*$D9,IF($E9=\"Non-RPP kWh\",VLOOKUP(K$4,'4. Billing Determinants'!$B$19:$O$41,6,0)/'4. Billing Determinants'!$G$41*$D9,IF($E9=\"Distribution Rev.\",VLOOKUP(K$4,'4. Billing Determinants'!$B$19:$O$41,8,0)/'4. Billing Determinants'!$I$41*$D9, VLOOKUP(K$4,'4. Billing Determinants'!$B$19:$O$41,3,0)/'4. Billing Determinants'!$D$41*$D9))))),0)","v":0},{"$f":"IFERROR(IF(L$4=\"\",0,IF($E9=\"kWh\",VLOOKUP(L$4,'4. Billing Determinants'!$B$19:$O$41,4,0)/'4. Billing Determinants'!$E$41*$D9,IF($E9=\"kW\",VLOOKUP(L$4,'4. Billing Determinants'!$B$19:$O$41,5,0)/'4. Billing Determinants'!$F$41*$D9,IF($E9=\"Non-RPP kWh\",VLOOKUP(L$4,'4. Billing Determinants'!$B$19:$O$41,6,0)/'4. Billing Determinants'!$G$41*$D9,IF($E9=\"Distribution Rev.\",VLOOKUP(L$4,'4. Billing Determinants'!$B$19:$O$41,8,0)/'4. Billing Determinants'!$I$41*$D9, VLOOKUP(L$4,'4. Billing Determinants'!$B$19:$O$41,3,0)/'4. Billing Determinants'!$D$41*$D9))))),0)","v":0},{"$f":"IFERROR(IF(M$4=\"\",0,IF($E9=\"kWh\",VLOOKUP(M$4,'4. Billing Determinants'!$B$19:$O$41,4,0)/'4. Billing Determinants'!$E$41*$D9,IF($E9=\"kW\",VLOOKUP(M$4,'4. Billing Determinants'!$B$19:$O$41,5,0)/'4. Billing Determinants'!$F$41*$D9,IF($E9=\"Non-RPP kWh\",VLOOKUP(M$4,'4. Billing Determinants'!$B$19:$O$41,6,0)/'4. Billing Determinants'!$G$41*$D9,IF($E9=\"Distribution Rev.\",VLOOKUP(M$4,'4. Billing Determinants'!$B$19:$O$41,8,0)/'4. Billing Determinants'!$I$41*$D9, VLOOKUP(M$4,'4. Billing Determinants'!$B$19:$O$41,3,0)/'4. Billing Determinants'!$D$41*$D9))))),0)","v":0},{"$f":"IFERROR(IF(N$4=\"\",0,IF($E9=\"kWh\",VLOOKUP(N$4,'4. Billing Determinants'!$B$19:$O$41,4,0)/'4. Billing Determinants'!$E$41*$D9,IF($E9=\"kW\",VLOOKUP(N$4,'4. Billing Determinants'!$B$19:$O$41,5,0)/'4. Billing Determinants'!$F$41*$D9,IF($E9=\"Non-RPP kWh\",VLOOKUP(N$4,'4. Billing Determinants'!$B$19:$O$41,6,0)/'4. Billing Determinants'!$G$41*$D9,IF($E9=\"Distribution Rev.\",VLOOKUP(N$4,'4. Billing Determinants'!$B$19:$O$41,8,0)/'4. Billing Determinants'!$I$41*$D9, VLOOKUP(N$4,'4. Billing Determinants'!$B$19:$O$41,3,0)/'4. Billing Determinants'!$D$41*$D9))))),0)","v":0},{"$f":"IFERROR(IF(O$4=\"\",0,IF($E9=\"kWh\",VLOOKUP(O$4,'4. Billing Determinants'!$B$19:$O$41,4,0)/'4. Billing Determinants'!$E$41*$D9,IF($E9=\"kW\",VLOOKUP(O$4,'4. Billing Determinants'!$B$19:$O$41,5,0)/'4. Billing Determinants'!$F$41*$D9,IF($E9=\"Non-RPP kWh\",VLOOKUP(O$4,'4. Billing Determinants'!$B$19:$O$41,6,0)/'4. Billing Determinants'!$G$41*$D9,IF($E9=\"Distribution Rev.\",VLOOKUP(O$4,'4. Billing Determinants'!$B$19:$O$41,8,0)/'4. Billing Determinants'!$I$41*$D9, VLOOKUP(O$4,'4. Billing Determinants'!$B$19:$O$41,3,0)/'4. Billing Determinants'!$D$41*$D9))))),0)","v":0},{"$f":"IFERROR(IF(P$4=\"\",0,IF($E9=\"kWh\",VLOOKUP(P$4,'4. Billing Determinants'!$B$19:$O$41,4,0)/'4. Billing Determinants'!$E$41*$D9,IF($E9=\"kW\",VLOOKUP(P$4,'4. Billing Determinants'!$B$19:$O$41,5,0)/'4. Billing Determinants'!$F$41*$D9,IF($E9=\"Non-RPP kWh\",VLOOKUP(P$4,'4. Billing Determinants'!$B$19:$O$41,6,0)/'4. Billing Determinants'!$G$41*$D9,IF($E9=\"Distribution Rev.\",VLOOKUP(P$4,'4. Billing Determinants'!$B$19:$O$41,8,0)/'4. Billing Determinants'!$I$41*$D9, VLOOKUP(P$4,'4. Billing Determinants'!$B$19:$O$41,3,0)/'4. Billing Determinants'!$D$41*$D9))))),0)","v":0},{"$f":"IFERROR(IF(Q$4=\"\",0,IF($E9=\"kWh\",VLOOKUP(Q$4,'4. Billing Determinants'!$B$19:$O$41,4,0)/'4. Billing Determinants'!$E$41*$D9,IF($E9=\"kW\",VLOOKUP(Q$4,'4. Billing Determinants'!$B$19:$O$41,5,0)/'4. Billing Determinants'!$F$41*$D9,IF($E9=\"Non-RPP kWh\",VLOOKUP(Q$4,'4. Billing Determinants'!$B$19:$O$41,6,0)/'4. Billing Determinants'!$G$41*$D9,IF($E9=\"Distribution Rev.\",VLOOKUP(Q$4,'4. Billing Determinants'!$B$19:$O$41,8,0)/'4. Billing Determinants'!$I$41*$D9, VLOOKUP(Q$4,'4. Billing Determinants'!$B$19:$O$41,3,0)/'4. Billing Determinants'!$D$41*$D9))))),0)","v":0},{"$f":"IFERROR(IF(R$4=\"\",0,IF($E9=\"kWh\",VLOOKUP(R$4,'4. Billing Determinants'!$B$19:$O$41,4,0)/'4. Billing Determinants'!$E$41*$D9,IF($E9=\"kW\",VLOOKUP(R$4,'4. Billing Determinants'!$B$19:$O$41,5,0)/'4. Billing Determinants'!$F$41*$D9,IF($E9=\"Non-RPP kWh\",VLOOKUP(R$4,'4. Billing Determinants'!$B$19:$O$41,6,0)/'4. Billing Determinants'!$G$41*$D9,IF($E9=\"Distribution Rev.\",VLOOKUP(R$4,'4. Billing Determinants'!$B$19:$O$41,8,0)/'4. Billing Determinants'!$I$41*$D9, VLOOKUP(R$4,'4. Billing Determinants'!$B$19:$O$41,3,0)/'4. Billing Determinants'!$D$41*$D9))))),0)","v":0},{"$f":"IFERROR(IF(S$4=\"\",0,IF($E9=\"kWh\",VLOOKUP(S$4,'4. Billing Determinants'!$B$19:$O$41,4,0)/'4. Billing Determinants'!$E$41*$D9,IF($E9=\"kW\",VLOOKUP(S$4,'4. Billing Determinants'!$B$19:$O$41,5,0)/'4. Billing Determinants'!$F$41*$D9,IF($E9=\"Non-RPP kWh\",VLOOKUP(S$4,'4. Billing Determinants'!$B$19:$O$41,6,0)/'4. Billing Determinants'!$G$41*$D9,IF($E9=\"Distribution Rev.\",VLOOKUP(S$4,'4. Billing Determinants'!$B$19:$O$41,8,0)/'4. Billing Determinants'!$I$41*$D9, VLOOKUP(S$4,'4. Billing Determinants'!$B$19:$O$41,3,0)/'4. Billing Determinants'!$D$41*$D9))))),0)","v":0},{"$f":"IFERROR(IF(T$4=\"\",0,IF($E9=\"kWh\",VLOOKUP(T$4,'4. Billing Determinants'!$B$19:$O$41,4,0)/'4. Billing Determinants'!$E$41*$D9,IF($E9=\"kW\",VLOOKUP(T$4,'4. Billing Determinants'!$B$19:$O$41,5,0)/'4. Billing Determinants'!$F$41*$D9,IF($E9=\"Non-RPP kWh\",VLOOKUP(T$4,'4. Billing Determinants'!$B$19:$O$41,6,0)/'4. Billing Determinants'!$G$41*$D9,IF($E9=\"Distribution Rev.\",VLOOKUP(T$4,'4. Billing Determinants'!$B$19:$O$41,8,0)/'4. Billing Determinants'!$I$41*$D9, VLOOKUP(T$4,'4. Billing Determinants'!$B$19:$O$41,3,0)/'4. Billing Determinants'!$D$41*$D9))))),0)","v":0},{"$f":"IFERROR(IF(U$4=\"\",0,IF($E9=\"kWh\",VLOOKUP(U$4,'4. Billing Determinants'!$B$19:$O$41,4,0)/'4. Billing Determinants'!$E$41*$D9,IF($E9=\"kW\",VLOOKUP(U$4,'4. Billing Determinants'!$B$19:$O$41,5,0)/'4. Billing Determinants'!$F$41*$D9,IF($E9=\"Non-RPP kWh\",VLOOKUP(U$4,'4. Billing Determinants'!$B$19:$O$41,6,0)/'4. Billing Determinants'!$G$41*$D9,IF($E9=\"Distribution Rev.\",VLOOKUP(U$4,'4. Billing Determinants'!$B$19:$O$41,8,0)/'4. Billing Determinants'!$I$41*$D9, VLOOKUP(U$4,'4. Billing Determinants'!$B$19:$O$41,3,0)/'4. Billing Determinants'!$D$41*$D9))))),0)","v":0},{"$f":"IFERROR(IF(V$4=\"\",0,IF($E9=\"kWh\",VLOOKUP(V$4,'4. Billing Determinants'!$B$19:$O$41,4,0)/'4. Billing Determinants'!$E$41*$D9,IF($E9=\"kW\",VLOOKUP(V$4,'4. Billing Determinants'!$B$19:$O$41,5,0)/'4. Billing Determinants'!$F$41*$D9,IF($E9=\"Non-RPP kWh\",VLOOKUP(V$4,'4. Billing Determinants'!$B$19:$O$41,6,0)/'4. Billing Determinants'!$G$41*$D9,IF($E9=\"Distribution Rev.\",VLOOKUP(V$4,'4. Billing Determinants'!$B$19:$O$41,8,0)/'4. Billing Determinants'!$I$41*$D9, VLOOKUP(V$4,'4. Billing Determinants'!$B$19:$O$41,3,0)/'4. Billing Determinants'!$D$41*$D9))))),0)","v":0},{"$f":"IFERROR(IF(W$4=\"\",0,IF($E9=\"kWh\",VLOOKUP(W$4,'4. Billing Determinants'!$B$19:$O$41,4,0)/'4. Billing Determinants'!$E$41*$D9,IF($E9=\"kW\",VLOOKUP(W$4,'4. Billing Determinants'!$B$19:$O$41,5,0)/'4. Billing Determinants'!$F$41*$D9,IF($E9=\"Non-RPP kWh\",VLOOKUP(W$4,'4. Billing Determinants'!$B$19:$O$41,6,0)/'4. Billing Determinants'!$G$41*$D9,IF($E9=\"Distribution Rev.\",VLOOKUP(W$4,'4. Billing Determinants'!$B$19:$O$41,8,0)/'4. Billing Determinants'!$I$41*$D9, VLOOKUP(W$4,'4. Billing Determinants'!$B$19:$O$41,3,0)/'4. Billing Determinants'!$D$41*$D9))))),0)","v":0},{"$f":"IFERROR(IF(X$4=\"\",0,IF($E9=\"kWh\",VLOOKUP(X$4,'4. Billing Determinants'!$B$19:$O$41,4,0)/'4. Billing Determinants'!$E$41*$D9,IF($E9=\"kW\",VLOOKUP(X$4,'4. Billing Determinants'!$B$19:$O$41,5,0)/'4. Billing Determinants'!$F$41*$D9,IF($E9=\"Non-RPP kWh\",VLOOKUP(X$4,'4. Billing Determinants'!$B$19:$O$41,6,0)/'4. Billing Determinants'!$G$41*$D9,IF($E9=\"Distribution Rev.\",VLOOKUP(X$4,'4. Billing Determinants'!$B$19:$O$41,8,0)/'4. Billing Determinants'!$I$41*$D9, VLOOKUP(X$4,'4. Billing Determinants'!$B$19:$O$41,3,0)/'4. Billing Determinants'!$D$41*$D9))))),0)","v":0},{"$f":"IFERROR(IF(Y$4=\"\",0,IF($E9=\"kWh\",VLOOKUP(Y$4,'4. Billing Determinants'!$B$19:$O$41,4,0)/'4. Billing Determinants'!$E$41*$D9,IF($E9=\"kW\",VLOOKUP(Y$4,'4. Billing Determinants'!$B$19:$O$41,5,0)/'4. Billing Determinants'!$F$41*$D9,IF($E9=\"Non-RPP kWh\",VLOOKUP(Y$4,'4. Billing Determinants'!$B$19:$O$41,6,0)/'4. Billing Determinants'!$G$41*$D9,IF($E9=\"Distribution Rev.\",VLOOKUP(Y$4,'4. Billing Determinants'!$B$19:$O$41,8,0)/'4. Billing Determinants'!$I$41*$D9, VLOOKUP(Y$4,'4. Billing Determinants'!$B$19:$O$41,3,0)/'4. Billing Determinants'!$D$41*$D9))))),0)","v":0}]
[null,"RSVA - Global Adjustment",1589,{"$f":"'2. 2013 Continuity Schedule'!CP29","v":0},null,{"$f":"IFERROR(IF(F$4=\"\",0,IF($E10=\"kWh\",VLOOKUP(F$4,'4. Billing Determinants'!$B$19:$O$41,4,0)/'4. Billing Determinants'!$E$41*$D10,IF($E10=\"kW\",VLOOKUP(F$4,'4. Billing Determinants'!$B$19:$O$41,5,0)/'4. Billing Determinants'!$F$41*$D10,IF($E10=\"Non-RPP kWh\",VLOOKUP(F$4,'4. Billing Determinants'!$B$19:$O$41,6,0)/'4. Billing Determinants'!$G$41*$D10,IF($E10=\"Distribution Rev.\",VLOOKUP(F$4,'4. Billing Determinants'!$B$19:$O$41,8,0)/'4. Billing Determinants'!$I$41*$D10, VLOOKUP(F$4,'4. Billing Determinants'!$B$19:$O$41,3,0)/'4. Billing Determinants'!$D$41*$D10))))),0)","v":0},{"$f":"IFERROR(IF(G$4=\"\",0,IF($E10=\"kWh\",VLOOKUP(G$4,'4. Billing Determinants'!$B$19:$O$41,4,0)/'4. Billing Determinants'!$E$41*$D10,IF($E10=\"kW\",VLOOKUP(G$4,'4. Billing Determinants'!$B$19:$O$41,5,0)/'4. Billing Determinants'!$F$41*$D10,IF($E10=\"Non-RPP kWh\",VLOOKUP(G$4,'4. Billing Determinants'!$B$19:$O$41,6,0)/'4. Billing Determinants'!$G$41*$D10,IF($E10=\"Distribution Rev.\",VLOOKUP(G$4,'4. Billing Determinants'!$B$19:$O$41,8,0)/'4. Billing Determinants'!$I$41*$D10, VLOOKUP(G$4,'4. Billing Determinants'!$B$19:$O$41,3,0)/'4. Billing Determinants'!$D$41*$D10))))),0)","v":0},{"$f":"IFERROR(IF(H$4=\"\",0,IF($E10=\"kWh\",VLOOKUP(H$4,'4. Billing Determinants'!$B$19:$O$41,4,0)/'4. Billing Determinants'!$E$41*$D10,IF($E10=\"kW\",VLOOKUP(H$4,'4. Billing Determinants'!$B$19:$O$41,5,0)/'4. Billing Determinants'!$F$41*$D10,IF($E10=\"Non-RPP kWh\",VLOOKUP(H$4,'4. Billing Determinants'!$B$19:$O$41,6,0)/'4. Billing Determinants'!$G$41*$D10,IF($E10=\"Distribution Rev.\",VLOOKUP(H$4,'4. Billing Determinants'!$B$19:$O$41,8,0)/'4. Billing Determinants'!$I$41*$D10, VLOOKUP(H$4,'4. Billing Determinants'!$B$19:$O$41,3,0)/'4. Billing Determinants'!$D$41*$D10))))),0)","v":0},{"$f":"IFERROR(IF(I$4=\"\",0,IF($E10=\"kWh\",VLOOKUP(I$4,'4. Billing Determinants'!$B$19:$O$41,4,0)/'4. Billing Determinants'!$E$41*$D10,IF($E10=\"kW\",VLOOKUP(I$4,'4. Billing Determinants'!$B$19:$O$41,5,0)/'4. Billing Determinants'!$F$41*$D10,IF($E10=\"Non-RPP kWh\",VLOOKUP(I$4,'4. Billing Determinants'!$B$19:$O$41,6,0)/'4. Billing Determinants'!$G$41*$D10,IF($E10=\"Distribution Rev.\",VLOOKUP(I$4,'4. Billing Determinants'!$B$19:$O$41,8,0)/'4. Billing Determinants'!$I$41*$D10, VLOOKUP(I$4,'4. Billing Determinants'!$B$19:$O$41,3,0)/'4. Billing Determinants'!$D$41*$D10))))),0)","v":0},{"$f":"IFERROR(IF(J$4=\"\",0,IF($E10=\"kWh\",VLOOKUP(J$4,'4. Billing Determinants'!$B$19:$O$41,4,0)/'4. Billing Determinants'!$E$41*$D10,IF($E10=\"kW\",VLOOKUP(J$4,'4. Billing Determinants'!$B$19:$O$41,5,0)/'4. Billing Determinants'!$F$41*$D10,IF($E10=\"Non-RPP kWh\",VLOOKUP(J$4,'4. Billing Determinants'!$B$19:$O$41,6,0)/'4. Billing Determinants'!$G$41*$D10,IF($E10=\"Distribution Rev.\",VLOOKUP(J$4,'4. Billing Determinants'!$B$19:$O$41,8,0)/'4. Billing Determinants'!$I$41*$D10, VLOOKUP(J$4,'4. Billing Determinants'!$B$19:$O$41,3,0)/'4. Billing Determinants'!$D$41*$D10))))),0)","v":0},{"$f":"IFERROR(IF(K$4=\"\",0,IF($E10=\"kWh\",VLOOKUP(K$4,'4. Billing Determinants'!$B$19:$O$41,4,0)/'4. Billing Determinants'!$E$41*$D10,IF($E10=\"kW\",VLOOKUP(K$4,'4. Billing Determinants'!$B$19:$O$41,5,0)/'4. Billing Determinants'!$F$41*$D10,IF($E10=\"Non-RPP kWh\",VLOOKUP(K$4,'4. Billing Determinants'!$B$19:$O$41,6,0)/'4. Billing Determinants'!$G$41*$D10,IF($E10=\"Distribution Rev.\",VLOOKUP(K$4,'4. Billing Determinants'!$B$19:$O$41,8,0)/'4. Billing Determinants'!$I$41*$D10, VLOOKUP(K$4,'4. Billing Determinants'!$B$19:$O$41,3,0)/'4. Billing Determinants'!$D$41*$D10))))),0)","v":0},{"$f":"IFERROR(IF(L$4=\"\",0,IF($E10=\"kWh\",VLOOKUP(L$4,'4. Billing Determinants'!$B$19:$O$41,4,0)/'4. Billing Determinants'!$E$41*$D10,IF($E10=\"kW\",VLOOKUP(L$4,'4. Billing Determinants'!$B$19:$O$41,5,0)/'4. Billing Determinants'!$F$41*$D10,IF($E10=\"Non-RPP kWh\",VLOOKUP(L$4,'4. Billing Determinants'!$B$19:$O$41,6,0)/'4. Billing Determinants'!$G$41*$D10,IF($E10=\"Distribution Rev.\",VLOOKUP(L$4,'4. Billing Determinants'!$B$19:$O$41,8,0)/'4. Billing Determinants'!$I$41*$D10, VLOOKUP(L$4,'4. Billing Determinants'!$B$19:$O$41,3,0)/'4. Billing Determinants'!$D$41*$D10))))),0)","v":0},{"$f":"IFERROR(IF(M$4=\"\",0,IF($E10=\"kWh\",VLOOKUP(M$4,'4. Billing Determinants'!$B$19:$O$41,4,0)/'4. Billing Determinants'!$E$41*$D10,IF($E10=\"kW\",VLOOKUP(M$4,'4. Billing Determinants'!$B$19:$O$41,5,0)/'4. Billing Determinants'!$F$41*$D10,IF($E10=\"Non-RPP kWh\",VLOOKUP(M$4,'4. Billing Determinants'!$B$19:$O$41,6,0)/'4. Billing Determinants'!$G$41*$D10,IF($E10=\"Distribution Rev.\",VLOOKUP(M$4,'4. Billing Determinants'!$B$19:$O$41,8,0)/'4. Billing Determinants'!$I$41*$D10, VLOOKUP(M$4,'4. Billing Determinants'!$B$19:$O$41,3,0)/'4. Billing Determinants'!$D$41*$D10))))),0)","v":0},{"$f":"IFERROR(IF(N$4=\"\",0,IF($E10=\"kWh\",VLOOKUP(N$4,'4. Billing Determinants'!$B$19:$O$41,4,0)/'4. Billing Determinants'!$E$41*$D10,IF($E10=\"kW\",VLOOKUP(N$4,'4. Billing Determinants'!$B$19:$O$41,5,0)/'4. Billing Determinants'!$F$41*$D10,IF($E10=\"Non-RPP kWh\",VLOOKUP(N$4,'4. Billing Determinants'!$B$19:$O$41,6,0)/'4. Billing Determinants'!$G$41*$D10,IF($E10=\"Distribution Rev.\",VLOOKUP(N$4,'4. Billing Determinants'!$B$19:$O$41,8,0)/'4. Billing Determinants'!$I$41*$D10, VLOOKUP(N$4,'4. Billing Determinants'!$B$19:$O$41,3,0)/'4. Billing Determinants'!$D$41*$D10))))),0)","v":0},{"$f":"IFERROR(IF(O$4=\"\",0,IF($E10=\"kWh\",VLOOKUP(O$4,'4. Billing Determinants'!$B$19:$O$41,4,0)/'4. Billing Determinants'!$E$41*$D10,IF($E10=\"kW\",VLOOKUP(O$4,'4. Billing Determinants'!$B$19:$O$41,5,0)/'4. Billing Determinants'!$F$41*$D10,IF($E10=\"Non-RPP kWh\",VLOOKUP(O$4,'4. Billing Determinants'!$B$19:$O$41,6,0)/'4. Billing Determinants'!$G$41*$D10,IF($E10=\"Distribution Rev.\",VLOOKUP(O$4,'4. Billing Determinants'!$B$19:$O$41,8,0)/'4. Billing Determinants'!$I$41*$D10, VLOOKUP(O$4,'4. Billing Determinants'!$B$19:$O$41,3,0)/'4. Billing Determinants'!$D$41*$D10))))),0)","v":0},{"$f":"IFERROR(IF(P$4=\"\",0,IF($E10=\"kWh\",VLOOKUP(P$4,'4. Billing Determinants'!$B$19:$O$41,4,0)/'4. Billing Determinants'!$E$41*$D10,IF($E10=\"kW\",VLOOKUP(P$4,'4. Billing Determinants'!$B$19:$O$41,5,0)/'4. Billing Determinants'!$F$41*$D10,IF($E10=\"Non-RPP kWh\",VLOOKUP(P$4,'4. Billing Determinants'!$B$19:$O$41,6,0)/'4. Billing Determinants'!$G$41*$D10,IF($E10=\"Distribution Rev.\",VLOOKUP(P$4,'4. Billing Determinants'!$B$19:$O$41,8,0)/'4. Billing Determinants'!$I$41*$D10, VLOOKUP(P$4,'4. Billing Determinants'!$B$19:$O$41,3,0)/'4. Billing Determinants'!$D$41*$D10))))),0)","v":0},{"$f":"IFERROR(IF(Q$4=\"\",0,IF($E10=\"kWh\",VLOOKUP(Q$4,'4. Billing Determinants'!$B$19:$O$41,4,0)/'4. Billing Determinants'!$E$41*$D10,IF($E10=\"kW\",VLOOKUP(Q$4,'4. Billing Determinants'!$B$19:$O$41,5,0)/'4. Billing Determinants'!$F$41*$D10,IF($E10=\"Non-RPP kWh\",VLOOKUP(Q$4,'4. Billing Determinants'!$B$19:$O$41,6,0)/'4. Billing Determinants'!$G$41*$D10,IF($E10=\"Distribution Rev.\",VLOOKUP(Q$4,'4. Billing Determinants'!$B$19:$O$41,8,0)/'4. Billing Determinants'!$I$41*$D10, VLOOKUP(Q$4,'4. Billing Determinants'!$B$19:$O$41,3,0)/'4. Billing Determinants'!$D$41*$D10))))),0)","v":0},{"$f":"IFERROR(IF(R$4=\"\",0,IF($E10=\"kWh\",VLOOKUP(R$4,'4. Billing Determinants'!$B$19:$O$41,4,0)/'4. Billing Determinants'!$E$41*$D10,IF($E10=\"kW\",VLOOKUP(R$4,'4. Billing Determinants'!$B$19:$O$41,5,0)/'4. Billing Determinants'!$F$41*$D10,IF($E10=\"Non-RPP kWh\",VLOOKUP(R$4,'4. Billing Determinants'!$B$19:$O$41,6,0)/'4. Billing Determinants'!$G$41*$D10,IF($E10=\"Distribution Rev.\",VLOOKUP(R$4,'4. Billing Determinants'!$B$19:$O$41,8,0)/'4. Billing Determinants'!$I$41*$D10, VLOOKUP(R$4,'4. Billing Determinants'!$B$19:$O$41,3,0)/'4. Billing Determinants'!$D$41*$D10))))),0)","v":0},{"$f":"IFERROR(IF(S$4=\"\",0,IF($E10=\"kWh\",VLOOKUP(S$4,'4. Billing Determinants'!$B$19:$O$41,4,0)/'4. Billing Determinants'!$E$41*$D10,IF($E10=\"kW\",VLOOKUP(S$4,'4. Billing Determinants'!$B$19:$O$41,5,0)/'4. Billing Determinants'!$F$41*$D10,IF($E10=\"Non-RPP kWh\",VLOOKUP(S$4,'4. Billing Determinants'!$B$19:$O$41,6,0)/'4. Billing Determinants'!$G$41*$D10,IF($E10=\"Distribution Rev.\",VLOOKUP(S$4,'4. Billing Determinants'!$B$19:$O$41,8,0)/'4. Billing Determinants'!$I$41*$D10, VLOOKUP(S$4,'4. Billing Determinants'!$B$19:$O$41,3,0)/'4. Billing Determinants'!$D$41*$D10))))),0)","v":0},{"$f":"IFERROR(IF(T$4=\"\",0,IF($E10=\"kWh\",VLOOKUP(T$4,'4. Billing Determinants'!$B$19:$O$41,4,0)/'4. Billing Determinants'!$E$41*$D10,IF($E10=\"kW\",VLOOKUP(T$4,'4. Billing Determinants'!$B$19:$O$41,5,0)/'4. Billing Determinants'!$F$41*$D10,IF($E10=\"Non-RPP kWh\",VLOOKUP(T$4,'4. Billing Determinants'!$B$19:$O$41,6,0)/'4. Billing Determinants'!$G$41*$D10,IF($E10=\"Distribution Rev.\",VLOOKUP(T$4,'4. Billing Determinants'!$B$19:$O$41,8,0)/'4. Billing Determinants'!$I$41*$D10, VLOOKUP(T$4,'4. Billing Determinants'!$B$19:$O$41,3,0)/'4. Billing Determinants'!$D$41*$D10))))),0)","v":0},{"$f":"IFERROR(IF(U$4=\"\",0,IF($E10=\"kWh\",VLOOKUP(U$4,'4. Billing Determinants'!$B$19:$O$41,4,0)/'4. Billing Determinants'!$E$41*$D10,IF($E10=\"kW\",VLOOKUP(U$4,'4. Billing Determinants'!$B$19:$O$41,5,0)/'4. Billing Determinants'!$F$41*$D10,IF($E10=\"Non-RPP kWh\",VLOOKUP(U$4,'4. Billing Determinants'!$B$19:$O$41,6,0)/'4. Billing Determinants'!$G$41*$D10,IF($E10=\"Distribution Rev.\",VLOOKUP(U$4,'4. Billing Determinants'!$B$19:$O$41,8,0)/'4. Billing Determinants'!$I$41*$D10, VLOOKUP(U$4,'4. Billing Determinants'!$B$19:$O$41,3,0)/'4. Billing Determinants'!$D$41*$D10))))),0)","v":0},{"$f":"IFERROR(IF(V$4=\"\",0,IF($E10=\"kWh\",VLOOKUP(V$4,'4. Billing Determinants'!$B$19:$O$41,4,0)/'4. Billing Determinants'!$E$41*$D10,IF($E10=\"kW\",VLOOKUP(V$4,'4. Billing Determinants'!$B$19:$O$41,5,0)/'4. Billing Determinants'!$F$41*$D10,IF($E10=\"Non-RPP kWh\",VLOOKUP(V$4,'4. Billing Determinants'!$B$19:$O$41,6,0)/'4. Billing Determinants'!$G$41*$D10,IF($E10=\"Distribution Rev.\",VLOOKUP(V$4,'4. Billing Determinants'!$B$19:$O$41,8,0)/'4. Billing Determinants'!$I$41*$D10, VLOOKUP(V$4,'4. Billing Determinants'!$B$19:$O$41,3,0)/'4. Billing Determinants'!$D$41*$D10))))),0)","v":0},{"$f":"IFERROR(IF(W$4=\"\",0,IF($E10=\"kWh\",VLOOKUP(W$4,'4. Billing Determinants'!$B$19:$O$41,4,0)/'4. Billing Determinants'!$E$41*$D10,IF($E10=\"kW\",VLOOKUP(W$4,'4. Billing Determinants'!$B$19:$O$41,5,0)/'4. Billing Determinants'!$F$41*$D10,IF($E10=\"Non-RPP kWh\",VLOOKUP(W$4,'4. Billing Determinants'!$B$19:$O$41,6,0)/'4. Billing Determinants'!$G$41*$D10,IF($E10=\"Distribution Rev.\",VLOOKUP(W$4,'4. Billing Determinants'!$B$19:$O$41,8,0)/'4. Billing Determinants'!$I$41*$D10, VLOOKUP(W$4,'4. Billing Determinants'!$B$19:$O$41,3,0)/'4. Billing Determinants'!$D$41*$D10))))),0)","v":0},{"$f":"IFERROR(IF(X$4=\"\",0,IF($E10=\"kWh\",VLOOKUP(X$4,'4. Billing Determinants'!$B$19:$O$41,4,0)/'4. Billing Determinants'!$E$41*$D10,IF($E10=\"kW\",VLOOKUP(X$4,'4. Billing Determinants'!$B$19:$O$41,5,0)/'4. Billing Determinants'!$F$41*$D10,IF($E10=\"Non-RPP kWh\",VLOOKUP(X$4,'4. Billing Determinants'!$B$19:$O$41,6,0)/'4. Billing Determinants'!$G$41*$D10,IF($E10=\"Distribution Rev.\",VLOOKUP(X$4,'4. Billing Determinants'!$B$19:$O$41,8,0)/'4. Billing Determinants'!$I$41*$D10, VLOOKUP(X$4,'4. Billing Determinants'!$B$19:$O$41,3,0)/'4. Billing Determinants'!$D$41*$D10))))),0)","v":0},{"$f":"IFERROR(IF(Y$4=\"\",0,IF($E10=\"kWh\",VLOOKUP(Y$4,'4. Billing Determinants'!$B$19:$O$41,4,0)/'4. Billing Determinants'!$E$41*$D10,IF($E10=\"kW\",VLOOKUP(Y$4,'4. Billing Determinants'!$B$19:$O$41,5,0)/'4. Billing Determinants'!$F$41*$D10,IF($E10=\"Non-RPP kWh\",VLOOKUP(Y$4,'4. Billing Determinants'!$B$19:$O$41,6,0)/'4. Billing Determinants'!$G$41*$D10,IF($E10=\"Distribution Rev.\",VLOOKUP(Y$4,'4. Billing Determinants'!$B$19:$O$41,8,0)/'4. Billing Determinants'!$I$41*$D10, VLOOKUP(Y$4,'4. Billing Determinants'!$B$19:$O$41,3,0)/'4. Billing Determinants'!$D$41*$D10))))),0)","v":0}]
[null,"Recovery of Regulatory Asset Balances",1590,{"$f":"'2. 2013 Continuity Schedule'!CP30","v":0},null,{"$f":"IFERROR(IF(F$4=\"\",0,IF($E11=\"kWh\",VLOOKUP(F$4,'4. Billing Determinants'!$B$19:$O$41,4,0)/'4. Billing Determinants'!$E$41*$D11,IF($E11=\"kW\",VLOOKUP(F$4,'4. Billing Determinants'!$B$19:$O$41,5,0)/'4. Billing Determinants'!$F$41*$D11,IF($E11=\"Non-RPP kWh\",VLOOKUP(F$4,'4. Billing Determinants'!$B$19:$O$41,6,0)/'4. Billing Determinants'!$G$41*$D11,IF($E11=\"Distribution Rev.\",VLOOKUP(F$4,'4. Billing Determinants'!$B$19:$O$41,8,0)/'4. Billing Determinants'!$I$41*$D11, VLOOKUP(F$4,'4. Billing Determinants'!$B$19:$O$41,3,0)/'4. Billing Determinants'!$D$41*$D11))))),0)","v":0},{"$f":"IFERROR(IF(G$4=\"\",0,IF($E11=\"kWh\",VLOOKUP(G$4,'4. Billing Determinants'!$B$19:$O$41,4,0)/'4. Billing Determinants'!$E$41*$D11,IF($E11=\"kW\",VLOOKUP(G$4,'4. Billing Determinants'!$B$19:$O$41,5,0)/'4. Billing Determinants'!$F$41*$D11,IF($E11=\"Non-RPP kWh\",VLOOKUP(G$4,'4. Billing Determinants'!$B$19:$O$41,6,0)/'4. Billing Determinants'!$G$41*$D11,IF($E11=\"Distribution Rev.\",VLOOKUP(G$4,'4. Billing Determinants'!$B$19:$O$41,8,0)/'4. Billing Determinants'!$I$41*$D11, VLOOKUP(G$4,'4. Billing Determinants'!$B$19:$O$41,3,0)/'4. Billing Determinants'!$D$41*$D11))))),0)","v":0},{"$f":"IFERROR(IF(H$4=\"\",0,IF($E11=\"kWh\",VLOOKUP(H$4,'4. Billing Determinants'!$B$19:$O$41,4,0)/'4. Billing Determinants'!$E$41*$D11,IF($E11=\"kW\",VLOOKUP(H$4,'4. Billing Determinants'!$B$19:$O$41,5,0)/'4. Billing Determinants'!$F$41*$D11,IF($E11=\"Non-RPP kWh\",VLOOKUP(H$4,'4. Billing Determinants'!$B$19:$O$41,6,0)/'4. Billing Determinants'!$G$41*$D11,IF($E11=\"Distribution Rev.\",VLOOKUP(H$4,'4. Billing Determinants'!$B$19:$O$41,8,0)/'4. Billing Determinants'!$I$41*$D11, VLOOKUP(H$4,'4. Billing Determinants'!$B$19:$O$41,3,0)/'4. Billing Determinants'!$D$41*$D11))))),0)","v":0},{"$f":"IFERROR(IF(I$4=\"\",0,IF($E11=\"kWh\",VLOOKUP(I$4,'4. Billing Determinants'!$B$19:$O$41,4,0)/'4. Billing Determinants'!$E$41*$D11,IF($E11=\"kW\",VLOOKUP(I$4,'4. Billing Determinants'!$B$19:$O$41,5,0)/'4. Billing Determinants'!$F$41*$D11,IF($E11=\"Non-RPP kWh\",VLOOKUP(I$4,'4. Billing Determinants'!$B$19:$O$41,6,0)/'4. Billing Determinants'!$G$41*$D11,IF($E11=\"Distribution Rev.\",VLOOKUP(I$4,'4. Billing Determinants'!$B$19:$O$41,8,0)/'4. Billing Determinants'!$I$41*$D11, VLOOKUP(I$4,'4. Billing Determinants'!$B$19:$O$41,3,0)/'4. Billing Determinants'!$D$41*$D11))))),0)","v":0},{"$f":"IFERROR(IF(J$4=\"\",0,IF($E11=\"kWh\",VLOOKUP(J$4,'4. Billing Determinants'!$B$19:$O$41,4,0)/'4. Billing Determinants'!$E$41*$D11,IF($E11=\"kW\",VLOOKUP(J$4,'4. Billing Determinants'!$B$19:$O$41,5,0)/'4. Billing Determinants'!$F$41*$D11,IF($E11=\"Non-RPP kWh\",VLOOKUP(J$4,'4. Billing Determinants'!$B$19:$O$41,6,0)/'4. Billing Determinants'!$G$41*$D11,IF($E11=\"Distribution Rev.\",VLOOKUP(J$4,'4. Billing Determinants'!$B$19:$O$41,8,0)/'4. Billing Determinants'!$I$41*$D11, VLOOKUP(J$4,'4. Billing Determinants'!$B$19:$O$41,3,0)/'4. Billing Determinants'!$D$41*$D11))))),0)","v":0},{"$f":"IFERROR(IF(K$4=\"\",0,IF($E11=\"kWh\",VLOOKUP(K$4,'4. Billing Determinants'!$B$19:$O$41,4,0)/'4. Billing Determinants'!$E$41*$D11,IF($E11=\"kW\",VLOOKUP(K$4,'4. Billing Determinants'!$B$19:$O$41,5,0)/'4. Billing Determinants'!$F$41*$D11,IF($E11=\"Non-RPP kWh\",VLOOKUP(K$4,'4. Billing Determinants'!$B$19:$O$41,6,0)/'4. Billing Determinants'!$G$41*$D11,IF($E11=\"Distribution Rev.\",VLOOKUP(K$4,'4. Billing Determinants'!$B$19:$O$41,8,0)/'4. Billing Determinants'!$I$41*$D11, VLOOKUP(K$4,'4. Billing Determinants'!$B$19:$O$41,3,0)/'4. Billing Determinants'!$D$41*$D11))))),0)","v":0},{"$f":"IFERROR(IF(L$4=\"\",0,IF($E11=\"kWh\",VLOOKUP(L$4,'4. Billing Determinants'!$B$19:$O$41,4,0)/'4. Billing Determinants'!$E$41*$D11,IF($E11=\"kW\",VLOOKUP(L$4,'4. Billing Determinants'!$B$19:$O$41,5,0)/'4. Billing Determinants'!$F$41*$D11,IF($E11=\"Non-RPP kWh\",VLOOKUP(L$4,'4. Billing Determinants'!$B$19:$O$41,6,0)/'4. Billing Determinants'!$G$41*$D11,IF($E11=\"Distribution Rev.\",VLOOKUP(L$4,'4. Billing Determinants'!$B$19:$O$41,8,0)/'4. Billing Determinants'!$I$41*$D11, VLOOKUP(L$4,'4. Billing Determinants'!$B$19:$O$41,3,0)/'4. Billing Determinants'!$D$41*$D11))))),0)","v":0},{"$f":"IFERROR(IF(M$4=\"\",0,IF($E11=\"kWh\",VLOOKUP(M$4,'4. Billing Determinants'!$B$19:$O$41,4,0)/'4. Billing Determinants'!$E$41*$D11,IF($E11=\"kW\",VLOOKUP(M$4,'4. Billing Determinants'!$B$19:$O$41,5,0)/'4. Billing Determinants'!$F$41*$D11,IF($E11=\"Non-RPP kWh\",VLOOKUP(M$4,'4. Billing Determinants'!$B$19:$O$41,6,0)/'4. Billing Determinants'!$G$41*$D11,IF($E11=\"Distribution Rev.\",VLOOKUP(M$4,'4. Billing Determinants'!$B$19:$O$41,8,0)/'4. Billing Determinants'!$I$41*$D11, VLOOKUP(M$4,'4. Billing Determinants'!$B$19:$O$41,3,0)/'4. Billing Determinants'!$D$41*$D11))))),0)","v":0},{"$f":"IFERROR(IF(N$4=\"\",0,IF($E11=\"kWh\",VLOOKUP(N$4,'4. Billing Determinants'!$B$19:$O$41,4,0)/'4. Billing Determinants'!$E$41*$D11,IF($E11=\"kW\",VLOOKUP(N$4,'4. Billing Determinants'!$B$19:$O$41,5,0)/'4. Billing Determinants'!$F$41*$D11,IF($E11=\"Non-RPP kWh\",VLOOKUP(N$4,'4. Billing Determinants'!$B$19:$O$41,6,0)/'4. Billing Determinants'!$G$41*$D11,IF($E11=\"Distribution Rev.\",VLOOKUP(N$4,'4. Billing Determinants'!$B$19:$O$41,8,0)/'4. Billing Determinants'!$I$41*$D11, VLOOKUP(N$4,'4. Billing Determinants'!$B$19:$O$41,3,0)/'4. Billing Determinants'!$D$41*$D11))))),0)","v":0},{"$f":"IFERROR(IF(O$4=\"\",0,IF($E11=\"kWh\",VLOOKUP(O$4,'4. Billing Determinants'!$B$19:$O$41,4,0)/'4. Billing Determinants'!$E$41*$D11,IF($E11=\"kW\",VLOOKUP(O$4,'4. Billing Determinants'!$B$19:$O$41,5,0)/'4. Billing Determinants'!$F$41*$D11,IF($E11=\"Non-RPP kWh\",VLOOKUP(O$4,'4. Billing Determinants'!$B$19:$O$41,6,0)/'4. Billing Determinants'!$G$41*$D11,IF($E11=\"Distribution Rev.\",VLOOKUP(O$4,'4. Billing Determinants'!$B$19:$O$41,8,0)/'4. Billing Determinants'!$I$41*$D11, VLOOKUP(O$4,'4. Billing Determinants'!$B$19:$O$41,3,0)/'4. Billing Determinants'!$D$41*$D11))))),0)","v":0},{"$f":"IFERROR(IF(P$4=\"\",0,IF($E11=\"kWh\",VLOOKUP(P$4,'4. Billing Determinants'!$B$19:$O$41,4,0)/'4. Billing Determinants'!$E$41*$D11,IF($E11=\"kW\",VLOOKUP(P$4,'4. Billing Determinants'!$B$19:$O$41,5,0)/'4. Billing Determinants'!$F$41*$D11,IF($E11=\"Non-RPP kWh\",VLOOKUP(P$4,'4. Billing Determinants'!$B$19:$O$41,6,0)/'4. Billing Determinants'!$G$41*$D11,IF($E11=\"Distribution Rev.\",VLOOKUP(P$4,'4. Billing Determinants'!$B$19:$O$41,8,0)/'4. Billing Determinants'!$I$41*$D11, VLOOKUP(P$4,'4. Billing Determinants'!$B$19:$O$41,3,0)/'4. Billing Determinants'!$D$41*$D11))))),0)","v":0},{"$f":"IFERROR(IF(Q$4=\"\",0,IF($E11=\"kWh\",VLOOKUP(Q$4,'4. Billing Determinants'!$B$19:$O$41,4,0)/'4. Billing Determinants'!$E$41*$D11,IF($E11=\"kW\",VLOOKUP(Q$4,'4. Billing Determinants'!$B$19:$O$41,5,0)/'4. Billing Determinants'!$F$41*$D11,IF($E11=\"Non-RPP kWh\",VLOOKUP(Q$4,'4. Billing Determinants'!$B$19:$O$41,6,0)/'4. Billing Determinants'!$G$41*$D11,IF($E11=\"Distribution Rev.\",VLOOKUP(Q$4,'4. Billing Determinants'!$B$19:$O$41,8,0)/'4. Billing Determinants'!$I$41*$D11, VLOOKUP(Q$4,'4. Billing Determinants'!$B$19:$O$41,3,0)/'4. Billing Determinants'!$D$41*$D11))))),0)","v":0},{"$f":"IFERROR(IF(R$4=\"\",0,IF($E11=\"kWh\",VLOOKUP(R$4,'4. Billing Determinants'!$B$19:$O$41,4,0)/'4. Billing Determinants'!$E$41*$D11,IF($E11=\"kW\",VLOOKUP(R$4,'4. Billing Determinants'!$B$19:$O$41,5,0)/'4. Billing Determinants'!$F$41*$D11,IF($E11=\"Non-RPP kWh\",VLOOKUP(R$4,'4. Billing Determinants'!$B$19:$O$41,6,0)/'4. Billing Determinants'!$G$41*$D11,IF($E11=\"Distribution Rev.\",VLOOKUP(R$4,'4. Billing Determinants'!$B$19:$O$41,8,0)/'4. Billing Determinants'!$I$41*$D11, VLOOKUP(R$4,'4. Billing Determinants'!$B$19:$O$41,3,0)/'4. Billing Determinants'!$D$41*$D11))))),0)","v":0},{"$f":"IFERROR(IF(S$4=\"\",0,IF($E11=\"kWh\",VLOOKUP(S$4,'4. Billing Determinants'!$B$19:$O$41,4,0)/'4. Billing Determinants'!$E$41*$D11,IF($E11=\"kW\",VLOOKUP(S$4,'4. Billing Determinants'!$B$19:$O$41,5,0)/'4. Billing Determinants'!$F$41*$D11,IF($E11=\"Non-RPP kWh\",VLOOKUP(S$4,'4. Billing Determinants'!$B$19:$O$41,6,0)/'4. Billing Determinants'!$G$41*$D11,IF($E11=\"Distribution Rev.\",VLOOKUP(S$4,'4. Billing Determinants'!$B$19:$O$41,8,0)/'4. Billing Determinants'!$I$41*$D11, VLOOKUP(S$4,'4. Billing Determinants'!$B$19:$O$41,3,0)/'4. Billing Determinants'!$D$41*$D11))))),0)","v":0},{"$f":"IFERROR(IF(T$4=\"\",0,IF($E11=\"kWh\",VLOOKUP(T$4,'4. Billing Determinants'!$B$19:$O$41,4,0)/'4. Billing Determinants'!$E$41*$D11,IF($E11=\"kW\",VLOOKUP(T$4,'4. Billing Determinants'!$B$19:$O$41,5,0)/'4. Billing Determinants'!$F$41*$D11,IF($E11=\"Non-RPP kWh\",VLOOKUP(T$4,'4. Billing Determinants'!$B$19:$O$41,6,0)/'4. Billing Determinants'!$G$41*$D11,IF($E11=\"Distribution Rev.\",VLOOKUP(T$4,'4. Billing Determinants'!$B$19:$O$41,8,0)/'4. Billing Determinants'!$I$41*$D11, VLOOKUP(T$4,'4. Billing Determinants'!$B$19:$O$41,3,0)/'4. Billing Determinants'!$D$41*$D11))))),0)","v":0},{"$f":"IFERROR(IF(U$4=\"\",0,IF($E11=\"kWh\",VLOOKUP(U$4,'4. Billing Determinants'!$B$19:$O$41,4,0)/'4. Billing Determinants'!$E$41*$D11,IF($E11=\"kW\",VLOOKUP(U$4,'4. Billing Determinants'!$B$19:$O$41,5,0)/'4. Billing Determinants'!$F$41*$D11,IF($E11=\"Non-RPP kWh\",VLOOKUP(U$4,'4. Billing Determinants'!$B$19:$O$41,6,0)/'4. Billing Determinants'!$G$41*$D11,IF($E11=\"Distribution Rev.\",VLOOKUP(U$4,'4. Billing Determinants'!$B$19:$O$41,8,0)/'4. Billing Determinants'!$I$41*$D11, VLOOKUP(U$4,'4. Billing Determinants'!$B$19:$O$41,3,0)/'4. Billing Determinants'!$D$41*$D11))))),0)","v":0},{"$f":"IFERROR(IF(V$4=\"\",0,IF($E11=\"kWh\",VLOOKUP(V$4,'4. Billing Determinants'!$B$19:$O$41,4,0)/'4. Billing Determinants'!$E$41*$D11,IF($E11=\"kW\",VLOOKUP(V$4,'4. Billing Determinants'!$B$19:$O$41,5,0)/'4. Billing Determinants'!$F$41*$D11,IF($E11=\"Non-RPP kWh\",VLOOKUP(V$4,'4. Billing Determinants'!$B$19:$O$41,6,0)/'4. Billing Determinants'!$G$41*$D11,IF($E11=\"Distribution Rev.\",VLOOKUP(V$4,'4. Billing Determinants'!$B$19:$O$41,8,0)/'4. Billing Determinants'!$I$41*$D11, VLOOKUP(V$4,'4. Billing Determinants'!$B$19:$O$41,3,0)/'4. Billing Determinants'!$D$41*$D11))))),0)","v":0},{"$f":"IFERROR(IF(W$4=\"\",0,IF($E11=\"kWh\",VLOOKUP(W$4,'4. Billing Determinants'!$B$19:$O$41,4,0)/'4. Billing Determinants'!$E$41*$D11,IF($E11=\"kW\",VLOOKUP(W$4,'4. Billing Determinants'!$B$19:$O$41,5,0)/'4. Billing Determinants'!$F$41*$D11,IF($E11=\"Non-RPP kWh\",VLOOKUP(W$4,'4. Billing Determinants'!$B$19:$O$41,6,0)/'4. Billing Determinants'!$G$41*$D11,IF($E11=\"Distribution Rev.\",VLOOKUP(W$4,'4. Billing Determinants'!$B$19:$O$41,8,0)/'4. Billing Determinants'!$I$41*$D11, VLOOKUP(W$4,'4. Billing Determinants'!$B$19:$O$41,3,0)/'4. Billing Determinants'!$D$41*$D11))))),0)","v":0},{"$f":"IFERROR(IF(X$4=\"\",0,IF($E11=\"kWh\",VLOOKUP(X$4,'4. Billing Determinants'!$B$19:$O$41,4,0)/'4. Billing Determinants'!$E$41*$D11,IF($E11=\"kW\",VLOOKUP(X$4,'4. Billing Determinants'!$B$19:$O$41,5,0)/'4. Billing Determinants'!$F$41*$D11,IF($E11=\"Non-RPP kWh\",VLOOKUP(X$4,'4. Billing Determinants'!$B$19:$O$41,6,0)/'4. Billing Determinants'!$G$41*$D11,IF($E11=\"Distribution Rev.\",VLOOKUP(X$4,'4. Billing Determinants'!$B$19:$O$41,8,0)/'4. Billing Determinants'!$I$41*$D11, VLOOKUP(X$4,'4. Billing Determinants'!$B$19:$O$41,3,0)/'4. Billing Determinants'!$D$41*$D11))))),0)","v":0},{"$f":"IFERROR(IF(Y$4=\"\",0,IF($E11=\"kWh\",VLOOKUP(Y$4,'4. Billing Determinants'!$B$19:$O$41,4,0)/'4. Billing Determinants'!$E$41*$D11,IF($E11=\"kW\",VLOOKUP(Y$4,'4. Billing Determinants'!$B$19:$O$41,5,0)/'4. Billing Determinants'!$F$41*$D11,IF($E11=\"Non-RPP kWh\",VLOOKUP(Y$4,'4. Billing Determinants'!$B$19:$O$41,6,0)/'4. Billing Determinants'!$G$41*$D11,IF($E11=\"Distribution Rev.\",VLOOKUP(Y$4,'4. Billing Determinants'!$B$19:$O$41,8,0)/'4. Billing Determinants'!$I$41*$D11, VLOOKUP(Y$4,'4. Billing Determinants'!$B$19:$O$41,3,0)/'4. Billing Determinants'!$D$41*$D11))))),0)","v":0}]
[null,"Disposition and Recovery/Refund of Regulatory Balances (2008)",1595,{"$f":"'2. 2013 Continuity Schedule'!CP31","v":0},null,{"$f":"IF(ISERROR(VLOOKUP(F$4, '4. Billing Determinants'!$B$19:$O$41, 10, FALSE)*'2. 2013 Continuity Schedule'!$CP$31), 0, VLOOKUP(F$4, '4. Billing Determinants'!$B$19:$O$41, 10, FALSE)*'2. 2013 Continuity Schedule'!$CP$31)","v":0},{"$f":"IF(ISERROR(VLOOKUP(G$4, '4. Billing Determinants'!$B$19:$O$41, 10, FALSE)*'2. 2013 Continuity Schedule'!$CP$31), 0, VLOOKUP(G$4, '4. Billing Determinants'!$B$19:$O$41, 10, FALSE)*'2. 2013 Continuity Schedule'!$CP$31)","v":0},{"$f":"IF(ISERROR(VLOOKUP(H$4, '4. Billing Determinants'!$B$19:$O$41, 10, FALSE)*'2. 2013 Continuity Schedule'!$CP$31), 0, VLOOKUP(H$4, '4. Billing Determinants'!$B$19:$O$41, 10, FALSE)*'2. 2013 Continuity Schedule'!$CP$31)","v":0},{"$f":"IF(ISERROR(VLOOKUP(I$4, '4. Billing Determinants'!$B$19:$O$41, 10, FALSE)*'2. 2013 Continuity Schedule'!$CP$31), 0, VLOOKUP(I$4, '4. Billing Determinants'!$B$19:$O$41, 10, FALSE)*'2. 2013 Continuity Schedule'!$CP$31)","v":0},{"$f":"IF(ISERROR(VLOOKUP(J$4, '4. Billing Determinants'!$B$19:$O$41, 10, FALSE)*'2. 2013 Continuity Schedule'!$CP$31), 0, VLOOKUP(J$4, '4. Billing Determinants'!$B$19:$O$41, 10, FALSE)*'2. 2013 Continuity Schedule'!$CP$31)","v":0},{"$f":"IF(ISERROR(VLOOKUP(K$4, '4. Billing Determinants'!$B$19:$O$41, 10, FALSE)*'2. 2013 Continuity Schedule'!$CP$31), 0, VLOOKUP(K$4, '4. Billing Determinants'!$B$19:$O$41, 10, FALSE)*'2. 2013 Continuity Schedule'!$CP$31)","v":0},{"$f":"IF(ISERROR(VLOOKUP(L$4, '4. Billing Determinants'!$B$19:$O$41, 10, FALSE)*'2. 2013 Continuity Schedule'!$CP$31), 0, VLOOKUP(L$4, '4. Billing Determinants'!$B$19:$O$41, 10, FALSE)*'2. 2013 Continuity Schedule'!$CP$31)","v":0},{"$f":"IF(ISERROR(VLOOKUP(M$4, '4. Billing Determinants'!$B$19:$O$41, 10, FALSE)*'2. 2013 Continuity Schedule'!$CP$31), 0, VLOOKUP(M$4, '4. Billing Determinants'!$B$19:$O$41, 10, FALSE)*'2. 2013 Continuity Schedule'!$CP$31)","v":0},{"$f":"IF(ISERROR(VLOOKUP(N$4, '4. Billing Determinants'!$B$19:$O$41, 10, FALSE)*'2. 2013 Continuity Schedule'!$CP$31), 0, VLOOKUP(N$4, '4. Billing Determinants'!$B$19:$O$41, 10, FALSE)*'2. 2013 Continuity Schedule'!$CP$31)","v":0},{"$f":"IF(ISERROR(VLOOKUP(O$4, '4. Billing Determinants'!$B$19:$O$41, 10, FALSE)*'2. 2013 Continuity Schedule'!$CP$31), 0, VLOOKUP(O$4, '4. Billing Determinants'!$B$19:$O$41, 10, FALSE)*'2. 2013 Continuity Schedule'!$CP$31)","v":0},{"$f":"IF(ISERROR(VLOOKUP(P$4, '4. Billing Determinants'!$B$19:$O$41, 10, FALSE)*'2. 2013 Continuity Schedule'!$CP$31), 0, VLOOKUP(P$4, '4. Billing Determinants'!$B$19:$O$41, 10, FALSE)*'2. 2013 Continuity Schedule'!$CP$31)","v":0},{"$f":"IF(ISERROR(VLOOKUP(Q$4, '4. Billing Determinants'!$B$19:$O$41, 10, FALSE)*'2. 2013 Continuity Schedule'!$CP$31), 0, VLOOKUP(Q$4, '4. Billing Determinants'!$B$19:$O$41, 10, FALSE)*'2. 2013 Continuity Schedule'!$CP$31)","v":0},{"$f":"IF(ISERROR(VLOOKUP(R$4, '4. Billing Determinants'!$B$19:$O$41, 10, FALSE)*'2. 2013 Continuity Schedule'!$CP$31), 0, VLOOKUP(R$4, '4. Billing Determinants'!$B$19:$O$41, 10, FALSE)*'2. 2013 Continuity Schedule'!$CP$31)","v":0},{"$f":"IF(ISERROR(VLOOKUP(S$4, '4. Billing Determinants'!$B$19:$O$41, 10, FALSE)*'2. 2013 Continuity Schedule'!$CP$31), 0, VLOOKUP(S$4, '4. Billing Determinants'!$B$19:$O$41, 10, FALSE)*'2. 2013 Continuity Schedule'!$CP$31)","v":0},{"$f":"IF(ISERROR(VLOOKUP(T$4, '4. Billing Determinants'!$B$19:$O$41, 10, FALSE)*'2. 2013 Continuity Schedule'!$CP$31), 0, VLOOKUP(T$4, '4. Billing Determinants'!$B$19:$O$41, 10, FALSE)*'2. 2013 Continuity Schedule'!$CP$31)","v":0},{"$f":"IF(ISERROR(VLOOKUP(U$4, '4. Billing Determinants'!$B$19:$O$41, 10, FALSE)*'2. 2013 Continuity Schedule'!$CP$31), 0, VLOOKUP(U$4, '4. Billing Determinants'!$B$19:$O$41, 10, FALSE)*'2. 2013 Continuity Schedule'!$CP$31)","v":0},{"$f":"IF(ISERROR(VLOOKUP(V$4, '4. Billing Determinants'!$B$19:$O$41, 10, FALSE)*'2. 2013 Continuity Schedule'!$CP$31), 0, VLOOKUP(V$4, '4. Billing Determinants'!$B$19:$O$41, 10, FALSE)*'2. 2013 Continuity Schedule'!$CP$31)","v":0},{"$f":"IF(ISERROR(VLOOKUP(W$4, '4. Billing Determinants'!$B$19:$O$41, 10, FALSE)*'2. 2013 Continuity Schedule'!$CP$31), 0, VLOOKUP(W$4, '4. Billing Determinants'!$B$19:$O$41, 10, FALSE)*'2. 2013 Continuity Schedule'!$CP$31)","v":0},{"$f":"IF(ISERROR(VLOOKUP(X$4, '4. Billing Determinants'!$B$19:$O$41, 10, FALSE)*'2. 2013 Continuity Schedule'!$CP$31), 0, VLOOKUP(X$4, '4. Billing Determinants'!$B$19:$O$41, 10, FALSE)*'2. 2013 Continuity Schedule'!$CP$31)","v":0},{"$f":"IF(ISERROR(VLOOKUP(Y$4, '4. Billing Determinants'!$B$19:$O$41, 10, FALSE)*'2. 2013 Continuity Schedule'!$CP$31), 0, VLOOKUP(Y$4, '4. Billing Determinants'!$B$19:$O$41, 10, FALSE)*'2. 2013 Continuity Schedule'!$CP$31)","v":0}]
[null,"Disposition and Recovery/Refund of Regulatory Balances (2009)",1595,{"$f":"'2. 2013 Continuity Schedule'!CP32","v":0},null,{"$f":"IF(ISERROR(VLOOKUP(F$4, '4. Billing Determinants'!$B$19:$O$41, 11, FALSE)*'2. 2013 Continuity Schedule'!$CP$32), 0, VLOOKUP(F$4, '4. Billing Determinants'!$B$19:$O$41, 11, FALSE)*'2. 2013 Continuity Schedule'!$CP$32)","v":0},{"$f":"IF(ISERROR(VLOOKUP(G$4, '4. Billing Determinants'!$B$19:$O$41, 11, FALSE)*'2. 2013 Continuity Schedule'!$CP$32), 0, VLOOKUP(G$4, '4. Billing Determinants'!$B$19:$O$41, 11, FALSE)*'2. 2013 Continuity Schedule'!$CP$32)","v":0},{"$f":"IF(ISERROR(VLOOKUP(H$4, '4. Billing Determinants'!$B$19:$O$41, 11, FALSE)*'2. 2013 Continuity Schedule'!$CP$32), 0, VLOOKUP(H$4, '4. Billing Determinants'!$B$19:$O$41, 11, FALSE)*'2. 2013 Continuity Schedule'!$CP$32)","v":0},{"$f":"IF(ISERROR(VLOOKUP(I$4, '4. Billing Determinants'!$B$19:$O$41, 11, FALSE)*'2. 2013 Continuity Schedule'!$CP$32), 0, VLOOKUP(I$4, '4. Billing Determinants'!$B$19:$O$41, 11, FALSE)*'2. 2013 Continuity Schedule'!$CP$32)","v":0},{"$f":"IF(ISERROR(VLOOKUP(J$4, '4. Billing Determinants'!$B$19:$O$41, 11, FALSE)*'2. 2013 Continuity Schedule'!$CP$32), 0, VLOOKUP(J$4, '4. Billing Determinants'!$B$19:$O$41, 11, FALSE)*'2. 2013 Continuity Schedule'!$CP$32)","v":0},{"$f":"IF(ISERROR(VLOOKUP(K$4, '4. Billing Determinants'!$B$19:$O$41, 11, FALSE)*'2. 2013 Continuity Schedule'!$CP$32), 0, VLOOKUP(K$4, '4. Billing Determinants'!$B$19:$O$41, 11, FALSE)*'2. 2013 Continuity Schedule'!$CP$32)","v":0},{"$f":"IF(ISERROR(VLOOKUP(L$4, '4. Billing Determinants'!$B$19:$O$41, 11, FALSE)*'2. 2013 Continuity Schedule'!$CP$32), 0, VLOOKUP(L$4, '4. Billing Determinants'!$B$19:$O$41, 11, FALSE)*'2. 2013 Continuity Schedule'!$CP$32)","v":0},{"$f":"IF(ISERROR(VLOOKUP(M$4, '4. Billing Determinants'!$B$19:$O$41, 11, FALSE)*'2. 2013 Continuity Schedule'!$CP$32), 0, VLOOKUP(M$4, '4. Billing Determinants'!$B$19:$O$41, 11, FALSE)*'2. 2013 Continuity Schedule'!$CP$32)","v":0},{"$f":"IF(ISERROR(VLOOKUP(N$4, '4. Billing Determinants'!$B$19:$O$41, 11, FALSE)*'2. 2013 Continuity Schedule'!$CP$32), 0, VLOOKUP(N$4, '4. Billing Determinants'!$B$19:$O$41, 11, FALSE)*'2. 2013 Continuity Schedule'!$CP$32)","v":0},{"$f":"IF(ISERROR(VLOOKUP(O$4, '4. Billing Determinants'!$B$19:$O$41, 11, FALSE)*'2. 2013 Continuity Schedule'!$CP$32), 0, VLOOKUP(O$4, '4. Billing Determinants'!$B$19:$O$41, 11, FALSE)*'2. 2013 Continuity Schedule'!$CP$32)","v":0},{"$f":"IF(ISERROR(VLOOKUP(P$4, '4. Billing Determinants'!$B$19:$O$41, 11, FALSE)*'2. 2013 Continuity Schedule'!$CP$32), 0, VLOOKUP(P$4, '4. Billing Determinants'!$B$19:$O$41, 11, FALSE)*'2. 2013 Continuity Schedule'!$CP$32)","v":0},{"$f":"IF(ISERROR(VLOOKUP(Q$4, '4. Billing Determinants'!$B$19:$O$41, 11, FALSE)*'2. 2013 Continuity Schedule'!$CP$32), 0, VLOOKUP(Q$4, '4. Billing Determinants'!$B$19:$O$41, 11, FALSE)*'2. 2013 Continuity Schedule'!$CP$32)","v":0},{"$f":"IF(ISERROR(VLOOKUP(R$4, '4. Billing Determinants'!$B$19:$O$41, 11, FALSE)*'2. 2013 Continuity Schedule'!$CP$32), 0, VLOOKUP(R$4, '4. Billing Determinants'!$B$19:$O$41, 11, FALSE)*'2. 2013 Continuity Schedule'!$CP$32)","v":0},{"$f":"IF(ISERROR(VLOOKUP(S$4, '4. Billing Determinants'!$B$19:$O$41, 11, FALSE)*'2. 2013 Continuity Schedule'!$CP$32), 0, VLOOKUP(S$4, '4. Billing Determinants'!$B$19:$O$41, 11, FALSE)*'2. 2013 Continuity Schedule'!$CP$32)","v":0},{"$f":"IF(ISERROR(VLOOKUP(T$4, '4. Billing Determinants'!$B$19:$O$41, 11, FALSE)*'2. 2013 Continuity Schedule'!$CP$32), 0, VLOOKUP(T$4, '4. Billing Determinants'!$B$19:$O$41, 11, FALSE)*'2. 2013 Continuity Schedule'!$CP$32)","v":0},{"$f":"IF(ISERROR(VLOOKUP(U$4, '4. Billing Determinants'!$B$19:$O$41, 11, FALSE)*'2. 2013 Continuity Schedule'!$CP$32), 0, VLOOKUP(U$4, '4. Billing Determinants'!$B$19:$O$41, 11, FALSE)*'2. 2013 Continuity Schedule'!$CP$32)","v":0},{"$f":"IF(ISERROR(VLOOKUP(V$4, '4. Billing Determinants'!$B$19:$O$41, 11, FALSE)*'2. 2013 Continuity Schedule'!$CP$32), 0, VLOOKUP(V$4, '4. Billing Determinants'!$B$19:$O$41, 11, FALSE)*'2. 2013 Continuity Schedule'!$CP$32)","v":0},{"$f":"IF(ISERROR(VLOOKUP(W$4, '4. Billing Determinants'!$B$19:$O$41, 11, FALSE)*'2. 2013 Continuity Schedule'!$CP$32), 0, VLOOKUP(W$4, '4. Billing Determinants'!$B$19:$O$41, 11, FALSE)*'2. 2013 Continuity Schedule'!$CP$32)","v":0},{"$f":"IF(ISERROR(VLOOKUP(X$4, '4. Billing Determinants'!$B$19:$O$41, 11, FALSE)*'2. 2013 Continuity Schedule'!$CP$32), 0, VLOOKUP(X$4, '4. Billing Determinants'!$B$19:$O$41, 11, FALSE)*'2. 2013 Continuity Schedule'!$CP$32)","v":0},{"$f":"IF(ISERROR(VLOOKUP(Y$4, '4. Billing Determinants'!$B$19:$O$41, 11, FALSE)*'2. 2013 Continuity Schedule'!$CP$32), 0, VLOOKUP(Y$4, '4. Billing Determinants'!$B$19:$O$41, 11, FALSE)*'2. 2013 Continuity Schedule'!$CP$32)","v":0}]
[null,"Disposition and Recovery/Refund of Regulatory Balances (2010)",1595,{"$f":"'2. 2013 Continuity Schedule'!CP33","v":0},null,{"$f":"IF(ISERROR(VLOOKUP(F$4, '4. Billing Determinants'!$B$19:$O$41, 12, FALSE)*'2. 2013 Continuity Schedule'!$CP$33), 0, VLOOKUP(F$4, '4. Billing Determinants'!$B$19:$O$41, 12, FALSE)*'2. 2013 Continuity Schedule'!$CP$33)","v":0},{"$f":"IF(ISERROR(VLOOKUP(G$4, '4. Billing Determinants'!$B$19:$O$41, 12, FALSE)*'2. 2013 Continuity Schedule'!$CP$33), 0, VLOOKUP(G$4, '4. Billing Determinants'!$B$19:$O$41, 12, FALSE)*'2. 2013 Continuity Schedule'!$CP$33)","v":0},{"$f":"IF(ISERROR(VLOOKUP(H$4, '4. Billing Determinants'!$B$19:$O$41, 12, FALSE)*'2. 2013 Continuity Schedule'!$CP$33), 0, VLOOKUP(H$4, '4. Billing Determinants'!$B$19:$O$41, 12, FALSE)*'2. 2013 Continuity Schedule'!$CP$33)","v":0},{"$f":"IF(ISERROR(VLOOKUP(I$4, '4. Billing Determinants'!$B$19:$O$41, 12, FALSE)*'2. 2013 Continuity Schedule'!$CP$33), 0, VLOOKUP(I$4, '4. Billing Determinants'!$B$19:$O$41, 12, FALSE)*'2. 2013 Continuity Schedule'!$CP$33)","v":0},{"$f":"IF(ISERROR(VLOOKUP(J$4, '4. Billing Determinants'!$B$19:$O$41, 12, FALSE)*'2. 2013 Continuity Schedule'!$CP$33), 0, VLOOKUP(J$4, '4. Billing Determinants'!$B$19:$O$41, 12, FALSE)*'2. 2013 Continuity Schedule'!$CP$33)","v":0},{"$f":"IF(ISERROR(VLOOKUP(K$4, '4. Billing Determinants'!$B$19:$O$41, 12, FALSE)*'2. 2013 Continuity Schedule'!$CP$33), 0, VLOOKUP(K$4, '4. Billing Determinants'!$B$19:$O$41, 12, FALSE)*'2. 2013 Continuity Schedule'!$CP$33)","v":0},{"$f":"IF(ISERROR(VLOOKUP(L$4, '4. Billing Determinants'!$B$19:$O$41, 12, FALSE)*'2. 2013 Continuity Schedule'!$CP$33), 0, VLOOKUP(L$4, '4. Billing Determinants'!$B$19:$O$41, 12, FALSE)*'2. 2013 Continuity Schedule'!$CP$33)","v":0},{"$f":"IF(ISERROR(VLOOKUP(M$4, '4. Billing Determinants'!$B$19:$O$41, 12, FALSE)*'2. 2013 Continuity Schedule'!$CP$33), 0, VLOOKUP(M$4, '4. Billing Determinants'!$B$19:$O$41, 12, FALSE)*'2. 2013 Continuity Schedule'!$CP$33)","v":0},{"$f":"IF(ISERROR(VLOOKUP(N$4, '4. Billing Determinants'!$B$19:$O$41, 12, FALSE)*'2. 2013 Continuity Schedule'!$CP$33), 0, VLOOKUP(N$4, '4. Billing Determinants'!$B$19:$O$41, 12, FALSE)*'2. 2013 Continuity Schedule'!$CP$33)","v":0},{"$f":"IF(ISERROR(VLOOKUP(O$4, '4. Billing Determinants'!$B$19:$O$41, 12, FALSE)*'2. 2013 Continuity Schedule'!$CP$33), 0, VLOOKUP(O$4, '4. Billing Determinants'!$B$19:$O$41, 12, FALSE)*'2. 2013 Continuity Schedule'!$CP$33)","v":0},{"$f":"IF(ISERROR(VLOOKUP(P$4, '4. Billing Determinants'!$B$19:$O$41, 12, FALSE)*'2. 2013 Continuity Schedule'!$CP$33), 0, VLOOKUP(P$4, '4. Billing Determinants'!$B$19:$O$41, 12, FALSE)*'2. 2013 Continuity Schedule'!$CP$33)","v":0},{"$f":"IF(ISERROR(VLOOKUP(Q$4, '4. Billing Determinants'!$B$19:$O$41, 12, FALSE)*'2. 2013 Continuity Schedule'!$CP$33), 0, VLOOKUP(Q$4, '4. Billing Determinants'!$B$19:$O$41, 12, FALSE)*'2. 2013 Continuity Schedule'!$CP$33)","v":0},{"$f":"IF(ISERROR(VLOOKUP(R$4, '4. Billing Determinants'!$B$19:$O$41, 12, FALSE)*'2. 2013 Continuity Schedule'!$CP$33), 0, VLOOKUP(R$4, '4. Billing Determinants'!$B$19:$O$41, 12, FALSE)*'2. 2013 Continuity Schedule'!$CP$33)","v":0},{"$f":"IF(ISERROR(VLOOKUP(S$4, '4. Billing Determinants'!$B$19:$O$41, 12, FALSE)*'2. 2013 Continuity Schedule'!$CP$33), 0, VLOOKUP(S$4, '4. Billing Determinants'!$B$19:$O$41, 12, FALSE)*'2. 2013 Continuity Schedule'!$CP$33)","v":0},{"$f":"IF(ISERROR(VLOOKUP(T$4, '4. Billing Determinants'!$B$19:$O$41, 12, FALSE)*'2. 2013 Continuity Schedule'!$CP$33), 0, VLOOKUP(T$4, '4. Billing Determinants'!$B$19:$O$41, 12, FALSE)*'2. 2013 Continuity Schedule'!$CP$33)","v":0},{"$f":"IF(ISERROR(VLOOKUP(U$4, '4. Billing Determinants'!$B$19:$O$41, 12, FALSE)*'2. 2013 Continuity Schedule'!$CP$33), 0, VLOOKUP(U$4, '4. Billing Determinants'!$B$19:$O$41, 12, FALSE)*'2. 2013 Continuity Schedule'!$CP$33)","v":0},{"$f":"IF(ISERROR(VLOOKUP(V$4, '4. Billing Determinants'!$B$19:$O$41, 12, FALSE)*'2. 2013 Continuity Schedule'!$CP$33), 0, VLOOKUP(V$4, '4. Billing Determinants'!$B$19:$O$41, 12, FALSE)*'2. 2013 Continuity Schedule'!$CP$33)","v":0},{"$f":"IF(ISERROR(VLOOKUP(W$4, '4. Billing Determinants'!$B$19:$O$41, 12, FALSE)*'2. 2013 Continuity Schedule'!$CP$33), 0, VLOOKUP(W$4, '4. Billing Determinants'!$B$19:$O$41, 12, FALSE)*'2. 2013 Continuity Schedule'!$CP$33)","v":0},{"$f":"IF(ISERROR(VLOOKUP(X$4, '4. Billing Determinants'!$B$19:$O$41, 12, FALSE)*'2. 2013 Continuity Schedule'!$CP$33), 0, VLOOKUP(X$4, '4. Billing Determinants'!$B$19:$O$41, 12, FALSE)*'2. 2013 Continuity Schedule'!$CP$33)","v":0},{"$f":"IF(ISERROR(VLOOKUP(Y$4, '4. Billing Determinants'!$B$19:$O$41, 12, FALSE)*'2. 2013 Continuity Schedule'!$CP$33), 0, VLOOKUP(Y$4, '4. Billing Determinants'!$B$19:$O$41, 12, FALSE)*'2. 2013 Continuity Schedule'!$CP$33)","v":0}]
[null,"Disposition and Recovery/Refund of Regulatory Balances (2011)",1595,{"$f":"'2. 2013 Continuity Schedule'!CP34","v":0},null,{"$f":"IF(ISERROR(VLOOKUP(F$4, '4. Billing Determinants'!$B$19:$O$41, 13, FALSE)*'2. 2013 Continuity Schedule'!$CP$34), 0, VLOOKUP(F$4, '4. Billing Determinants'!$B$19:$O$41, 13, FALSE)*'2. 2013 Continuity Schedule'!$CP$34)","v":0},{"$f":"IF(ISERROR(VLOOKUP(G$4, '4. Billing Determinants'!$B$19:$O$41, 13, FALSE)*'2. 2013 Continuity Schedule'!$CP$34), 0, VLOOKUP(G$4, '4. Billing Determinants'!$B$19:$O$41, 13, FALSE)*'2. 2013 Continuity Schedule'!$CP$34)","v":0},{"$f":"IF(ISERROR(VLOOKUP(H$4, '4. Billing Determinants'!$B$19:$O$41, 13, FALSE)*'2. 2013 Continuity Schedule'!$CP$34), 0, VLOOKUP(H$4, '4. Billing Determinants'!$B$19:$O$41, 13, FALSE)*'2. 2013 Continuity Schedule'!$CP$34)","v":0},{"$f":"IF(ISERROR(VLOOKUP(I$4, '4. Billing Determinants'!$B$19:$O$41, 13, FALSE)*'2. 2013 Continuity Schedule'!$CP$34), 0, VLOOKUP(I$4, '4. Billing Determinants'!$B$19:$O$41, 13, FALSE)*'2. 2013 Continuity Schedule'!$CP$34)","v":0},{"$f":"IF(ISERROR(VLOOKUP(J$4, '4. Billing Determinants'!$B$19:$O$41, 13, FALSE)*'2. 2013 Continuity Schedule'!$CP$34), 0, VLOOKUP(J$4, '4. Billing Determinants'!$B$19:$O$41, 13, FALSE)*'2. 2013 Continuity Schedule'!$CP$34)","v":0},{"$f":"IF(ISERROR(VLOOKUP(K$4, '4. Billing Determinants'!$B$19:$O$41, 13, FALSE)*'2. 2013 Continuity Schedule'!$CP$34), 0, VLOOKUP(K$4, '4. Billing Determinants'!$B$19:$O$41, 13, FALSE)*'2. 2013 Continuity Schedule'!$CP$34)","v":0},{"$f":"IF(ISERROR(VLOOKUP(L$4, '4. Billing Determinants'!$B$19:$O$41, 13, FALSE)*'2. 2013 Continuity Schedule'!$CP$34), 0, VLOOKUP(L$4, '4. Billing Determinants'!$B$19:$O$41, 13, FALSE)*'2. 2013 Continuity Schedule'!$CP$34)","v":0},{"$f":"IF(ISERROR(VLOOKUP(M$4, '4. Billing Determinants'!$B$19:$O$41, 13, FALSE)*'2. 2013 Continuity Schedule'!$CP$34), 0, VLOOKUP(M$4, '4. Billing Determinants'!$B$19:$O$41, 13, FALSE)*'2. 2013 Continuity Schedule'!$CP$34)","v":0},{"$f":"IF(ISERROR(VLOOKUP(N$4, '4. Billing Determinants'!$B$19:$O$41, 13, FALSE)*'2. 2013 Continuity Schedule'!$CP$34), 0, VLOOKUP(N$4, '4. Billing Determinants'!$B$19:$O$41, 13, FALSE)*'2. 2013 Continuity Schedule'!$CP$34)","v":0},{"$f":"IF(ISERROR(VLOOKUP(O$4, '4. Billing Determinants'!$B$19:$O$41, 13, FALSE)*'2. 2013 Continuity Schedule'!$CP$34), 0, VLOOKUP(O$4, '4. Billing Determinants'!$B$19:$O$41, 13, FALSE)*'2. 2013 Continuity Schedule'!$CP$34)","v":0},{"$f":"IF(ISERROR(VLOOKUP(P$4, '4. Billing Determinants'!$B$19:$O$41, 13, FALSE)*'2. 2013 Continuity Schedule'!$CP$34), 0, VLOOKUP(P$4, '4. Billing Determinants'!$B$19:$O$41, 13, FALSE)*'2. 2013 Continuity Schedule'!$CP$34)","v":0},{"$f":"IF(ISERROR(VLOOKUP(Q$4, '4. Billing Determinants'!$B$19:$O$41, 13, FALSE)*'2. 2013 Continuity Schedule'!$CP$34), 0, VLOOKUP(Q$4, '4. Billing Determinants'!$B$19:$O$41, 13, FALSE)*'2. 2013 Continuity Schedule'!$CP$34)","v":0},{"$f":"IF(ISERROR(VLOOKUP(R$4, '4. Billing Determinants'!$B$19:$O$41, 13, FALSE)*'2. 2013 Continuity Schedule'!$CP$34), 0, VLOOKUP(R$4, '4. Billing Determinants'!$B$19:$O$41, 13, FALSE)*'2. 2013 Continuity Schedule'!$CP$34)","v":0},{"$f":"IF(ISERROR(VLOOKUP(S$4, '4. Billing Determinants'!$B$19:$O$41, 13, FALSE)*'2. 2013 Continuity Schedule'!$CP$34), 0, VLOOKUP(S$4, '4. Billing Determinants'!$B$19:$O$41, 13, FALSE)*'2. 2013 Continuity Schedule'!$CP$34)","v":0},{"$f":"IF(ISERROR(VLOOKUP(T$4, '4. Billing Determinants'!$B$19:$O$41, 13, FALSE)*'2. 2013 Continuity Schedule'!$CP$34), 0, VLOOKUP(T$4, '4. Billing Determinants'!$B$19:$O$41, 13, FALSE)*'2. 2013 Continuity Schedule'!$CP$34)","v":0},{"$f":"IF(ISERROR(VLOOKUP(U$4, '4. Billing Determinants'!$B$19:$O$41, 13, FALSE)*'2. 2013 Continuity Schedule'!$CP$34), 0, VLOOKUP(U$4, '4. Billing Determinants'!$B$19:$O$41, 13, FALSE)*'2. 2013 Continuity Schedule'!$CP$34)","v":0},{"$f":"IF(ISERROR(VLOOKUP(V$4, '4. Billing Determinants'!$B$19:$O$41, 13, FALSE)*'2. 2013 Continuity Schedule'!$CP$34), 0, VLOOKUP(V$4, '4. Billing Determinants'!$B$19:$O$41, 13, FALSE)*'2. 2013 Continuity Schedule'!$CP$34)","v":0},{"$f":"IF(ISERROR(VLOOKUP(W$4, '4. Billing Determinants'!$B$19:$O$41, 13, FALSE)*'2. 2013 Continuity Schedule'!$CP$34), 0, VLOOKUP(W$4, '4. Billing Determinants'!$B$19:$O$41, 13, FALSE)*'2. 2013 Continuity Schedule'!$CP$34)","v":0},{"$f":"IF(ISERROR(VLOOKUP(X$4, '4. Billing Determinants'!$B$19:$O$41, 13, FALSE)*'2. 2013 Continuity Schedule'!$CP$34), 0, VLOOKUP(X$4, '4. Billing Determinants'!$B$19:$O$41, 13, FALSE)*'2. 2013 Continuity Schedule'!$CP$34)","v":0},{"$f":"IF(ISERROR(VLOOKUP(Y$4, '4. Billing Determinants'!$B$19:$O$41, 13, FALSE)*'2. 2013 Continuity Schedule'!$CP$34), 0, VLOOKUP(Y$4, '4. Billing Determinants'!$B$19:$O$41, 13, FALSE)*'2. 2013 Continuity Schedule'!$CP$34)","v":0}]
[null,"Total of Group 1 Accounts (excluding 1589)",null,{"$f":"SUM(D5:D15)-D10","v":0},null,{"$f":"SUM(F5:F15)-F10","v":0},{"$f":"SUM(G5:G15)-G10","v":0},0,0,0,0,0,0,0,0,0,0,0,0,0,0,0,0,0,0]
[]
[null,"Other Regulatory Assets - Sub-Account - OEB Cost Assessments",1508,{"$f":"'2. 2013 Continuity Schedule'!CP41","v":0},null,{"$f":"IFERROR(IF(F$4=\"\",0,IF($E18=\"kWh\",VLOOKUP(F$4,'4. Billing Determinants'!$B$19:$O$41,4,0)/'4. Billing Determinants'!$E$41*$D18,IF($E18=\"kW\",VLOOKUP(F$4,'4. Billing Determinants'!$B$19:$O$41,5,0)/'4. Billing Determinants'!$F$41*$D18,IF($E18=\"Non-RPP kWh\",VLOOKUP(F$4,'4. Billing Determinants'!$B$19:$O$41,6,0)/'4. Billing Determinants'!$G$41*$D18,IF($E18=\"Distribution Rev.\",VLOOKUP(F$4,'4. Billing Determinants'!$B$19:$O$41,8,0)/'4. Billing Determinants'!$I$41*$D18, VLOOKUP(F$4,'4. Billing Determinants'!$B$19:$O$41,3,0)/'4. Billing Determinants'!$D$41*$D18))))),0)","v":0},{"$f":"IFERROR(IF(G$4=\"\",0,IF($E18=\"kWh\",VLOOKUP(G$4,'4. Billing Determinants'!$B$19:$O$41,4,0)/'4. Billing Determinants'!$E$41*$D18,IF($E18=\"kW\",VLOOKUP(G$4,'4. Billing Determinants'!$B$19:$O$41,5,0)/'4. Billing Determinants'!$F$41*$D18,IF($E18=\"Non-RPP kWh\",VLOOKUP(G$4,'4. Billing Determinants'!$B$19:$O$41,6,0)/'4. Billing Determinants'!$G$41*$D18,IF($E18=\"Distribution Rev.\",VLOOKUP(G$4,'4. Billing Determinants'!$B$19:$O$41,8,0)/'4. Billing Determinants'!$I$41*$D18, VLOOKUP(G$4,'4. Billing Determinants'!$B$19:$O$41,3,0)/'4. Billing Determinants'!$D$41*$D18))))),0)","v":0},{"$f":"IFERROR(IF(H$4=\"\",0,IF($E18=\"kWh\",VLOOKUP(H$4,'4. Billing Determinants'!$B$19:$O$41,4,0)/'4. Billing Determinants'!$E$41*$D18,IF($E18=\"kW\",VLOOKUP(H$4,'4. Billing Determinants'!$B$19:$O$41,5,0)/'4. Billing Determinants'!$F$41*$D18,IF($E18=\"Non-RPP kWh\",VLOOKUP(H$4,'4. Billing Determinants'!$B$19:$O$41,6,0)/'4. Billing Determinants'!$G$41*$D18,IF($E18=\"Distribution Rev.\",VLOOKUP(H$4,'4. Billing Determinants'!$B$19:$O$41,8,0)/'4. Billing Determinants'!$I$41*$D18, VLOOKUP(H$4,'4. Billing Determinants'!$B$19:$O$41,3,0)/'4. Billing Determinants'!$D$41*$D18))))),0)","v":0},{"$f":"IFERROR(IF(I$4=\"\",0,IF($E18=\"kWh\",VLOOKUP(I$4,'4. Billing Determinants'!$B$19:$O$41,4,0)/'4. Billing Determinants'!$E$41*$D18,IF($E18=\"kW\",VLOOKUP(I$4,'4. Billing Determinants'!$B$19:$O$41,5,0)/'4. Billing Determinants'!$F$41*$D18,IF($E18=\"Non-RPP kWh\",VLOOKUP(I$4,'4. Billing Determinants'!$B$19:$O$41,6,0)/'4. Billing Determinants'!$G$41*$D18,IF($E18=\"Distribution Rev.\",VLOOKUP(I$4,'4. Billing Determinants'!$B$19:$O$41,8,0)/'4. Billing Determinants'!$I$41*$D18, VLOOKUP(I$4,'4. Billing Determinants'!$B$19:$O$41,3,0)/'4. Billing Determinants'!$D$41*$D18))))),0)","v":0},{"$f":"IFERROR(IF(J$4=\"\",0,IF($E18=\"kWh\",VLOOKUP(J$4,'4. Billing Determinants'!$B$19:$O$41,4,0)/'4. Billing Determinants'!$E$41*$D18,IF($E18=\"kW\",VLOOKUP(J$4,'4. Billing Determinants'!$B$19:$O$41,5,0)/'4. Billing Determinants'!$F$41*$D18,IF($E18=\"Non-RPP kWh\",VLOOKUP(J$4,'4. Billing Determinants'!$B$19:$O$41,6,0)/'4. Billing Determinants'!$G$41*$D18,IF($E18=\"Distribution Rev.\",VLOOKUP(J$4,'4. Billing Determinants'!$B$19:$O$41,8,0)/'4. Billing Determinants'!$I$41*$D18, VLOOKUP(J$4,'4. Billing Determinants'!$B$19:$O$41,3,0)/'4. Billing Determinants'!$D$41*$D18))))),0)","v":0},{"$f":"IFERROR(IF(K$4=\"\",0,IF($E18=\"kWh\",VLOOKUP(K$4,'4. Billing Determinants'!$B$19:$O$41,4,0)/'4. Billing Determinants'!$E$41*$D18,IF($E18=\"kW\",VLOOKUP(K$4,'4. Billing Determinants'!$B$19:$O$41,5,0)/'4. Billing Determinants'!$F$41*$D18,IF($E18=\"Non-RPP kWh\",VLOOKUP(K$4,'4. Billing Determinants'!$B$19:$O$41,6,0)/'4. Billing Determinants'!$G$41*$D18,IF($E18=\"Distribution Rev.\",VLOOKUP(K$4,'4. Billing Determinants'!$B$19:$O$41,8,0)/'4. Billing Determinants'!$I$41*$D18, VLOOKUP(K$4,'4. Billing Determinants'!$B$19:$O$41,3,0)/'4. Billing Determinants'!$D$41*$D18))))),0)","v":0},{"$f":"IFERROR(IF(L$4=\"\",0,IF($E18=\"kWh\",VLOOKUP(L$4,'4. Billing Determinants'!$B$19:$O$41,4,0)/'4. Billing Determinants'!$E$41*$D18,IF($E18=\"kW\",VLOOKUP(L$4,'4. Billing Determinants'!$B$19:$O$41,5,0)/'4. Billing Determinants'!$F$41*$D18,IF($E18=\"Non-RPP kWh\",VLOOKUP(L$4,'4. Billing Determinants'!$B$19:$O$41,6,0)/'4. Billing Determinants'!$G$41*$D18,IF($E18=\"Distribution Rev.\",VLOOKUP(L$4,'4. Billing Determinants'!$B$19:$O$41,8,0)/'4. Billing Determinants'!$I$41*$D18, VLOOKUP(L$4,'4. Billing Determinants'!$B$19:$O$41,3,0)/'4. Billing Determinants'!$D$41*$D18))))),0)","v":0},{"$f":"IFERROR(IF(M$4=\"\",0,IF($E18=\"kWh\",VLOOKUP(M$4,'4. Billing Determinants'!$B$19:$O$41,4,0)/'4. Billing Determinants'!$E$41*$D18,IF($E18=\"kW\",VLOOKUP(M$4,'4. Billing Determinants'!$B$19:$O$41,5,0)/'4. Billing Determinants'!$F$41*$D18,IF($E18=\"Non-RPP kWh\",VLOOKUP(M$4,'4. Billing Determinants'!$B$19:$O$41,6,0)/'4. Billing Determinants'!$G$41*$D18,IF($E18=\"Distribution Rev.\",VLOOKUP(M$4,'4. Billing Determinants'!$B$19:$O$41,8,0)/'4. Billing Determinants'!$I$41*$D18, VLOOKUP(M$4,'4. Billing Determinants'!$B$19:$O$41,3,0)/'4. Billing Determinants'!$D$41*$D18))))),0)","v":0},{"$f":"IFERROR(IF(N$4=\"\",0,IF($E18=\"kWh\",VLOOKUP(N$4,'4. Billing Determinants'!$B$19:$O$41,4,0)/'4. Billing Determinants'!$E$41*$D18,IF($E18=\"kW\",VLOOKUP(N$4,'4. Billing Determinants'!$B$19:$O$41,5,0)/'4. Billing Determinants'!$F$41*$D18,IF($E18=\"Non-RPP kWh\",VLOOKUP(N$4,'4. Billing Determinants'!$B$19:$O$41,6,0)/'4. Billing Determinants'!$G$41*$D18,IF($E18=\"Distribution Rev.\",VLOOKUP(N$4,'4. Billing Determinants'!$B$19:$O$41,8,0)/'4. Billing Determinants'!$I$41*$D18, VLOOKUP(N$4,'4. Billing Determinants'!$B$19:$O$41,3,0)/'4. Billing Determinants'!$D$41*$D18))))),0)","v":0},{"$f":"IFERROR(IF(O$4=\"\",0,IF($E18=\"kWh\",VLOOKUP(O$4,'4. Billing Determinants'!$B$19:$O$41,4,0)/'4. Billing Determinants'!$E$41*$D18,IF($E18=\"kW\",VLOOKUP(O$4,'4. Billing Determinants'!$B$19:$O$41,5,0)/'4. Billing Determinants'!$F$41*$D18,IF($E18=\"Non-RPP kWh\",VLOOKUP(O$4,'4. Billing Determinants'!$B$19:$O$41,6,0)/'4. Billing Determinants'!$G$41*$D18,IF($E18=\"Distribution Rev.\",VLOOKUP(O$4,'4. Billing Determinants'!$B$19:$O$41,8,0)/'4. Billing Determinants'!$I$41*$D18, VLOOKUP(O$4,'4. Billing Determinants'!$B$19:$O$41,3,0)/'4. Billing Determinants'!$D$41*$D18))))),0)","v":0},{"$f":"IFERROR(IF(P$4=\"\",0,IF($E18=\"kWh\",VLOOKUP(P$4,'4. Billing Determinants'!$B$19:$O$41,4,0)/'4. Billing Determinants'!$E$41*$D18,IF($E18=\"kW\",VLOOKUP(P$4,'4. Billing Determinants'!$B$19:$O$41,5,0)/'4. Billing Determinants'!$F$41*$D18,IF($E18=\"Non-RPP kWh\",VLOOKUP(P$4,'4. Billing Determinants'!$B$19:$O$41,6,0)/'4. Billing Determinants'!$G$41*$D18,IF($E18=\"Distribution Rev.\",VLOOKUP(P$4,'4. Billing Determinants'!$B$19:$O$41,8,0)/'4. Billing Determinants'!$I$41*$D18, VLOOKUP(P$4,'4. Billing Determinants'!$B$19:$O$41,3,0)/'4. Billing Determinants'!$D$41*$D18))))),0)","v":0},{"$f":"IFERROR(IF(Q$4=\"\",0,IF($E18=\"kWh\",VLOOKUP(Q$4,'4. Billing Determinants'!$B$19:$O$41,4,0)/'4. Billing Determinants'!$E$41*$D18,IF($E18=\"kW\",VLOOKUP(Q$4,'4. Billing Determinants'!$B$19:$O$41,5,0)/'4. Billing Determinants'!$F$41*$D18,IF($E18=\"Non-RPP kWh\",VLOOKUP(Q$4,'4. Billing Determinants'!$B$19:$O$41,6,0)/'4. Billing Determinants'!$G$41*$D18,IF($E18=\"Distribution Rev.\",VLOOKUP(Q$4,'4. Billing Determinants'!$B$19:$O$41,8,0)/'4. Billing Determinants'!$I$41*$D18, VLOOKUP(Q$4,'4. Billing Determinants'!$B$19:$O$41,3,0)/'4. Billing Determinants'!$D$41*$D18))))),0)","v":0},{"$f":"IFERROR(IF(R$4=\"\",0,IF($E18=\"kWh\",VLOOKUP(R$4,'4. Billing Determinants'!$B$19:$O$41,4,0)/'4. Billing Determinants'!$E$41*$D18,IF($E18=\"kW\",VLOOKUP(R$4,'4. Billing Determinants'!$B$19:$O$41,5,0)/'4. Billing Determinants'!$F$41*$D18,IF($E18=\"Non-RPP kWh\",VLOOKUP(R$4,'4. Billing Determinants'!$B$19:$O$41,6,0)/'4. Billing Determinants'!$G$41*$D18,IF($E18=\"Distribution Rev.\",VLOOKUP(R$4,'4. Billing Determinants'!$B$19:$O$41,8,0)/'4. Billing Determinants'!$I$41*$D18, VLOOKUP(R$4,'4. Billing Determinants'!$B$19:$O$41,3,0)/'4. Billing Determinants'!$D$41*$D18))))),0)","v":0},{"$f":"IFERROR(IF(S$4=\"\",0,IF($E18=\"kWh\",VLOOKUP(S$4,'4. Billing Determinants'!$B$19:$O$41,4,0)/'4. Billing Determinants'!$E$41*$D18,IF($E18=\"kW\",VLOOKUP(S$4,'4. Billing Determinants'!$B$19:$O$41,5,0)/'4. Billing Determinants'!$F$41*$D18,IF($E18=\"Non-RPP kWh\",VLOOKUP(S$4,'4. Billing Determinants'!$B$19:$O$41,6,0)/'4. Billing Determinants'!$G$41*$D18,IF($E18=\"Distribution Rev.\",VLOOKUP(S$4,'4. Billing Determinants'!$B$19:$O$41,8,0)/'4. Billing Determinants'!$I$41*$D18, VLOOKUP(S$4,'4. Billing Determinants'!$B$19:$O$41,3,0)/'4. Billing Determinants'!$D$41*$D18))))),0)","v":0},{"$f":"IFERROR(IF(T$4=\"\",0,IF($E18=\"kWh\",VLOOKUP(T$4,'4. Billing Determinants'!$B$19:$O$41,4,0)/'4. Billing Determinants'!$E$41*$D18,IF($E18=\"kW\",VLOOKUP(T$4,'4. Billing Determinants'!$B$19:$O$41,5,0)/'4. Billing Determinants'!$F$41*$D18,IF($E18=\"Non-RPP kWh\",VLOOKUP(T$4,'4. Billing Determinants'!$B$19:$O$41,6,0)/'4. Billing Determinants'!$G$41*$D18,IF($E18=\"Distribution Rev.\",VLOOKUP(T$4,'4. Billing Determinants'!$B$19:$O$41,8,0)/'4. Billing Determinants'!$I$41*$D18, VLOOKUP(T$4,'4. Billing Determinants'!$B$19:$O$41,3,0)/'4. Billing Determinants'!$D$41*$D18))))),0)","v":0},{"$f":"IFERROR(IF(U$4=\"\",0,IF($E18=\"kWh\",VLOOKUP(U$4,'4. Billing Determinants'!$B$19:$O$41,4,0)/'4. Billing Determinants'!$E$41*$D18,IF($E18=\"kW\",VLOOKUP(U$4,'4. Billing Determinants'!$B$19:$O$41,5,0)/'4. Billing Determinants'!$F$41*$D18,IF($E18=\"Non-RPP kWh\",VLOOKUP(U$4,'4. Billing Determinants'!$B$19:$O$41,6,0)/'4. Billing Determinants'!$G$41*$D18,IF($E18=\"Distribution Rev.\",VLOOKUP(U$4,'4. Billing Determinants'!$B$19:$O$41,8,0)/'4. Billing Determinants'!$I$41*$D18, VLOOKUP(U$4,'4. Billing Determinants'!$B$19:$O$41,3,0)/'4. Billing Determinants'!$D$41*$D18))))),0)","v":0},{"$f":"IFERROR(IF(V$4=\"\",0,IF($E18=\"kWh\",VLOOKUP(V$4,'4. Billing Determinants'!$B$19:$O$41,4,0)/'4. Billing Determinants'!$E$41*$D18,IF($E18=\"kW\",VLOOKUP(V$4,'4. Billing Determinants'!$B$19:$O$41,5,0)/'4. Billing Determinants'!$F$41*$D18,IF($E18=\"Non-RPP kWh\",VLOOKUP(V$4,'4. Billing Determinants'!$B$19:$O$41,6,0)/'4. Billing Determinants'!$G$41*$D18,IF($E18=\"Distribution Rev.\",VLOOKUP(V$4,'4. Billing Determinants'!$B$19:$O$41,8,0)/'4. Billing Determinants'!$I$41*$D18, VLOOKUP(V$4,'4. Billing Determinants'!$B$19:$O$41,3,0)/'4. Billing Determinants'!$D$41*$D18))))),0)","v":0},{"$f":"IFERROR(IF(W$4=\"\",0,IF($E18=\"kWh\",VLOOKUP(W$4,'4. Billing Determinants'!$B$19:$O$41,4,0)/'4. Billing Determinants'!$E$41*$D18,IF($E18=\"kW\",VLOOKUP(W$4,'4. Billing Determinants'!$B$19:$O$41,5,0)/'4. Billing Determinants'!$F$41*$D18,IF($E18=\"Non-RPP kWh\",VLOOKUP(W$4,'4. Billing Determinants'!$B$19:$O$41,6,0)/'4. Billing Determinants'!$G$41*$D18,IF($E18=\"Distribution Rev.\",VLOOKUP(W$4,'4. Billing Determinants'!$B$19:$O$41,8,0)/'4. Billing Determinants'!$I$41*$D18, VLOOKUP(W$4,'4. Billing Determinants'!$B$19:$O$41,3,0)/'4. Billing Determinants'!$D$41*$D18))))),0)","v":0},{"$f":"IFERROR(IF(X$4=\"\",0,IF($E18=\"kWh\",VLOOKUP(X$4,'4. Billing Determinants'!$B$19:$O$41,4,0)/'4. Billing Determinants'!$E$41*$D18,IF($E18=\"kW\",VLOOKUP(X$4,'4. Billing Determinants'!$B$19:$O$41,5,0)/'4. Billing Determinants'!$F$41*$D18,IF($E18=\"Non-RPP kWh\",VLOOKUP(X$4,'4. Billing Determinants'!$B$19:$O$41,6,0)/'4. Billing Determinants'!$G$41*$D18,IF($E18=\"Distribution Rev.\",VLOOKUP(X$4,'4. Billing Determinants'!$B$19:$O$41,8,0)/'4. Billing Determinants'!$I$41*$D18, VLOOKUP(X$4,'4. Billing Determinants'!$B$19:$O$41,3,0)/'4. Billing Determinants'!$D$41*$D18))))),0)","v":0},{"$f":"IFERROR(IF(Y$4=\"\",0,IF($E18=\"kWh\",VLOOKUP(Y$4,'4. Billing Determinants'!$B$19:$O$41,4,0)/'4. Billing Determinants'!$E$41*$D18,IF($E18=\"kW\",VLOOKUP(Y$4,'4. Billing Determinants'!$B$19:$O$41,5,0)/'4. Billing Determinants'!$F$41*$D18,IF($E18=\"Non-RPP kWh\",VLOOKUP(Y$4,'4. Billing Determinants'!$B$19:$O$41,6,0)/'4. Billing Determinants'!$G$41*$D18,IF($E18=\"Distribution Rev.\",VLOOKUP(Y$4,'4. Billing Determinants'!$B$19:$O$41,8,0)/'4. Billing Determinants'!$I$41*$D18, VLOOKUP(Y$4,'4. Billing Determinants'!$B$19:$O$41,3,0)/'4. Billing Determinants'!$D$41*$D18))))),0)","v":0}]
[null,"Other Regulatory Assets - Sub-Account - Pension Contributions",1508,{"$f":"'2. 2013 Continuity Schedule'!CP42","v":0},null,{"$f":"IFERROR(IF(F$4=\"\",0,IF($E19=\"kWh\",VLOOKUP(F$4,'4. Billing Determinants'!$B$19:$O$41,4,0)/'4. Billing Determinants'!$E$41*$D19,IF($E19=\"kW\",VLOOKUP(F$4,'4. Billing Determinants'!$B$19:$O$41,5,0)/'4. Billing Determinants'!$F$41*$D19,IF($E19=\"Non-RPP kWh\",VLOOKUP(F$4,'4. Billing Determinants'!$B$19:$O$41,6,0)/'4. Billing Determinants'!$G$41*$D19,IF($E19=\"Distribution Rev.\",VLOOKUP(F$4,'4. Billing Determinants'!$B$19:$O$41,8,0)/'4. Billing Determinants'!$I$41*$D19, VLOOKUP(F$4,'4. Billing Determinants'!$B$19:$O$41,3,0)/'4. Billing Determinants'!$D$41*$D19))))),0)","v":0},{"$f":"IFERROR(IF(G$4=\"\",0,IF($E19=\"kWh\",VLOOKUP(G$4,'4. Billing Determinants'!$B$19:$O$41,4,0)/'4. Billing Determinants'!$E$41*$D19,IF($E19=\"kW\",VLOOKUP(G$4,'4. Billing Determinants'!$B$19:$O$41,5,0)/'4. Billing Determinants'!$F$41*$D19,IF($E19=\"Non-RPP kWh\",VLOOKUP(G$4,'4. Billing Determinants'!$B$19:$O$41,6,0)/'4. Billing Determinants'!$G$41*$D19,IF($E19=\"Distribution Rev.\",VLOOKUP(G$4,'4. Billing Determinants'!$B$19:$O$41,8,0)/'4. Billing Determinants'!$I$41*$D19, VLOOKUP(G$4,'4. Billing Determinants'!$B$19:$O$41,3,0)/'4. Billing Determinants'!$D$41*$D19))))),0)","v":0},{"$f":"IFERROR(IF(H$4=\"\",0,IF($E19=\"kWh\",VLOOKUP(H$4,'4. Billing Determinants'!$B$19:$O$41,4,0)/'4. Billing Determinants'!$E$41*$D19,IF($E19=\"kW\",VLOOKUP(H$4,'4. Billing Determinants'!$B$19:$O$41,5,0)/'4. Billing Determinants'!$F$41*$D19,IF($E19=\"Non-RPP kWh\",VLOOKUP(H$4,'4. Billing Determinants'!$B$19:$O$41,6,0)/'4. Billing Determinants'!$G$41*$D19,IF($E19=\"Distribution Rev.\",VLOOKUP(H$4,'4. Billing Determinants'!$B$19:$O$41,8,0)/'4. Billing Determinants'!$I$41*$D19, VLOOKUP(H$4,'4. Billing Determinants'!$B$19:$O$41,3,0)/'4. Billing Determinants'!$D$41*$D19))))),0)","v":0},{"$f":"IFERROR(IF(I$4=\"\",0,IF($E19=\"kWh\",VLOOKUP(I$4,'4. Billing Determinants'!$B$19:$O$41,4,0)/'4. Billing Determinants'!$E$41*$D19,IF($E19=\"kW\",VLOOKUP(I$4,'4. Billing Determinants'!$B$19:$O$41,5,0)/'4. Billing Determinants'!$F$41*$D19,IF($E19=\"Non-RPP kWh\",VLOOKUP(I$4,'4. Billing Determinants'!$B$19:$O$41,6,0)/'4. Billing Determinants'!$G$41*$D19,IF($E19=\"Distribution Rev.\",VLOOKUP(I$4,'4. Billing Determinants'!$B$19:$O$41,8,0)/'4. Billing Determinants'!$I$41*$D19, VLOOKUP(I$4,'4. Billing Determinants'!$B$19:$O$41,3,0)/'4. Billing Determinants'!$D$41*$D19))))),0)","v":0},{"$f":"IFERROR(IF(J$4=\"\",0,IF($E19=\"kWh\",VLOOKUP(J$4,'4. Billing Determinants'!$B$19:$O$41,4,0)/'4. Billing Determinants'!$E$41*$D19,IF($E19=\"kW\",VLOOKUP(J$4,'4. Billing Determinants'!$B$19:$O$41,5,0)/'4. Billing Determinants'!$F$41*$D19,IF($E19=\"Non-RPP kWh\",VLOOKUP(J$4,'4. Billing Determinants'!$B$19:$O$41,6,0)/'4. Billing Determinants'!$G$41*$D19,IF($E19=\"Distribution Rev.\",VLOOKUP(J$4,'4. Billing Determinants'!$B$19:$O$41,8,0)/'4. Billing Determinants'!$I$41*$D19, VLOOKUP(J$4,'4. Billing Determinants'!$B$19:$O$41,3,0)/'4. Billing Determinants'!$D$41*$D19))))),0)","v":0},{"$f":"IFERROR(IF(K$4=\"\",0,IF($E19=\"kWh\",VLOOKUP(K$4,'4. Billing Determinants'!$B$19:$O$41,4,0)/'4. Billing Determinants'!$E$41*$D19,IF($E19=\"kW\",VLOOKUP(K$4,'4. Billing Determinants'!$B$19:$O$41,5,0)/'4. Billing Determinants'!$F$41*$D19,IF($E19=\"Non-RPP kWh\",VLOOKUP(K$4,'4. Billing Determinants'!$B$19:$O$41,6,0)/'4. Billing Determinants'!$G$41*$D19,IF($E19=\"Distribution Rev.\",VLOOKUP(K$4,'4. Billing Determinants'!$B$19:$O$41,8,0)/'4. Billing Determinants'!$I$41*$D19, VLOOKUP(K$4,'4. Billing Determinants'!$B$19:$O$41,3,0)/'4. Billing Determinants'!$D$41*$D19))))),0)","v":0},{"$f":"IFERROR(IF(L$4=\"\",0,IF($E19=\"kWh\",VLOOKUP(L$4,'4. Billing Determinants'!$B$19:$O$41,4,0)/'4. Billing Determinants'!$E$41*$D19,IF($E19=\"kW\",VLOOKUP(L$4,'4. Billing Determinants'!$B$19:$O$41,5,0)/'4. Billing Determinants'!$F$41*$D19,IF($E19=\"Non-RPP kWh\",VLOOKUP(L$4,'4. Billing Determinants'!$B$19:$O$41,6,0)/'4. Billing Determinants'!$G$41*$D19,IF($E19=\"Distribution Rev.\",VLOOKUP(L$4,'4. Billing Determinants'!$B$19:$O$41,8,0)/'4. Billing Determinants'!$I$41*$D19, VLOOKUP(L$4,'4. Billing Determinants'!$B$19:$O$41,3,0)/'4. Billing Determinants'!$D$41*$D19))))),0)","v":0},{"$f":"IFERROR(IF(M$4=\"\",0,IF($E19=\"kWh\",VLOOKUP(M$4,'4. Billing Determinants'!$B$19:$O$41,4,0)/'4. Billing Determinants'!$E$41*$D19,IF($E19=\"kW\",VLOOKUP(M$4,'4. Billing Determinants'!$B$19:$O$41,5,0)/'4. Billing Determinants'!$F$41*$D19,IF($E19=\"Non-RPP kWh\",VLOOKUP(M$4,'4. Billing Determinants'!$B$19:$O$41,6,0)/'4. Billing Determinants'!$G$41*$D19,IF($E19=\"Distribution Rev.\",VLOOKUP(M$4,'4. Billing Determinants'!$B$19:$O$41,8,0)/'4. Billing Determinants'!$I$41*$D19, VLOOKUP(M$4,'4. Billing Determinants'!$B$19:$O$41,3,0)/'4. Billing Determinants'!$D$41*$D19))))),0)","v":0},{"$f":"IFERROR(IF(N$4=\"\",0,IF($E19=\"kWh\",VLOOKUP(N$4,'4. Billing Determinants'!$B$19:$O$41,4,0)/'4. Billing Determinants'!$E$41*$D19,IF($E19=\"kW\",VLOOKUP(N$4,'4. Billing Determinants'!$B$19:$O$41,5,0)/'4. Billing Determinants'!$F$41*$D19,IF($E19=\"Non-RPP kWh\",VLOOKUP(N$4,'4. Billing Determinants'!$B$19:$O$41,6,0)/'4. Billing Determinants'!$G$41*$D19,IF($E19=\"Distribution Rev.\",VLOOKUP(N$4,'4. Billing Determinants'!$B$19:$O$41,8,0)/'4. Billing Determinants'!$I$41*$D19, VLOOKUP(N$4,'4. Billing Determinants'!$B$19:$O$41,3,0)/'4. Billing Determinants'!$D$41*$D19))))),0)","v":0},{"$f":"IFERROR(IF(O$4=\"\",0,IF($E19=\"kWh\",VLOOKUP(O$4,'4. Billing Determinants'!$B$19:$O$41,4,0)/'4. Billing Determinants'!$E$41*$D19,IF($E19=\"kW\",VLOOKUP(O$4,'4. Billing Determinants'!$B$19:$O$41,5,0)/'4. Billing Determinants'!$F$41*$D19,IF($E19=\"Non-RPP kWh\",VLOOKUP(O$4,'4. Billing Determinants'!$B$19:$O$41,6,0)/'4. Billing Determinants'!$G$41*$D19,IF($E19=\"Distribution Rev.\",VLOOKUP(O$4,'4. Billing Determinants'!$B$19:$O$41,8,0)/'4. Billing Determinants'!$I$41*$D19, VLOOKUP(O$4,'4. Billing Determinants'!$B$19:$O$41,3,0)/'4. Billing Determinants'!$D$41*$D19))))),0)","v":0},{"$f":"IFERROR(IF(P$4=\"\",0,IF($E19=\"kWh\",VLOOKUP(P$4,'4. Billing Determinants'!$B$19:$O$41,4,0)/'4. Billing Determinants'!$E$41*$D19,IF($E19=\"kW\",VLOOKUP(P$4,'4. Billing Determinants'!$B$19:$O$41,5,0)/'4. Billing Determinants'!$F$41*$D19,IF($E19=\"Non-RPP kWh\",VLOOKUP(P$4,'4. Billing Determinants'!$B$19:$O$41,6,0)/'4. Billing Determinants'!$G$41*$D19,IF($E19=\"Distribution Rev.\",VLOOKUP(P$4,'4. Billing Determinants'!$B$19:$O$41,8,0)/'4. Billing Determinants'!$I$41*$D19, VLOOKUP(P$4,'4. Billing Determinants'!$B$19:$O$41,3,0)/'4. Billing Determinants'!$D$41*$D19))))),0)","v":0},{"$f":"IFERROR(IF(Q$4=\"\",0,IF($E19=\"kWh\",VLOOKUP(Q$4,'4. Billing Determinants'!$B$19:$O$41,4,0)/'4. Billing Determinants'!$E$41*$D19,IF($E19=\"kW\",VLOOKUP(Q$4,'4. Billing Determinants'!$B$19:$O$41,5,0)/'4. Billing Determinants'!$F$41*$D19,IF($E19=\"Non-RPP kWh\",VLOOKUP(Q$4,'4. Billing Determinants'!$B$19:$O$41,6,0)/'4. Billing Determinants'!$G$41*$D19,IF($E19=\"Distribution Rev.\",VLOOKUP(Q$4,'4. Billing Determinants'!$B$19:$O$41,8,0)/'4. Billing Determinants'!$I$41*$D19, VLOOKUP(Q$4,'4. Billing Determinants'!$B$19:$O$41,3,0)/'4. Billing Determinants'!$D$41*$D19))))),0)","v":0},{"$f":"IFERROR(IF(R$4=\"\",0,IF($E19=\"kWh\",VLOOKUP(R$4,'4. Billing Determinants'!$B$19:$O$41,4,0)/'4. Billing Determinants'!$E$41*$D19,IF($E19=\"kW\",VLOOKUP(R$4,'4. Billing Determinants'!$B$19:$O$41,5,0)/'4. Billing Determinants'!$F$41*$D19,IF($E19=\"Non-RPP kWh\",VLOOKUP(R$4,'4. Billing Determinants'!$B$19:$O$41,6,0)/'4. Billing Determinants'!$G$41*$D19,IF($E19=\"Distribution Rev.\",VLOOKUP(R$4,'4. Billing Determinants'!$B$19:$O$41,8,0)/'4. Billing Determinants'!$I$41*$D19, VLOOKUP(R$4,'4. Billing Determinants'!$B$19:$O$41,3,0)/'4. Billing Determinants'!$D$41*$D19))))),0)","v":0},{"$f":"IFERROR(IF(S$4=\"\",0,IF($E19=\"kWh\",VLOOKUP(S$4,'4. Billing Determinants'!$B$19:$O$41,4,0)/'4. Billing Determinants'!$E$41*$D19,IF($E19=\"kW\",VLOOKUP(S$4,'4. Billing Determinants'!$B$19:$O$41,5,0)/'4. Billing Determinants'!$F$41*$D19,IF($E19=\"Non-RPP kWh\",VLOOKUP(S$4,'4. Billing Determinants'!$B$19:$O$41,6,0)/'4. Billing Determinants'!$G$41*$D19,IF($E19=\"Distribution Rev.\",VLOOKUP(S$4,'4. Billing Determinants'!$B$19:$O$41,8,0)/'4. Billing Determinants'!$I$41*$D19, VLOOKUP(S$4,'4. Billing Determinants'!$B$19:$O$41,3,0)/'4. Billing Determinants'!$D$41*$D19))))),0)","v":0},{"$f":"IFERROR(IF(T$4=\"\",0,IF($E19=\"kWh\",VLOOKUP(T$4,'4. Billing Determinants'!$B$19:$O$41,4,0)/'4. Billing Determinants'!$E$41*$D19,IF($E19=\"kW\",VLOOKUP(T$4,'4. Billing Determinants'!$B$19:$O$41,5,0)/'4. Billing Determinants'!$F$41*$D19,IF($E19=\"Non-RPP kWh\",VLOOKUP(T$4,'4. Billing Determinants'!$B$19:$O$41,6,0)/'4. Billing Determinants'!$G$41*$D19,IF($E19=\"Distribution Rev.\",VLOOKUP(T$4,'4. Billing Determinants'!$B$19:$O$41,8,0)/'4. Billing Determinants'!$I$41*$D19, VLOOKUP(T$4,'4. Billing Determinants'!$B$19:$O$41,3,0)/'4. Billing Determinants'!$D$41*$D19))))),0)","v":0},{"$f":"IFERROR(IF(U$4=\"\",0,IF($E19=\"kWh\",VLOOKUP(U$4,'4. Billing Determinants'!$B$19:$O$41,4,0)/'4. Billing Determinants'!$E$41*$D19,IF($E19=\"kW\",VLOOKUP(U$4,'4. Billing Determinants'!$B$19:$O$41,5,0)/'4. Billing Determinants'!$F$41*$D19,IF($E19=\"Non-RPP kWh\",VLOOKUP(U$4,'4. Billing Determinants'!$B$19:$O$41,6,0)/'4. Billing Determinants'!$G$41*$D19,IF($E19=\"Distribution Rev.\",VLOOKUP(U$4,'4. Billing Determinants'!$B$19:$O$41,8,0)/'4. Billing Determinants'!$I$41*$D19, VLOOKUP(U$4,'4. Billing Determinants'!$B$19:$O$41,3,0)/'4. Billing Determinants'!$D$41*$D19))))),0)","v":0},{"$f":"IFERROR(IF(V$4=\"\",0,IF($E19=\"kWh\",VLOOKUP(V$4,'4. Billing Determinants'!$B$19:$O$41,4,0)/'4. Billing Determinants'!$E$41*$D19,IF($E19=\"kW\",VLOOKUP(V$4,'4. Billing Determinants'!$B$19:$O$41,5,0)/'4. Billing Determinants'!$F$41*$D19,IF($E19=\"Non-RPP kWh\",VLOOKUP(V$4,'4. Billing Determinants'!$B$19:$O$41,6,0)/'4. Billing Determinants'!$G$41*$D19,IF($E19=\"Distribution Rev.\",VLOOKUP(V$4,'4. Billing Determinants'!$B$19:$O$41,8,0)/'4. Billing Determinants'!$I$41*$D19, VLOOKUP(V$4,'4. Billing Determinants'!$B$19:$O$41,3,0)/'4. Billing Determinants'!$D$41*$D19))))),0)","v":0},{"$f":"IFERROR(IF(W$4=\"\",0,IF($E19=\"kWh\",VLOOKUP(W$4,'4. Billing Determinants'!$B$19:$O$41,4,0)/'4. Billing Determinants'!$E$41*$D19,IF($E19=\"kW\",VLOOKUP(W$4,'4. Billing Determinants'!$B$19:$O$41,5,0)/'4. Billing Determinants'!$F$41*$D19,IF($E19=\"Non-RPP kWh\",VLOOKUP(W$4,'4. Billing Determinants'!$B$19:$O$41,6,0)/'4. Billing Determinants'!$G$41*$D19,IF($E19=\"Distribution Rev.\",VLOOKUP(W$4,'4. Billing Determinants'!$B$19:$O$41,8,0)/'4. Billing Determinants'!$I$41*$D19, VLOOKUP(W$4,'4. Billing Determinants'!$B$19:$O$41,3,0)/'4. Billing Determinants'!$D$41*$D19))))),0)","v":0},{"$f":"IFERROR(IF(X$4=\"\",0,IF($E19=\"kWh\",VLOOKUP(X$4,'4. Billing Determinants'!$B$19:$O$41,4,0)/'4. Billing Determinants'!$E$41*$D19,IF($E19=\"kW\",VLOOKUP(X$4,'4. Billing Determinants'!$B$19:$O$41,5,0)/'4. Billing Determinants'!$F$41*$D19,IF($E19=\"Non-RPP kWh\",VLOOKUP(X$4,'4. Billing Determinants'!$B$19:$O$41,6,0)/'4. Billing Determinants'!$G$41*$D19,IF($E19=\"Distribution Rev.\",VLOOKUP(X$4,'4. Billing Determinants'!$B$19:$O$41,8,0)/'4. Billing Determinants'!$I$41*$D19, VLOOKUP(X$4,'4. Billing Determinants'!$B$19:$O$41,3,0)/'4. Billing Determinants'!$D$41*$D19))))),0)","v":0},{"$f":"IFERROR(IF(Y$4=\"\",0,IF($E19=\"kWh\",VLOOKUP(Y$4,'4. Billing Determinants'!$B$19:$O$41,4,0)/'4. Billing Determinants'!$E$41*$D19,IF($E19=\"kW\",VLOOKUP(Y$4,'4. Billing Determinants'!$B$19:$O$41,5,0)/'4. Billing Determinants'!$F$41*$D19,IF($E19=\"Non-RPP kWh\",VLOOKUP(Y$4,'4. Billing Determinants'!$B$19:$O$41,6,0)/'4. Billing Determinants'!$G$41*$D19,IF($E19=\"Distribution Rev.\",VLOOKUP(Y$4,'4. Billing Determinants'!$B$19:$O$41,8,0)/'4. Billing Determinants'!$I$41*$D19, VLOOKUP(Y$4,'4. Billing Determinants'!$B$19:$O$41,3,0)/'4. Billing Determinants'!$D$41*$D19))))),0)","v":0}]
[null,"Other Regulatory Assets - Sub-Account - Deferred IFRS Transition Costs",1508,{"$f":"'2. 2013 Continuity Schedule'!CP43","v":0},null,{"$f":"IFERROR(IF(F$4=\"\",0,IF($E20=\"kWh\",VLOOKUP(F$4,'4. Billing Determinants'!$B$19:$O$41,4,0)/'4. Billing Determinants'!$E$41*$D20,IF($E20=\"kW\",VLOOKUP(F$4,'4. Billing Determinants'!$B$19:$O$41,5,0)/'4. Billing Determinants'!$F$41*$D20,IF($E20=\"Non-RPP kWh\",VLOOKUP(F$4,'4. Billing Determinants'!$B$19:$O$41,6,0)/'4. Billing Determinants'!$G$41*$D20,IF($E20=\"Distribution Rev.\",VLOOKUP(F$4,'4. Billing Determinants'!$B$19:$O$41,8,0)/'4. Billing Determinants'!$I$41*$D20, VLOOKUP(F$4,'4. Billing Determinants'!$B$19:$O$41,3,0)/'4. Billing Determinants'!$D$41*$D20))))),0)","v":0},{"$f":"IFERROR(IF(G$4=\"\",0,IF($E20=\"kWh\",VLOOKUP(G$4,'4. Billing Determinants'!$B$19:$O$41,4,0)/'4. Billing Determinants'!$E$41*$D20,IF($E20=\"kW\",VLOOKUP(G$4,'4. Billing Determinants'!$B$19:$O$41,5,0)/'4. Billing Determinants'!$F$41*$D20,IF($E20=\"Non-RPP kWh\",VLOOKUP(G$4,'4. Billing Determinants'!$B$19:$O$41,6,0)/'4. Billing Determinants'!$G$41*$D20,IF($E20=\"Distribution Rev.\",VLOOKUP(G$4,'4. Billing Determinants'!$B$19:$O$41,8,0)/'4. Billing Determinants'!$I$41*$D20, VLOOKUP(G$4,'4. Billing Determinants'!$B$19:$O$41,3,0)/'4. Billing Determinants'!$D$41*$D20))))),0)","v":0},{"$f":"IFERROR(IF(H$4=\"\",0,IF($E20=\"kWh\",VLOOKUP(H$4,'4. Billing Determinants'!$B$19:$O$41,4,0)/'4. Billing Determinants'!$E$41*$D20,IF($E20=\"kW\",VLOOKUP(H$4,'4. Billing Determinants'!$B$19:$O$41,5,0)/'4. Billing Determinants'!$F$41*$D20,IF($E20=\"Non-RPP kWh\",VLOOKUP(H$4,'4. Billing Determinants'!$B$19:$O$41,6,0)/'4. Billing Determinants'!$G$41*$D20,IF($E20=\"Distribution Rev.\",VLOOKUP(H$4,'4. Billing Determinants'!$B$19:$O$41,8,0)/'4. Billing Determinants'!$I$41*$D20, VLOOKUP(H$4,'4. Billing Determinants'!$B$19:$O$41,3,0)/'4. Billing Determinants'!$D$41*$D20))))),0)","v":0},{"$f":"IFERROR(IF(I$4=\"\",0,IF($E20=\"kWh\",VLOOKUP(I$4,'4. Billing Determinants'!$B$19:$O$41,4,0)/'4. Billing Determinants'!$E$41*$D20,IF($E20=\"kW\",VLOOKUP(I$4,'4. Billing Determinants'!$B$19:$O$41,5,0)/'4. Billing Determinants'!$F$41*$D20,IF($E20=\"Non-RPP kWh\",VLOOKUP(I$4,'4. Billing Determinants'!$B$19:$O$41,6,0)/'4. Billing Determinants'!$G$41*$D20,IF($E20=\"Distribution Rev.\",VLOOKUP(I$4,'4. Billing Determinants'!$B$19:$O$41,8,0)/'4. Billing Determinants'!$I$41*$D20, VLOOKUP(I$4,'4. Billing Determinants'!$B$19:$O$41,3,0)/'4. Billing Determinants'!$D$41*$D20))))),0)","v":0},{"$f":"IFERROR(IF(J$4=\"\",0,IF($E20=\"kWh\",VLOOKUP(J$4,'4. Billing Determinants'!$B$19:$O$41,4,0)/'4. Billing Determinants'!$E$41*$D20,IF($E20=\"kW\",VLOOKUP(J$4,'4. Billing Determinants'!$B$19:$O$41,5,0)/'4. Billing Determinants'!$F$41*$D20,IF($E20=\"Non-RPP kWh\",VLOOKUP(J$4,'4. Billing Determinants'!$B$19:$O$41,6,0)/'4. Billing Determinants'!$G$41*$D20,IF($E20=\"Distribution Rev.\",VLOOKUP(J$4,'4. Billing Determinants'!$B$19:$O$41,8,0)/'4. Billing Determinants'!$I$41*$D20, VLOOKUP(J$4,'4. Billing Determinants'!$B$19:$O$41,3,0)/'4. Billing Determinants'!$D$41*$D20))))),0)","v":0},{"$f":"IFERROR(IF(K$4=\"\",0,IF($E20=\"kWh\",VLOOKUP(K$4,'4. Billing Determinants'!$B$19:$O$41,4,0)/'4. Billing Determinants'!$E$41*$D20,IF($E20=\"kW\",VLOOKUP(K$4,'4. Billing Determinants'!$B$19:$O$41,5,0)/'4. Billing Determinants'!$F$41*$D20,IF($E20=\"Non-RPP kWh\",VLOOKUP(K$4,'4. Billing Determinants'!$B$19:$O$41,6,0)/'4. Billing Determinants'!$G$41*$D20,IF($E20=\"Distribution Rev.\",VLOOKUP(K$4,'4. Billing Determinants'!$B$19:$O$41,8,0)/'4. Billing Determinants'!$I$41*$D20, VLOOKUP(K$4,'4. Billing Determinants'!$B$19:$O$41,3,0)/'4. Billing Determinants'!$D$41*$D20))))),0)","v":0},{"$f":"IFERROR(IF(L$4=\"\",0,IF($E20=\"kWh\",VLOOKUP(L$4,'4. Billing Determinants'!$B$19:$O$41,4,0)/'4. Billing Determinants'!$E$41*$D20,IF($E20=\"kW\",VLOOKUP(L$4,'4. Billing Determinants'!$B$19:$O$41,5,0)/'4. Billing Determinants'!$F$41*$D20,IF($E20=\"Non-RPP kWh\",VLOOKUP(L$4,'4. Billing Determinants'!$B$19:$O$41,6,0)/'4. Billing Determinants'!$G$41*$D20,IF($E20=\"Distribution Rev.\",VLOOKUP(L$4,'4. Billing Determinants'!$B$19:$O$41,8,0)/'4. Billing Determinants'!$I$41*$D20, VLOOKUP(L$4,'4. Billing Determinants'!$B$19:$O$41,3,0)/'4. Billing Determinants'!$D$41*$D20))))),0)","v":0},{"$f":"IFERROR(IF(M$4=\"\",0,IF($E20=\"kWh\",VLOOKUP(M$4,'4. Billing Determinants'!$B$19:$O$41,4,0)/'4. Billing Determinants'!$E$41*$D20,IF($E20=\"kW\",VLOOKUP(M$4,'4. Billing Determinants'!$B$19:$O$41,5,0)/'4. Billing Determinants'!$F$41*$D20,IF($E20=\"Non-RPP kWh\",VLOOKUP(M$4,'4. Billing Determinants'!$B$19:$O$41,6,0)/'4. Billing Determinants'!$G$41*$D20,IF($E20=\"Distribution Rev.\",VLOOKUP(M$4,'4. Billing Determinants'!$B$19:$O$41,8,0)/'4. Billing Determinants'!$I$41*$D20, VLOOKUP(M$4,'4. Billing Determinants'!$B$19:$O$41,3,0)/'4. Billing Determinants'!$D$41*$D20))))),0)","v":0},{"$f":"IFERROR(IF(N$4=\"\",0,IF($E20=\"kWh\",VLOOKUP(N$4,'4. Billing Determinants'!$B$19:$O$41,4,0)/'4. Billing Determinants'!$E$41*$D20,IF($E20=\"kW\",VLOOKUP(N$4,'4. Billing Determinants'!$B$19:$O$41,5,0)/'4. Billing Determinants'!$F$41*$D20,IF($E20=\"Non-RPP kWh\",VLOOKUP(N$4,'4. Billing Determinants'!$B$19:$O$41,6,0)/'4. Billing Determinants'!$G$41*$D20,IF($E20=\"Distribution Rev.\",VLOOKUP(N$4,'4. Billing Determinants'!$B$19:$O$41,8,0)/'4. Billing Determinants'!$I$41*$D20, VLOOKUP(N$4,'4. Billing Determinants'!$B$19:$O$41,3,0)/'4. Billing Determinants'!$D$41*$D20))))),0)","v":0},{"$f":"IFERROR(IF(O$4=\"\",0,IF($E20=\"kWh\",VLOOKUP(O$4,'4. Billing Determinants'!$B$19:$O$41,4,0)/'4. Billing Determinants'!$E$41*$D20,IF($E20=\"kW\",VLOOKUP(O$4,'4. Billing Determinants'!$B$19:$O$41,5,0)/'4. Billing Determinants'!$F$41*$D20,IF($E20=\"Non-RPP kWh\",VLOOKUP(O$4,'4. Billing Determinants'!$B$19:$O$41,6,0)/'4. Billing Determinants'!$G$41*$D20,IF($E20=\"Distribution Rev.\",VLOOKUP(O$4,'4. Billing Determinants'!$B$19:$O$41,8,0)/'4. Billing Determinants'!$I$41*$D20, VLOOKUP(O$4,'4. Billing Determinants'!$B$19:$O$41,3,0)/'4. Billing Determinants'!$D$41*$D20))))),0)","v":0},{"$f":"IFERROR(IF(P$4=\"\",0,IF($E20=\"kWh\",VLOOKUP(P$4,'4. Billing Determinants'!$B$19:$O$41,4,0)/'4. Billing Determinants'!$E$41*$D20,IF($E20=\"kW\",VLOOKUP(P$4,'4. Billing Determinants'!$B$19:$O$41,5,0)/'4. Billing Determinants'!$F$41*$D20,IF($E20=\"Non-RPP kWh\",VLOOKUP(P$4,'4. Billing Determinants'!$B$19:$O$41,6,0)/'4. Billing Determinants'!$G$41*$D20,IF($E20=\"Distribution Rev.\",VLOOKUP(P$4,'4. Billing Determinants'!$B$19:$O$41,8,0)/'4. Billing Determinants'!$I$41*$D20, VLOOKUP(P$4,'4. Billing Determinants'!$B$19:$O$41,3,0)/'4. Billing Determinants'!$D$41*$D20))))),0)","v":0},{"$f":"IFERROR(IF(Q$4=\"\",0,IF($E20=\"kWh\",VLOOKUP(Q$4,'4. Billing Determinants'!$B$19:$O$41,4,0)/'4. Billing Determinants'!$E$41*$D20,IF($E20=\"kW\",VLOOKUP(Q$4,'4. Billing Determinants'!$B$19:$O$41,5,0)/'4. Billing Determinants'!$F$41*$D20,IF($E20=\"Non-RPP kWh\",VLOOKUP(Q$4,'4. Billing Determinants'!$B$19:$O$41,6,0)/'4. Billing Determinants'!$G$41*$D20,IF($E20=\"Distribution Rev.\",VLOOKUP(Q$4,'4. Billing Determinants'!$B$19:$O$41,8,0)/'4. Billing Determinants'!$I$41*$D20, VLOOKUP(Q$4,'4. Billing Determinants'!$B$19:$O$41,3,0)/'4. Billing Determinants'!$D$41*$D20))))),0)","v":0},{"$f":"IFERROR(IF(R$4=\"\",0,IF($E20=\"kWh\",VLOOKUP(R$4,'4. Billing Determinants'!$B$19:$O$41,4,0)/'4. Billing Determinants'!$E$41*$D20,IF($E20=\"kW\",VLOOKUP(R$4,'4. Billing Determinants'!$B$19:$O$41,5,0)/'4. Billing Determinants'!$F$41*$D20,IF($E20=\"Non-RPP kWh\",VLOOKUP(R$4,'4. Billing Determinants'!$B$19:$O$41,6,0)/'4. Billing Determinants'!$G$41*$D20,IF($E20=\"Distribution Rev.\",VLOOKUP(R$4,'4. Billing Determinants'!$B$19:$O$41,8,0)/'4. Billing Determinants'!$I$41*$D20, VLOOKUP(R$4,'4. Billing Determinants'!$B$19:$O$41,3,0)/'4. Billing Determinants'!$D$41*$D20))))),0)","v":0},{"$f":"IFERROR(IF(S$4=\"\",0,IF($E20=\"kWh\",VLOOKUP(S$4,'4. Billing Determinants'!$B$19:$O$41,4,0)/'4. Billing Determinants'!$E$41*$D20,IF($E20=\"kW\",VLOOKUP(S$4,'4. Billing Determinants'!$B$19:$O$41,5,0)/'4. Billing Determinants'!$F$41*$D20,IF($E20=\"Non-RPP kWh\",VLOOKUP(S$4,'4. Billing Determinants'!$B$19:$O$41,6,0)/'4. Billing Determinants'!$G$41*$D20,IF($E20=\"Distribution Rev.\",VLOOKUP(S$4,'4. Billing Determinants'!$B$19:$O$41,8,0)/'4. Billing Determinants'!$I$41*$D20, VLOOKUP(S$4,'4. Billing Determinants'!$B$19:$O$41,3,0)/'4. Billing Determinants'!$D$41*$D20))))),0)","v":0},{"$f":"IFERROR(IF(T$4=\"\",0,IF($E20=\"kWh\",VLOOKUP(T$4,'4. Billing Determinants'!$B$19:$O$41,4,0)/'4. Billing Determinants'!$E$41*$D20,IF($E20=\"kW\",VLOOKUP(T$4,'4. Billing Determinants'!$B$19:$O$41,5,0)/'4. Billing Determinants'!$F$41*$D20,IF($E20=\"Non-RPP kWh\",VLOOKUP(T$4,'4. Billing Determinants'!$B$19:$O$41,6,0)/'4. Billing Determinants'!$G$41*$D20,IF($E20=\"Distribution Rev.\",VLOOKUP(T$4,'4. Billing Determinants'!$B$19:$O$41,8,0)/'4. Billing Determinants'!$I$41*$D20, VLOOKUP(T$4,'4. Billing Determinants'!$B$19:$O$41,3,0)/'4. Billing Determinants'!$D$41*$D20))))),0)","v":0},{"$f":"IFERROR(IF(U$4=\"\",0,IF($E20=\"kWh\",VLOOKUP(U$4,'4. Billing Determinants'!$B$19:$O$41,4,0)/'4. Billing Determinants'!$E$41*$D20,IF($E20=\"kW\",VLOOKUP(U$4,'4. Billing Determinants'!$B$19:$O$41,5,0)/'4. Billing Determinants'!$F$41*$D20,IF($E20=\"Non-RPP kWh\",VLOOKUP(U$4,'4. Billing Determinants'!$B$19:$O$41,6,0)/'4. Billing Determinants'!$G$41*$D20,IF($E20=\"Distribution Rev.\",VLOOKUP(U$4,'4. Billing Determinants'!$B$19:$O$41,8,0)/'4. Billing Determinants'!$I$41*$D20, VLOOKUP(U$4,'4. Billing Determinants'!$B$19:$O$41,3,0)/'4. Billing Determinants'!$D$41*$D20))))),0)","v":0},{"$f":"IFERROR(IF(V$4=\"\",0,IF($E20=\"kWh\",VLOOKUP(V$4,'4. Billing Determinants'!$B$19:$O$41,4,0)/'4. Billing Determinants'!$E$41*$D20,IF($E20=\"kW\",VLOOKUP(V$4,'4. Billing Determinants'!$B$19:$O$41,5,0)/'4. Billing Determinants'!$F$41*$D20,IF($E20=\"Non-RPP kWh\",VLOOKUP(V$4,'4. Billing Determinants'!$B$19:$O$41,6,0)/'4. Billing Determinants'!$G$41*$D20,IF($E20=\"Distribution Rev.\",VLOOKUP(V$4,'4. Billing Determinants'!$B$19:$O$41,8,0)/'4. Billing Determinants'!$I$41*$D20, VLOOKUP(V$4,'4. Billing Determinants'!$B$19:$O$41,3,0)/'4. Billing Determinants'!$D$41*$D20))))),0)","v":0},{"$f":"IFERROR(IF(W$4=\"\",0,IF($E20=\"kWh\",VLOOKUP(W$4,'4. Billing Determinants'!$B$19:$O$41,4,0)/'4. Billing Determinants'!$E$41*$D20,IF($E20=\"kW\",VLOOKUP(W$4,'4. Billing Determinants'!$B$19:$O$41,5,0)/'4. Billing Determinants'!$F$41*$D20,IF($E20=\"Non-RPP kWh\",VLOOKUP(W$4,'4. Billing Determinants'!$B$19:$O$41,6,0)/'4. Billing Determinants'!$G$41*$D20,IF($E20=\"Distribution Rev.\",VLOOKUP(W$4,'4. Billing Determinants'!$B$19:$O$41,8,0)/'4. Billing Determinants'!$I$41*$D20, VLOOKUP(W$4,'4. Billing Determinants'!$B$19:$O$41,3,0)/'4. Billing Determinants'!$D$41*$D20))))),0)","v":0},{"$f":"IFERROR(IF(X$4=\"\",0,IF($E20=\"kWh\",VLOOKUP(X$4,'4. Billing Determinants'!$B$19:$O$41,4,0)/'4. Billing Determinants'!$E$41*$D20,IF($E20=\"kW\",VLOOKUP(X$4,'4. Billing Determinants'!$B$19:$O$41,5,0)/'4. Billing Determinants'!$F$41*$D20,IF($E20=\"Non-RPP kWh\",VLOOKUP(X$4,'4. Billing Determinants'!$B$19:$O$41,6,0)/'4. Billing Determinants'!$G$41*$D20,IF($E20=\"Distribution Rev.\",VLOOKUP(X$4,'4. Billing Determinants'!$B$19:$O$41,8,0)/'4. Billing Determinants'!$I$41*$D20, VLOOKUP(X$4,'4. Billing Determinants'!$B$19:$O$41,3,0)/'4. Billing Determinants'!$D$41*$D20))))),0)","v":0},{"$f":"IFERROR(IF(Y$4=\"\",0,IF($E20=\"kWh\",VLOOKUP(Y$4,'4. Billing Determinants'!$B$19:$O$41,4,0)/'4. Billing Determinants'!$E$41*$D20,IF($E20=\"kW\",VLOOKUP(Y$4,'4. Billing Determinants'!$B$19:$O$41,5,0)/'4. Billing Determinants'!$F$41*$D20,IF($E20=\"Non-RPP kWh\",VLOOKUP(Y$4,'4. Billing Determinants'!$B$19:$O$41,6,0)/'4. Billing Determinants'!$G$41*$D20,IF($E20=\"Distribution Rev.\",VLOOKUP(Y$4,'4. Billing Determinants'!$B$19:$O$41,8,0)/'4. Billing Determinants'!$I$41*$D20, VLOOKUP(Y$4,'4. Billing Determinants'!$B$19:$O$41,3,0)/'4. Billing Determinants'!$D$41*$D20))))),0)","v":0}]
[null,"Other Regulatory Assets - Sub-Account - Incremental Capital Charges",1508,{"$f":"'2. 2013 Continuity Schedule'!CP44","v":0},null,{"$f":"IFERROR(IF(F$4=\"\",0,IF($E21=\"kWh\",VLOOKUP(F$4,'4. Billing Determinants'!$B$19:$O$41,4,0)/'4. Billing Determinants'!$E$41*$D21,IF($E21=\"kW\",VLOOKUP(F$4,'4. Billing Determinants'!$B$19:$O$41,5,0)/'4. Billing Determinants'!$F$41*$D21,IF($E21=\"Non-RPP kWh\",VLOOKUP(F$4,'4. Billing Determinants'!$B$19:$O$41,6,0)/'4. Billing Determinants'!$G$41*$D21,IF($E21=\"Distribution Rev.\",VLOOKUP(F$4,'4. Billing Determinants'!$B$19:$O$41,8,0)/'4. Billing Determinants'!$I$41*$D21, VLOOKUP(F$4,'4. Billing Determinants'!$B$19:$O$41,3,0)/'4. Billing Determinants'!$D$41*$D21))))),0)","v":0},{"$f":"IFERROR(IF(G$4=\"\",0,IF($E21=\"kWh\",VLOOKUP(G$4,'4. Billing Determinants'!$B$19:$O$41,4,0)/'4. Billing Determinants'!$E$41*$D21,IF($E21=\"kW\",VLOOKUP(G$4,'4. Billing Determinants'!$B$19:$O$41,5,0)/'4. Billing Determinants'!$F$41*$D21,IF($E21=\"Non-RPP kWh\",VLOOKUP(G$4,'4. Billing Determinants'!$B$19:$O$41,6,0)/'4. Billing Determinants'!$G$41*$D21,IF($E21=\"Distribution Rev.\",VLOOKUP(G$4,'4. Billing Determinants'!$B$19:$O$41,8,0)/'4. Billing Determinants'!$I$41*$D21, VLOOKUP(G$4,'4. Billing Determinants'!$B$19:$O$41,3,0)/'4. Billing Determinants'!$D$41*$D21))))),0)","v":0},{"$f":"IFERROR(IF(H$4=\"\",0,IF($E21=\"kWh\",VLOOKUP(H$4,'4. Billing Determinants'!$B$19:$O$41,4,0)/'4. Billing Determinants'!$E$41*$D21,IF($E21=\"kW\",VLOOKUP(H$4,'4. Billing Determinants'!$B$19:$O$41,5,0)/'4. Billing Determinants'!$F$41*$D21,IF($E21=\"Non-RPP kWh\",VLOOKUP(H$4,'4. Billing Determinants'!$B$19:$O$41,6,0)/'4. Billing Determinants'!$G$41*$D21,IF($E21=\"Distribution Rev.\",VLOOKUP(H$4,'4. Billing Determinants'!$B$19:$O$41,8,0)/'4. Billing Determinants'!$I$41*$D21, VLOOKUP(H$4,'4. Billing Determinants'!$B$19:$O$41,3,0)/'4. Billing Determinants'!$D$41*$D21))))),0)","v":0},{"$f":"IFERROR(IF(I$4=\"\",0,IF($E21=\"kWh\",VLOOKUP(I$4,'4. Billing Determinants'!$B$19:$O$41,4,0)/'4. Billing Determinants'!$E$41*$D21,IF($E21=\"kW\",VLOOKUP(I$4,'4. Billing Determinants'!$B$19:$O$41,5,0)/'4. Billing Determinants'!$F$41*$D21,IF($E21=\"Non-RPP kWh\",VLOOKUP(I$4,'4. Billing Determinants'!$B$19:$O$41,6,0)/'4. Billing Determinants'!$G$41*$D21,IF($E21=\"Distribution Rev.\",VLOOKUP(I$4,'4. Billing Determinants'!$B$19:$O$41,8,0)/'4. Billing Determinants'!$I$41*$D21, VLOOKUP(I$4,'4. Billing Determinants'!$B$19:$O$41,3,0)/'4. Billing Determinants'!$D$41*$D21))))),0)","v":0},{"$f":"IFERROR(IF(J$4=\"\",0,IF($E21=\"kWh\",VLOOKUP(J$4,'4. Billing Determinants'!$B$19:$O$41,4,0)/'4. Billing Determinants'!$E$41*$D21,IF($E21=\"kW\",VLOOKUP(J$4,'4. Billing Determinants'!$B$19:$O$41,5,0)/'4. Billing Determinants'!$F$41*$D21,IF($E21=\"Non-RPP kWh\",VLOOKUP(J$4,'4. Billing Determinants'!$B$19:$O$41,6,0)/'4. Billing Determinants'!$G$41*$D21,IF($E21=\"Distribution Rev.\",VLOOKUP(J$4,'4. Billing Determinants'!$B$19:$O$41,8,0)/'4. Billing Determinants'!$I$41*$D21, VLOOKUP(J$4,'4. Billing Determinants'!$B$19:$O$41,3,0)/'4. Billing Determinants'!$D$41*$D21))))),0)","v":0},{"$f":"IFERROR(IF(K$4=\"\",0,IF($E21=\"kWh\",VLOOKUP(K$4,'4. Billing Determinants'!$B$19:$O$41,4,0)/'4. Billing Determinants'!$E$41*$D21,IF($E21=\"kW\",VLOOKUP(K$4,'4. Billing Determinants'!$B$19:$O$41,5,0)/'4. Billing Determinants'!$F$41*$D21,IF($E21=\"Non-RPP kWh\",VLOOKUP(K$4,'4. Billing Determinants'!$B$19:$O$41,6,0)/'4. Billing Determinants'!$G$41*$D21,IF($E21=\"Distribution Rev.\",VLOOKUP(K$4,'4. Billing Determinants'!$B$19:$O$41,8,0)/'4. Billing Determinants'!$I$41*$D21, VLOOKUP(K$4,'4. Billing Determinants'!$B$19:$O$41,3,0)/'4. Billing Determinants'!$D$41*$D21))))),0)","v":0},{"$f":"IFERROR(IF(L$4=\"\",0,IF($E21=\"kWh\",VLOOKUP(L$4,'4. Billing Determinants'!$B$19:$O$41,4,0)/'4. Billing Determinants'!$E$41*$D21,IF($E21=\"kW\",VLOOKUP(L$4,'4. Billing Determinants'!$B$19:$O$41,5,0)/'4. Billing Determinants'!$F$41*$D21,IF($E21=\"Non-RPP kWh\",VLOOKUP(L$4,'4. Billing Determinants'!$B$19:$O$41,6,0)/'4. Billing Determinants'!$G$41*$D21,IF($E21=\"Distribution Rev.\",VLOOKUP(L$4,'4. Billing Determinants'!$B$19:$O$41,8,0)/'4. Billing Determinants'!$I$41*$D21, VLOOKUP(L$4,'4. Billing Determinants'!$B$19:$O$41,3,0)/'4. Billing Determinants'!$D$41*$D21))))),0)","v":0},{"$f":"IFERROR(IF(M$4=\"\",0,IF($E21=\"kWh\",VLOOKUP(M$4,'4. Billing Determinants'!$B$19:$O$41,4,0)/'4. Billing Determinants'!$E$41*$D21,IF($E21=\"kW\",VLOOKUP(M$4,'4. Billing Determinants'!$B$19:$O$41,5,0)/'4. Billing Determinants'!$F$41*$D21,IF($E21=\"Non-RPP kWh\",VLOOKUP(M$4,'4. Billing Determinants'!$B$19:$O$41,6,0)/'4. Billing Determinants'!$G$41*$D21,IF($E21=\"Distribution Rev.\",VLOOKUP(M$4,'4. Billing Determinants'!$B$19:$O$41,8,0)/'4. Billing Determinants'!$I$41*$D21, VLOOKUP(M$4,'4. Billing Determinants'!$B$19:$O$41,3,0)/'4. Billing Determinants'!$D$41*$D21))))),0)","v":0},{"$f":"IFERROR(IF(N$4=\"\",0,IF($E21=\"kWh\",VLOOKUP(N$4,'4. Billing Determinants'!$B$19:$O$41,4,0)/'4. Billing Determinants'!$E$41*$D21,IF($E21=\"kW\",VLOOKUP(N$4,'4. Billing Determinants'!$B$19:$O$41,5,0)/'4. Billing Determinants'!$F$41*$D21,IF($E21=\"Non-RPP kWh\",VLOOKUP(N$4,'4. Billing Determinants'!$B$19:$O$41,6,0)/'4. Billing Determinants'!$G$41*$D21,IF($E21=\"Distribution Rev.\",VLOOKUP(N$4,'4. Billing Determinants'!$B$19:$O$41,8,0)/'4. Billing Determinants'!$I$41*$D21, VLOOKUP(N$4,'4. Billing Determinants'!$B$19:$O$41,3,0)/'4. Billing Determinants'!$D$41*$D21))))),0)","v":0},{"$f":"IFERROR(IF(O$4=\"\",0,IF($E21=\"kWh\",VLOOKUP(O$4,'4. Billing Determinants'!$B$19:$O$41,4,0)/'4. Billing Determinants'!$E$41*$D21,IF($E21=\"kW\",VLOOKUP(O$4,'4. Billing Determinants'!$B$19:$O$41,5,0)/'4. Billing Determinants'!$F$41*$D21,IF($E21=\"Non-RPP kWh\",VLOOKUP(O$4,'4. Billing Determinants'!$B$19:$O$41,6,0)/'4. Billing Determinants'!$G$41*$D21,IF($E21=\"Distribution Rev.\",VLOOKUP(O$4,'4. Billing Determinants'!$B$19:$O$41,8,0)/'4. Billing Determinants'!$I$41*$D21, VLOOKUP(O$4,'4. Billing Determinants'!$B$19:$O$41,3,0)/'4. Billing Determinants'!$D$41*$D21))))),0)","v":0},{"$f":"IFERROR(IF(P$4=\"\",0,IF($E21=\"kWh\",VLOOKUP(P$4,'4. Billing Determinants'!$B$19:$O$41,4,0)/'4. Billing Determinants'!$E$41*$D21,IF($E21=\"kW\",VLOOKUP(P$4,'4. Billing Determinants'!$B$19:$O$41,5,0)/'4. Billing Determinants'!$F$41*$D21,IF($E21=\"Non-RPP kWh\",VLOOKUP(P$4,'4. Billing Determinants'!$B$19:$O$41,6,0)/'4. Billing Determinants'!$G$41*$D21,IF($E21=\"Distribution Rev.\",VLOOKUP(P$4,'4. Billing Determinants'!$B$19:$O$41,8,0)/'4. Billing Determinants'!$I$41*$D21, VLOOKUP(P$4,'4. Billing Determinants'!$B$19:$O$41,3,0)/'4. Billing Determinants'!$D$41*$D21))))),0)","v":0},{"$f":"IFERROR(IF(Q$4=\"\",0,IF($E21=\"kWh\",VLOOKUP(Q$4,'4. Billing Determinants'!$B$19:$O$41,4,0)/'4. Billing Determinants'!$E$41*$D21,IF($E21=\"kW\",VLOOKUP(Q$4,'4. Billing Determinants'!$B$19:$O$41,5,0)/'4. Billing Determinants'!$F$41*$D21,IF($E21=\"Non-RPP kWh\",VLOOKUP(Q$4,'4. Billing Determinants'!$B$19:$O$41,6,0)/'4. Billing Determinants'!$G$41*$D21,IF($E21=\"Distribution Rev.\",VLOOKUP(Q$4,'4. Billing Determinants'!$B$19:$O$41,8,0)/'4. Billing Determinants'!$I$41*$D21, VLOOKUP(Q$4,'4. Billing Determinants'!$B$19:$O$41,3,0)/'4. Billing Determinants'!$D$41*$D21))))),0)","v":0},{"$f":"IFERROR(IF(R$4=\"\",0,IF($E21=\"kWh\",VLOOKUP(R$4,'4. Billing Determinants'!$B$19:$O$41,4,0)/'4. Billing Determinants'!$E$41*$D21,IF($E21=\"kW\",VLOOKUP(R$4,'4. Billing Determinants'!$B$19:$O$41,5,0)/'4. Billing Determinants'!$F$41*$D21,IF($E21=\"Non-RPP kWh\",VLOOKUP(R$4,'4. Billing Determinants'!$B$19:$O$41,6,0)/'4. Billing Determinants'!$G$41*$D21,IF($E21=\"Distribution Rev.\",VLOOKUP(R$4,'4. Billing Determinants'!$B$19:$O$41,8,0)/'4. Billing Determinants'!$I$41*$D21, VLOOKUP(R$4,'4. Billing Determinants'!$B$19:$O$41,3,0)/'4. Billing Determinants'!$D$41*$D21))))),0)","v":0},{"$f":"IFERROR(IF(S$4=\"\",0,IF($E21=\"kWh\",VLOOKUP(S$4,'4. Billing Determinants'!$B$19:$O$41,4,0)/'4. Billing Determinants'!$E$41*$D21,IF($E21=\"kW\",VLOOKUP(S$4,'4. Billing Determinants'!$B$19:$O$41,5,0)/'4. Billing Determinants'!$F$41*$D21,IF($E21=\"Non-RPP kWh\",VLOOKUP(S$4,'4. Billing Determinants'!$B$19:$O$41,6,0)/'4. Billing Determinants'!$G$41*$D21,IF($E21=\"Distribution Rev.\",VLOOKUP(S$4,'4. Billing Determinants'!$B$19:$O$41,8,0)/'4. Billing Determinants'!$I$41*$D21, VLOOKUP(S$4,'4. Billing Determinants'!$B$19:$O$41,3,0)/'4. Billing Determinants'!$D$41*$D21))))),0)","v":0},{"$f":"IFERROR(IF(T$4=\"\",0,IF($E21=\"kWh\",VLOOKUP(T$4,'4. Billing Determinants'!$B$19:$O$41,4,0)/'4. Billing Determinants'!$E$41*$D21,IF($E21=\"kW\",VLOOKUP(T$4,'4. Billing Determinants'!$B$19:$O$41,5,0)/'4. Billing Determinants'!$F$41*$D21,IF($E21=\"Non-RPP kWh\",VLOOKUP(T$4,'4. Billing Determinants'!$B$19:$O$41,6,0)/'4. Billing Determinants'!$G$41*$D21,IF($E21=\"Distribution Rev.\",VLOOKUP(T$4,'4. Billing Determinants'!$B$19:$O$41,8,0)/'4. Billing Determinants'!$I$41*$D21, VLOOKUP(T$4,'4. Billing Determinants'!$B$19:$O$41,3,0)/'4. Billing Determinants'!$D$41*$D21))))),0)","v":0},{"$f":"IFERROR(IF(U$4=\"\",0,IF($E21=\"kWh\",VLOOKUP(U$4,'4. Billing Determinants'!$B$19:$O$41,4,0)/'4. Billing Determinants'!$E$41*$D21,IF($E21=\"kW\",VLOOKUP(U$4,'4. Billing Determinants'!$B$19:$O$41,5,0)/'4. Billing Determinants'!$F$41*$D21,IF($E21=\"Non-RPP kWh\",VLOOKUP(U$4,'4. Billing Determinants'!$B$19:$O$41,6,0)/'4. Billing Determinants'!$G$41*$D21,IF($E21=\"Distribution Rev.\",VLOOKUP(U$4,'4. Billing Determinants'!$B$19:$O$41,8,0)/'4. Billing Determinants'!$I$41*$D21, VLOOKUP(U$4,'4. Billing Determinants'!$B$19:$O$41,3,0)/'4. Billing Determinants'!$D$41*$D21))))),0)","v":0},{"$f":"IFERROR(IF(V$4=\"\",0,IF($E21=\"kWh\",VLOOKUP(V$4,'4. Billing Determinants'!$B$19:$O$41,4,0)/'4. Billing Determinants'!$E$41*$D21,IF($E21=\"kW\",VLOOKUP(V$4,'4. Billing Determinants'!$B$19:$O$41,5,0)/'4. Billing Determinants'!$F$41*$D21,IF($E21=\"Non-RPP kWh\",VLOOKUP(V$4,'4. Billing Determinants'!$B$19:$O$41,6,0)/'4. Billing Determinants'!$G$41*$D21,IF($E21=\"Distribution Rev.\",VLOOKUP(V$4,'4. Billing Determinants'!$B$19:$O$41,8,0)/'4. Billing Determinants'!$I$41*$D21, VLOOKUP(V$4,'4. Billing Determinants'!$B$19:$O$41,3,0)/'4. Billing Determinants'!$D$41*$D21))))),0)","v":0},{"$f":"IFERROR(IF(W$4=\"\",0,IF($E21=\"kWh\",VLOOKUP(W$4,'4. Billing Determinants'!$B$19:$O$41,4,0)/'4. Billing Determinants'!$E$41*$D21,IF($E21=\"kW\",VLOOKUP(W$4,'4. Billing Determinants'!$B$19:$O$41,5,0)/'4. Billing Determinants'!$F$41*$D21,IF($E21=\"Non-RPP kWh\",VLOOKUP(W$4,'4. Billing Determinants'!$B$19:$O$41,6,0)/'4. Billing Determinants'!$G$41*$D21,IF($E21=\"Distribution Rev.\",VLOOKUP(W$4,'4. Billing Determinants'!$B$19:$O$41,8,0)/'4. Billing Determinants'!$I$41*$D21, VLOOKUP(W$4,'4. Billing Determinants'!$B$19:$O$41,3,0)/'4. Billing Determinants'!$D$41*$D21))))),0)","v":0},{"$f":"IFERROR(IF(X$4=\"\",0,IF($E21=\"kWh\",VLOOKUP(X$4,'4. Billing Determinants'!$B$19:$O$41,4,0)/'4. Billing Determinants'!$E$41*$D21,IF($E21=\"kW\",VLOOKUP(X$4,'4. Billing Determinants'!$B$19:$O$41,5,0)/'4. Billing Determinants'!$F$41*$D21,IF($E21=\"Non-RPP kWh\",VLOOKUP(X$4,'4. Billing Determinants'!$B$19:$O$41,6,0)/'4. Billing Determinants'!$G$41*$D21,IF($E21=\"Distribution Rev.\",VLOOKUP(X$4,'4. Billing Determinants'!$B$19:$O$41,8,0)/'4. Billing Determinants'!$I$41*$D21, VLOOKUP(X$4,'4. Billing Determinants'!$B$19:$O$41,3,0)/'4. Billing Determinants'!$D$41*$D21))))),0)","v":0},{"$f":"IFERROR(IF(Y$4=\"\",0,IF($E21=\"kWh\",VLOOKUP(Y$4,'4. Billing Determinants'!$B$19:$O$41,4,0)/'4. Billing Determinants'!$E$41*$D21,IF($E21=\"kW\",VLOOKUP(Y$4,'4. Billing Determinants'!$B$19:$O$41,5,0)/'4. Billing Determinants'!$F$41*$D21,IF($E21=\"Non-RPP kWh\",VLOOKUP(Y$4,'4. Billing Determinants'!$B$19:$O$41,6,0)/'4. Billing Determinants'!$G$41*$D21,IF($E21=\"Distribution Rev.\",VLOOKUP(Y$4,'4. Billing Determinants'!$B$19:$O$41,8,0)/'4. Billing Determinants'!$I$41*$D21, VLOOKUP(Y$4,'4. Billing Determinants'!$B$19:$O$41,3,0)/'4. Billing Determinants'!$D$41*$D21))))),0)","v":0}]
[null,"Other Regulatory Assets - Sub-Account - Financial Assistance Payment and Recovery Variance - Ontario Clean Energy Benefit Act",1508,{"$f":"'2. 2013 Continuity Schedule'!CP45","v":0},null,{"$f":"IFERROR(IF(F$4=\"\",0,IF($E22=\"kWh\",VLOOKUP(F$4,'4. Billing Determinants'!$B$19:$O$41,4,0)/'4. Billing Determinants'!$E$41*$D22,IF($E22=\"kW\",VLOOKUP(F$4,'4. Billing Determinants'!$B$19:$O$41,5,0)/'4. Billing Determinants'!$F$41*$D22,IF($E22=\"Non-RPP kWh\",VLOOKUP(F$4,'4. Billing Determinants'!$B$19:$O$41,6,0)/'4. Billing Determinants'!$G$41*$D22,IF($E22=\"Distribution Rev.\",VLOOKUP(F$4,'4. Billing Determinants'!$B$19:$O$41,8,0)/'4. Billing Determinants'!$I$41*$D22, VLOOKUP(F$4,'4. Billing Determinants'!$B$19:$O$41,3,0)/'4. Billing Determinants'!$D$41*$D22))))),0)","v":0},{"$f":"IFERROR(IF(G$4=\"\",0,IF($E22=\"kWh\",VLOOKUP(G$4,'4. Billing Determinants'!$B$19:$O$41,4,0)/'4. Billing Determinants'!$E$41*$D22,IF($E22=\"kW\",VLOOKUP(G$4,'4. Billing Determinants'!$B$19:$O$41,5,0)/'4. Billing Determinants'!$F$41*$D22,IF($E22=\"Non-RPP kWh\",VLOOKUP(G$4,'4. Billing Determinants'!$B$19:$O$41,6,0)/'4. Billing Determinants'!$G$41*$D22,IF($E22=\"Distribution Rev.\",VLOOKUP(G$4,'4. Billing Determinants'!$B$19:$O$41,8,0)/'4. Billing Determinants'!$I$41*$D22, VLOOKUP(G$4,'4. Billing Determinants'!$B$19:$O$41,3,0)/'4. Billing Determinants'!$D$41*$D22))))),0)","v":0},{"$f":"IFERROR(IF(H$4=\"\",0,IF($E22=\"kWh\",VLOOKUP(H$4,'4. Billing Determinants'!$B$19:$O$41,4,0)/'4. Billing Determinants'!$E$41*$D22,IF($E22=\"kW\",VLOOKUP(H$4,'4. Billing Determinants'!$B$19:$O$41,5,0)/'4. Billing Determinants'!$F$41*$D22,IF($E22=\"Non-RPP kWh\",VLOOKUP(H$4,'4. Billing Determinants'!$B$19:$O$41,6,0)/'4. Billing Determinants'!$G$41*$D22,IF($E22=\"Distribution Rev.\",VLOOKUP(H$4,'4. Billing Determinants'!$B$19:$O$41,8,0)/'4. Billing Determinants'!$I$41*$D22, VLOOKUP(H$4,'4. Billing Determinants'!$B$19:$O$41,3,0)/'4. Billing Determinants'!$D$41*$D22))))),0)","v":0},{"$f":"IFERROR(IF(I$4=\"\",0,IF($E22=\"kWh\",VLOOKUP(I$4,'4. Billing Determinants'!$B$19:$O$41,4,0)/'4. Billing Determinants'!$E$41*$D22,IF($E22=\"kW\",VLOOKUP(I$4,'4. Billing Determinants'!$B$19:$O$41,5,0)/'4. Billing Determinants'!$F$41*$D22,IF($E22=\"Non-RPP kWh\",VLOOKUP(I$4,'4. Billing Determinants'!$B$19:$O$41,6,0)/'4. Billing Determinants'!$G$41*$D22,IF($E22=\"Distribution Rev.\",VLOOKUP(I$4,'4. Billing Determinants'!$B$19:$O$41,8,0)/'4. Billing Determinants'!$I$41*$D22, VLOOKUP(I$4,'4. Billing Determinants'!$B$19:$O$41,3,0)/'4. Billing Determinants'!$D$41*$D22))))),0)","v":0},{"$f":"IFERROR(IF(J$4=\"\",0,IF($E22=\"kWh\",VLOOKUP(J$4,'4. Billing Determinants'!$B$19:$O$41,4,0)/'4. Billing Determinants'!$E$41*$D22,IF($E22=\"kW\",VLOOKUP(J$4,'4. Billing Determinants'!$B$19:$O$41,5,0)/'4. Billing Determinants'!$F$41*$D22,IF($E22=\"Non-RPP kWh\",VLOOKUP(J$4,'4. Billing Determinants'!$B$19:$O$41,6,0)/'4. Billing Determinants'!$G$41*$D22,IF($E22=\"Distribution Rev.\",VLOOKUP(J$4,'4. Billing Determinants'!$B$19:$O$41,8,0)/'4. Billing Determinants'!$I$41*$D22, VLOOKUP(J$4,'4. Billing Determinants'!$B$19:$O$41,3,0)/'4. Billing Determinants'!$D$41*$D22))))),0)","v":0},{"$f":"IFERROR(IF(K$4=\"\",0,IF($E22=\"kWh\",VLOOKUP(K$4,'4. Billing Determinants'!$B$19:$O$41,4,0)/'4. Billing Determinants'!$E$41*$D22,IF($E22=\"kW\",VLOOKUP(K$4,'4. Billing Determinants'!$B$19:$O$41,5,0)/'4. Billing Determinants'!$F$41*$D22,IF($E22=\"Non-RPP kWh\",VLOOKUP(K$4,'4. Billing Determinants'!$B$19:$O$41,6,0)/'4. Billing Determinants'!$G$41*$D22,IF($E22=\"Distribution Rev.\",VLOOKUP(K$4,'4. Billing Determinants'!$B$19:$O$41,8,0)/'4. Billing Determinants'!$I$41*$D22, VLOOKUP(K$4,'4. Billing Determinants'!$B$19:$O$41,3,0)/'4. Billing Determinants'!$D$41*$D22))))),0)","v":0},{"$f":"IFERROR(IF(L$4=\"\",0,IF($E22=\"kWh\",VLOOKUP(L$4,'4. Billing Determinants'!$B$19:$O$41,4,0)/'4. Billing Determinants'!$E$41*$D22,IF($E22=\"kW\",VLOOKUP(L$4,'4. Billing Determinants'!$B$19:$O$41,5,0)/'4. Billing Determinants'!$F$41*$D22,IF($E22=\"Non-RPP kWh\",VLOOKUP(L$4,'4. Billing Determinants'!$B$19:$O$41,6,0)/'4. Billing Determinants'!$G$41*$D22,IF($E22=\"Distribution Rev.\",VLOOKUP(L$4,'4. Billing Determinants'!$B$19:$O$41,8,0)/'4. Billing Determinants'!$I$41*$D22, VLOOKUP(L$4,'4. Billing Determinants'!$B$19:$O$41,3,0)/'4. Billing Determinants'!$D$41*$D22))))),0)","v":0},{"$f":"IFERROR(IF(M$4=\"\",0,IF($E22=\"kWh\",VLOOKUP(M$4,'4. Billing Determinants'!$B$19:$O$41,4,0)/'4. Billing Determinants'!$E$41*$D22,IF($E22=\"kW\",VLOOKUP(M$4,'4. Billing Determinants'!$B$19:$O$41,5,0)/'4. Billing Determinants'!$F$41*$D22,IF($E22=\"Non-RPP kWh\",VLOOKUP(M$4,'4. Billing Determinants'!$B$19:$O$41,6,0)/'4. Billing Determinants'!$G$41*$D22,IF($E22=\"Distribution Rev.\",VLOOKUP(M$4,'4. Billing Determinants'!$B$19:$O$41,8,0)/'4. Billing Determinants'!$I$41*$D22, VLOOKUP(M$4,'4. Billing Determinants'!$B$19:$O$41,3,0)/'4. Billing Determinants'!$D$41*$D22))))),0)","v":0},{"$f":"IFERROR(IF(N$4=\"\",0,IF($E22=\"kWh\",VLOOKUP(N$4,'4. Billing Determinants'!$B$19:$O$41,4,0)/'4. Billing Determinants'!$E$41*$D22,IF($E22=\"kW\",VLOOKUP(N$4,'4. Billing Determinants'!$B$19:$O$41,5,0)/'4. Billing Determinants'!$F$41*$D22,IF($E22=\"Non-RPP kWh\",VLOOKUP(N$4,'4. Billing Determinants'!$B$19:$O$41,6,0)/'4. Billing Determinants'!$G$41*$D22,IF($E22=\"Distribution Rev.\",VLOOKUP(N$4,'4. Billing Determinants'!$B$19:$O$41,8,0)/'4. Billing Determinants'!$I$41*$D22, VLOOKUP(N$4,'4. Billing Determinants'!$B$19:$O$41,3,0)/'4. Billing Determinants'!$D$41*$D22))))),0)","v":0},{"$f":"IFERROR(IF(O$4=\"\",0,IF($E22=\"kWh\",VLOOKUP(O$4,'4. Billing Determinants'!$B$19:$O$41,4,0)/'4. Billing Determinants'!$E$41*$D22,IF($E22=\"kW\",VLOOKUP(O$4,'4. Billing Determinants'!$B$19:$O$41,5,0)/'4. Billing Determinants'!$F$41*$D22,IF($E22=\"Non-RPP kWh\",VLOOKUP(O$4,'4. Billing Determinants'!$B$19:$O$41,6,0)/'4. Billing Determinants'!$G$41*$D22,IF($E22=\"Distribution Rev.\",VLOOKUP(O$4,'4. Billing Determinants'!$B$19:$O$41,8,0)/'4. Billing Determinants'!$I$41*$D22, VLOOKUP(O$4,'4. Billing Determinants'!$B$19:$O$41,3,0)/'4. Billing Determinants'!$D$41*$D22))))),0)","v":0},{"$f":"IFERROR(IF(P$4=\"\",0,IF($E22=\"kWh\",VLOOKUP(P$4,'4. Billing Determinants'!$B$19:$O$41,4,0)/'4. Billing Determinants'!$E$41*$D22,IF($E22=\"kW\",VLOOKUP(P$4,'4. Billing Determinants'!$B$19:$O$41,5,0)/'4. Billing Determinants'!$F$41*$D22,IF($E22=\"Non-RPP kWh\",VLOOKUP(P$4,'4. Billing Determinants'!$B$19:$O$41,6,0)/'4. Billing Determinants'!$G$41*$D22,IF($E22=\"Distribution Rev.\",VLOOKUP(P$4,'4. Billing Determinants'!$B$19:$O$41,8,0)/'4. Billing Determinants'!$I$41*$D22, VLOOKUP(P$4,'4. Billing Determinants'!$B$19:$O$41,3,0)/'4. Billing Determinants'!$D$41*$D22))))),0)","v":0},{"$f":"IFERROR(IF(Q$4=\"\",0,IF($E22=\"kWh\",VLOOKUP(Q$4,'4. Billing Determinants'!$B$19:$O$41,4,0)/'4. Billing Determinants'!$E$41*$D22,IF($E22=\"kW\",VLOOKUP(Q$4,'4. Billing Determinants'!$B$19:$O$41,5,0)/'4. Billing Determinants'!$F$41*$D22,IF($E22=\"Non-RPP kWh\",VLOOKUP(Q$4,'4. Billing Determinants'!$B$19:$O$41,6,0)/'4. Billing Determinants'!$G$41*$D22,IF($E22=\"Distribution Rev.\",VLOOKUP(Q$4,'4. Billing Determinants'!$B$19:$O$41,8,0)/'4. Billing Determinants'!$I$41*$D22, VLOOKUP(Q$4,'4. Billing Determinants'!$B$19:$O$41,3,0)/'4. Billing Determinants'!$D$41*$D22))))),0)","v":0},{"$f":"IFERROR(IF(R$4=\"\",0,IF($E22=\"kWh\",VLOOKUP(R$4,'4. Billing Determinants'!$B$19:$O$41,4,0)/'4. Billing Determinants'!$E$41*$D22,IF($E22=\"kW\",VLOOKUP(R$4,'4. Billing Determinants'!$B$19:$O$41,5,0)/'4. Billing Determinants'!$F$41*$D22,IF($E22=\"Non-RPP kWh\",VLOOKUP(R$4,'4. Billing Determinants'!$B$19:$O$41,6,0)/'4. Billing Determinants'!$G$41*$D22,IF($E22=\"Distribution Rev.\",VLOOKUP(R$4,'4. Billing Determinants'!$B$19:$O$41,8,0)/'4. Billing Determinants'!$I$41*$D22, VLOOKUP(R$4,'4. Billing Determinants'!$B$19:$O$41,3,0)/'4. Billing Determinants'!$D$41*$D22))))),0)","v":0},{"$f":"IFERROR(IF(S$4=\"\",0,IF($E22=\"kWh\",VLOOKUP(S$4,'4. Billing Determinants'!$B$19:$O$41,4,0)/'4. Billing Determinants'!$E$41*$D22,IF($E22=\"kW\",VLOOKUP(S$4,'4. Billing Determinants'!$B$19:$O$41,5,0)/'4. Billing Determinants'!$F$41*$D22,IF($E22=\"Non-RPP kWh\",VLOOKUP(S$4,'4. Billing Determinants'!$B$19:$O$41,6,0)/'4. Billing Determinants'!$G$41*$D22,IF($E22=\"Distribution Rev.\",VLOOKUP(S$4,'4. Billing Determinants'!$B$19:$O$41,8,0)/'4. Billing Determinants'!$I$41*$D22, VLOOKUP(S$4,'4. Billing Determinants'!$B$19:$O$41,3,0)/'4. Billing Determinants'!$D$41*$D22))))),0)","v":0},{"$f":"IFERROR(IF(T$4=\"\",0,IF($E22=\"kWh\",VLOOKUP(T$4,'4. Billing Determinants'!$B$19:$O$41,4,0)/'4. Billing Determinants'!$E$41*$D22,IF($E22=\"kW\",VLOOKUP(T$4,'4. Billing Determinants'!$B$19:$O$41,5,0)/'4. Billing Determinants'!$F$41*$D22,IF($E22=\"Non-RPP kWh\",VLOOKUP(T$4,'4. Billing Determinants'!$B$19:$O$41,6,0)/'4. Billing Determinants'!$G$41*$D22,IF($E22=\"Distribution Rev.\",VLOOKUP(T$4,'4. Billing Determinants'!$B$19:$O$41,8,0)/'4. Billing Determinants'!$I$41*$D22, VLOOKUP(T$4,'4. Billing Determinants'!$B$19:$O$41,3,0)/'4. Billing Determinants'!$D$41*$D22))))),0)","v":0},{"$f":"IFERROR(IF(U$4=\"\",0,IF($E22=\"kWh\",VLOOKUP(U$4,'4. Billing Determinants'!$B$19:$O$41,4,0)/'4. Billing Determinants'!$E$41*$D22,IF($E22=\"kW\",VLOOKUP(U$4,'4. Billing Determinants'!$B$19:$O$41,5,0)/'4. Billing Determinants'!$F$41*$D22,IF($E22=\"Non-RPP kWh\",VLOOKUP(U$4,'4. Billing Determinants'!$B$19:$O$41,6,0)/'4. Billing Determinants'!$G$41*$D22,IF($E22=\"Distribution Rev.\",VLOOKUP(U$4,'4. Billing Determinants'!$B$19:$O$41,8,0)/'4. Billing Determinants'!$I$41*$D22, VLOOKUP(U$4,'4. Billing Determinants'!$B$19:$O$41,3,0)/'4. Billing Determinants'!$D$41*$D22))))),0)","v":0},{"$f":"IFERROR(IF(V$4=\"\",0,IF($E22=\"kWh\",VLOOKUP(V$4,'4. Billing Determinants'!$B$19:$O$41,4,0)/'4. Billing Determinants'!$E$41*$D22,IF($E22=\"kW\",VLOOKUP(V$4,'4. Billing Determinants'!$B$19:$O$41,5,0)/'4. Billing Determinants'!$F$41*$D22,IF($E22=\"Non-RPP kWh\",VLOOKUP(V$4,'4. Billing Determinants'!$B$19:$O$41,6,0)/'4. Billing Determinants'!$G$41*$D22,IF($E22=\"Distribution Rev.\",VLOOKUP(V$4,'4. Billing Determinants'!$B$19:$O$41,8,0)/'4. Billing Determinants'!$I$41*$D22, VLOOKUP(V$4,'4. Billing Determinants'!$B$19:$O$41,3,0)/'4. Billing Determinants'!$D$41*$D22))))),0)","v":0},{"$f":"IFERROR(IF(W$4=\"\",0,IF($E22=\"kWh\",VLOOKUP(W$4,'4. Billing Determinants'!$B$19:$O$41,4,0)/'4. Billing Determinants'!$E$41*$D22,IF($E22=\"kW\",VLOOKUP(W$4,'4. Billing Determinants'!$B$19:$O$41,5,0)/'4. Billing Determinants'!$F$41*$D22,IF($E22=\"Non-RPP kWh\",VLOOKUP(W$4,'4. Billing Determinants'!$B$19:$O$41,6,0)/'4. Billing Determinants'!$G$41*$D22,IF($E22=\"Distribution Rev.\",VLOOKUP(W$4,'4. Billing Determinants'!$B$19:$O$41,8,0)/'4. Billing Determinants'!$I$41*$D22, VLOOKUP(W$4,'4. Billing Determinants'!$B$19:$O$41,3,0)/'4. Billing Determinants'!$D$41*$D22))))),0)","v":0},{"$f":"IFERROR(IF(X$4=\"\",0,IF($E22=\"kWh\",VLOOKUP(X$4,'4. Billing Determinants'!$B$19:$O$41,4,0)/'4. Billing Determinants'!$E$41*$D22,IF($E22=\"kW\",VLOOKUP(X$4,'4. Billing Determinants'!$B$19:$O$41,5,0)/'4. Billing Determinants'!$F$41*$D22,IF($E22=\"Non-RPP kWh\",VLOOKUP(X$4,'4. Billing Determinants'!$B$19:$O$41,6,0)/'4. Billing Determinants'!$G$41*$D22,IF($E22=\"Distribution Rev.\",VLOOKUP(X$4,'4. Billing Determinants'!$B$19:$O$41,8,0)/'4. Billing Determinants'!$I$41*$D22, VLOOKUP(X$4,'4. Billing Determinants'!$B$19:$O$41,3,0)/'4. Billing Determinants'!$D$41*$D22))))),0)","v":0},{"$f":"IFERROR(IF(Y$4=\"\",0,IF($E22=\"kWh\",VLOOKUP(Y$4,'4. Billing Determinants'!$B$19:$O$41,4,0)/'4. Billing Determinants'!$E$41*$D22,IF($E22=\"kW\",VLOOKUP(Y$4,'4. Billing Determinants'!$B$19:$O$41,5,0)/'4. Billing Determinants'!$F$41*$D22,IF($E22=\"Non-RPP kWh\",VLOOKUP(Y$4,'4. Billing Determinants'!$B$19:$O$41,6,0)/'4. Billing Determinants'!$G$41*$D22,IF($E22=\"Distribution Rev.\",VLOOKUP(Y$4,'4. Billing Determinants'!$B$19:$O$41,8,0)/'4. Billing Determinants'!$I$41*$D22, VLOOKUP(Y$4,'4. Billing Determinants'!$B$19:$O$41,3,0)/'4. Billing Determinants'!$D$41*$D22))))),0)","v":0}]
[null,"Other Regulatory Assets - Sub-Account - Financial Assistance Payment and Recovery Carrying Charges",1508,{"$f":"'2. 2013 Continuity Schedule'!CP46","v":0},null,{"$f":"IFERROR(IF(F$4=\"\",0,IF($E23=\"kWh\",VLOOKUP(F$4,'4. Billing Determinants'!$B$19:$O$41,4,0)/'4. Billing Determinants'!$E$41*$D23,IF($E23=\"kW\",VLOOKUP(F$4,'4. Billing Determinants'!$B$19:$O$41,5,0)/'4. Billing Determinants'!$F$41*$D23,IF($E23=\"Non-RPP kWh\",VLOOKUP(F$4,'4. Billing Determinants'!$B$19:$O$41,6,0)/'4. Billing Determinants'!$G$41*$D23,IF($E23=\"Distribution Rev.\",VLOOKUP(F$4,'4. Billing Determinants'!$B$19:$O$41,8,0)/'4. Billing Determinants'!$I$41*$D23, VLOOKUP(F$4,'4. Billing Determinants'!$B$19:$O$41,3,0)/'4. Billing Determinants'!$D$41*$D23))))),0)","v":0},{"$f":"IFERROR(IF(G$4=\"\",0,IF($E23=\"kWh\",VLOOKUP(G$4,'4. Billing Determinants'!$B$19:$O$41,4,0)/'4. Billing Determinants'!$E$41*$D23,IF($E23=\"kW\",VLOOKUP(G$4,'4. Billing Determinants'!$B$19:$O$41,5,0)/'4. Billing Determinants'!$F$41*$D23,IF($E23=\"Non-RPP kWh\",VLOOKUP(G$4,'4. Billing Determinants'!$B$19:$O$41,6,0)/'4. Billing Determinants'!$G$41*$D23,IF($E23=\"Distribution Rev.\",VLOOKUP(G$4,'4. Billing Determinants'!$B$19:$O$41,8,0)/'4. Billing Determinants'!$I$41*$D23, VLOOKUP(G$4,'4. Billing Determinants'!$B$19:$O$41,3,0)/'4. Billing Determinants'!$D$41*$D23))))),0)","v":0},{"$f":"IFERROR(IF(H$4=\"\",0,IF($E23=\"kWh\",VLOOKUP(H$4,'4. Billing Determinants'!$B$19:$O$41,4,0)/'4. Billing Determinants'!$E$41*$D23,IF($E23=\"kW\",VLOOKUP(H$4,'4. Billing Determinants'!$B$19:$O$41,5,0)/'4. Billing Determinants'!$F$41*$D23,IF($E23=\"Non-RPP kWh\",VLOOKUP(H$4,'4. Billing Determinants'!$B$19:$O$41,6,0)/'4. Billing Determinants'!$G$41*$D23,IF($E23=\"Distribution Rev.\",VLOOKUP(H$4,'4. Billing Determinants'!$B$19:$O$41,8,0)/'4. Billing Determinants'!$I$41*$D23, VLOOKUP(H$4,'4. Billing Determinants'!$B$19:$O$41,3,0)/'4. Billing Determinants'!$D$41*$D23))))),0)","v":0},{"$f":"IFERROR(IF(I$4=\"\",0,IF($E23=\"kWh\",VLOOKUP(I$4,'4. Billing Determinants'!$B$19:$O$41,4,0)/'4. Billing Determinants'!$E$41*$D23,IF($E23=\"kW\",VLOOKUP(I$4,'4. Billing Determinants'!$B$19:$O$41,5,0)/'4. Billing Determinants'!$F$41*$D23,IF($E23=\"Non-RPP kWh\",VLOOKUP(I$4,'4. Billing Determinants'!$B$19:$O$41,6,0)/'4. Billing Determinants'!$G$41*$D23,IF($E23=\"Distribution Rev.\",VLOOKUP(I$4,'4. Billing Determinants'!$B$19:$O$41,8,0)/'4. Billing Determinants'!$I$41*$D23, VLOOKUP(I$4,'4. Billing Determinants'!$B$19:$O$41,3,0)/'4. Billing Determinants'!$D$41*$D23))))),0)","v":0},{"$f":"IFERROR(IF(J$4=\"\",0,IF($E23=\"kWh\",VLOOKUP(J$4,'4. Billing Determinants'!$B$19:$O$41,4,0)/'4. Billing Determinants'!$E$41*$D23,IF($E23=\"kW\",VLOOKUP(J$4,'4. Billing Determinants'!$B$19:$O$41,5,0)/'4. Billing Determinants'!$F$41*$D23,IF($E23=\"Non-RPP kWh\",VLOOKUP(J$4,'4. Billing Determinants'!$B$19:$O$41,6,0)/'4. Billing Determinants'!$G$41*$D23,IF($E23=\"Distribution Rev.\",VLOOKUP(J$4,'4. Billing Determinants'!$B$19:$O$41,8,0)/'4. Billing Determinants'!$I$41*$D23, VLOOKUP(J$4,'4. Billing Determinants'!$B$19:$O$41,3,0)/'4. Billing Determinants'!$D$41*$D23))))),0)","v":0},{"$f":"IFERROR(IF(K$4=\"\",0,IF($E23=\"kWh\",VLOOKUP(K$4,'4. Billing Determinants'!$B$19:$O$41,4,0)/'4. Billing Determinants'!$E$41*$D23,IF($E23=\"kW\",VLOOKUP(K$4,'4. Billing Determinants'!$B$19:$O$41,5,0)/'4. Billing Determinants'!$F$41*$D23,IF($E23=\"Non-RPP kWh\",VLOOKUP(K$4,'4. Billing Determinants'!$B$19:$O$41,6,0)/'4. Billing Determinants'!$G$41*$D23,IF($E23=\"Distribution Rev.\",VLOOKUP(K$4,'4. Billing Determinants'!$B$19:$O$41,8,0)/'4. Billing Determinants'!$I$41*$D23, VLOOKUP(K$4,'4. Billing Determinants'!$B$19:$O$41,3,0)/'4. Billing Determinants'!$D$41*$D23))))),0)","v":0},{"$f":"IFERROR(IF(L$4=\"\",0,IF($E23=\"kWh\",VLOOKUP(L$4,'4. Billing Determinants'!$B$19:$O$41,4,0)/'4. Billing Determinants'!$E$41*$D23,IF($E23=\"kW\",VLOOKUP(L$4,'4. Billing Determinants'!$B$19:$O$41,5,0)/'4. Billing Determinants'!$F$41*$D23,IF($E23=\"Non-RPP kWh\",VLOOKUP(L$4,'4. Billing Determinants'!$B$19:$O$41,6,0)/'4. Billing Determinants'!$G$41*$D23,IF($E23=\"Distribution Rev.\",VLOOKUP(L$4,'4. Billing Determinants'!$B$19:$O$41,8,0)/'4. Billing Determinants'!$I$41*$D23, VLOOKUP(L$4,'4. Billing Determinants'!$B$19:$O$41,3,0)/'4. Billing Determinants'!$D$41*$D23))))),0)","v":0},{"$f":"IFERROR(IF(M$4=\"\",0,IF($E23=\"kWh\",VLOOKUP(M$4,'4. Billing Determinants'!$B$19:$O$41,4,0)/'4. Billing Determinants'!$E$41*$D23,IF($E23=\"kW\",VLOOKUP(M$4,'4. Billing Determinants'!$B$19:$O$41,5,0)/'4. Billing Determinants'!$F$41*$D23,IF($E23=\"Non-RPP kWh\",VLOOKUP(M$4,'4. Billing Determinants'!$B$19:$O$41,6,0)/'4. Billing Determinants'!$G$41*$D23,IF($E23=\"Distribution Rev.\",VLOOKUP(M$4,'4. Billing Determinants'!$B$19:$O$41,8,0)/'4. Billing Determinants'!$I$41*$D23, VLOOKUP(M$4,'4. Billing Determinants'!$B$19:$O$41,3,0)/'4. Billing Determinants'!$D$41*$D23))))),0)","v":0},{"$f":"IFERROR(IF(N$4=\"\",0,IF($E23=\"kWh\",VLOOKUP(N$4,'4. Billing Determinants'!$B$19:$O$41,4,0)/'4. Billing Determinants'!$E$41*$D23,IF($E23=\"kW\",VLOOKUP(N$4,'4. Billing Determinants'!$B$19:$O$41,5,0)/'4. Billing Determinants'!$F$41*$D23,IF($E23=\"Non-RPP kWh\",VLOOKUP(N$4,'4. Billing Determinants'!$B$19:$O$41,6,0)/'4. Billing Determinants'!$G$41*$D23,IF($E23=\"Distribution Rev.\",VLOOKUP(N$4,'4. Billing Determinants'!$B$19:$O$41,8,0)/'4. Billing Determinants'!$I$41*$D23, VLOOKUP(N$4,'4. Billing Determinants'!$B$19:$O$41,3,0)/'4. Billing Determinants'!$D$41*$D23))))),0)","v":0},{"$f":"IFERROR(IF(O$4=\"\",0,IF($E23=\"kWh\",VLOOKUP(O$4,'4. Billing Determinants'!$B$19:$O$41,4,0)/'4. Billing Determinants'!$E$41*$D23,IF($E23=\"kW\",VLOOKUP(O$4,'4. Billing Determinants'!$B$19:$O$41,5,0)/'4. Billing Determinants'!$F$41*$D23,IF($E23=\"Non-RPP kWh\",VLOOKUP(O$4,'4. Billing Determinants'!$B$19:$O$41,6,0)/'4. Billing Determinants'!$G$41*$D23,IF($E23=\"Distribution Rev.\",VLOOKUP(O$4,'4. Billing Determinants'!$B$19:$O$41,8,0)/'4. Billing Determinants'!$I$41*$D23, VLOOKUP(O$4,'4. Billing Determinants'!$B$19:$O$41,3,0)/'4. Billing Determinants'!$D$41*$D23))))),0)","v":0},{"$f":"IFERROR(IF(P$4=\"\",0,IF($E23=\"kWh\",VLOOKUP(P$4,'4. Billing Determinants'!$B$19:$O$41,4,0)/'4. Billing Determinants'!$E$41*$D23,IF($E23=\"kW\",VLOOKUP(P$4,'4. Billing Determinants'!$B$19:$O$41,5,0)/'4. Billing Determinants'!$F$41*$D23,IF($E23=\"Non-RPP kWh\",VLOOKUP(P$4,'4. Billing Determinants'!$B$19:$O$41,6,0)/'4. Billing Determinants'!$G$41*$D23,IF($E23=\"Distribution Rev.\",VLOOKUP(P$4,'4. Billing Determinants'!$B$19:$O$41,8,0)/'4. Billing Determinants'!$I$41*$D23, VLOOKUP(P$4,'4. Billing Determinants'!$B$19:$O$41,3,0)/'4. Billing Determinants'!$D$41*$D23))))),0)","v":0},{"$f":"IFERROR(IF(Q$4=\"\",0,IF($E23=\"kWh\",VLOOKUP(Q$4,'4. Billing Determinants'!$B$19:$O$41,4,0)/'4. Billing Determinants'!$E$41*$D23,IF($E23=\"kW\",VLOOKUP(Q$4,'4. Billing Determinants'!$B$19:$O$41,5,0)/'4. Billing Determinants'!$F$41*$D23,IF($E23=\"Non-RPP kWh\",VLOOKUP(Q$4,'4. Billing Determinants'!$B$19:$O$41,6,0)/'4. Billing Determinants'!$G$41*$D23,IF($E23=\"Distribution Rev.\",VLOOKUP(Q$4,'4. Billing Determinants'!$B$19:$O$41,8,0)/'4. Billing Determinants'!$I$41*$D23, VLOOKUP(Q$4,'4. Billing Determinants'!$B$19:$O$41,3,0)/'4. Billing Determinants'!$D$41*$D23))))),0)","v":0},{"$f":"IFERROR(IF(R$4=\"\",0,IF($E23=\"kWh\",VLOOKUP(R$4,'4. Billing Determinants'!$B$19:$O$41,4,0)/'4. Billing Determinants'!$E$41*$D23,IF($E23=\"kW\",VLOOKUP(R$4,'4. Billing Determinants'!$B$19:$O$41,5,0)/'4. Billing Determinants'!$F$41*$D23,IF($E23=\"Non-RPP kWh\",VLOOKUP(R$4,'4. Billing Determinants'!$B$19:$O$41,6,0)/'4. Billing Determinants'!$G$41*$D23,IF($E23=\"Distribution Rev.\",VLOOKUP(R$4,'4. Billing Determinants'!$B$19:$O$41,8,0)/'4. Billing Determinants'!$I$41*$D23, VLOOKUP(R$4,'4. Billing Determinants'!$B$19:$O$41,3,0)/'4. Billing Determinants'!$D$41*$D23))))),0)","v":0},{"$f":"IFERROR(IF(S$4=\"\",0,IF($E23=\"kWh\",VLOOKUP(S$4,'4. Billing Determinants'!$B$19:$O$41,4,0)/'4. Billing Determinants'!$E$41*$D23,IF($E23=\"kW\",VLOOKUP(S$4,'4. Billing Determinants'!$B$19:$O$41,5,0)/'4. Billing Determinants'!$F$41*$D23,IF($E23=\"Non-RPP kWh\",VLOOKUP(S$4,'4. Billing Determinants'!$B$19:$O$41,6,0)/'4. Billing Determinants'!$G$41*$D23,IF($E23=\"Distribution Rev.\",VLOOKUP(S$4,'4. Billing Determinants'!$B$19:$O$41,8,0)/'4. Billing Determinants'!$I$41*$D23, VLOOKUP(S$4,'4. Billing Determinants'!$B$19:$O$41,3,0)/'4. Billing Determinants'!$D$41*$D23))))),0)","v":0},{"$f":"IFERROR(IF(T$4=\"\",0,IF($E23=\"kWh\",VLOOKUP(T$4,'4. Billing Determinants'!$B$19:$O$41,4,0)/'4. Billing Determinants'!$E$41*$D23,IF($E23=\"kW\",VLOOKUP(T$4,'4. Billing Determinants'!$B$19:$O$41,5,0)/'4. Billing Determinants'!$F$41*$D23,IF($E23=\"Non-RPP kWh\",VLOOKUP(T$4,'4. Billing Determinants'!$B$19:$O$41,6,0)/'4. Billing Determinants'!$G$41*$D23,IF($E23=\"Distribution Rev.\",VLOOKUP(T$4,'4. Billing Determinants'!$B$19:$O$41,8,0)/'4. Billing Determinants'!$I$41*$D23, VLOOKUP(T$4,'4. Billing Determinants'!$B$19:$O$41,3,0)/'4. Billing Determinants'!$D$41*$D23))))),0)","v":0},{"$f":"IFERROR(IF(U$4=\"\",0,IF($E23=\"kWh\",VLOOKUP(U$4,'4. Billing Determinants'!$B$19:$O$41,4,0)/'4. Billing Determinants'!$E$41*$D23,IF($E23=\"kW\",VLOOKUP(U$4,'4. Billing Determinants'!$B$19:$O$41,5,0)/'4. Billing Determinants'!$F$41*$D23,IF($E23=\"Non-RPP kWh\",VLOOKUP(U$4,'4. Billing Determinants'!$B$19:$O$41,6,0)/'4. Billing Determinants'!$G$41*$D23,IF($E23=\"Distribution Rev.\",VLOOKUP(U$4,'4. Billing Determinants'!$B$19:$O$41,8,0)/'4. Billing Determinants'!$I$41*$D23, VLOOKUP(U$4,'4. Billing Determinants'!$B$19:$O$41,3,0)/'4. Billing Determinants'!$D$41*$D23))))),0)","v":0},{"$f":"IFERROR(IF(V$4=\"\",0,IF($E23=\"kWh\",VLOOKUP(V$4,'4. Billing Determinants'!$B$19:$O$41,4,0)/'4. Billing Determinants'!$E$41*$D23,IF($E23=\"kW\",VLOOKUP(V$4,'4. Billing Determinants'!$B$19:$O$41,5,0)/'4. Billing Determinants'!$F$41*$D23,IF($E23=\"Non-RPP kWh\",VLOOKUP(V$4,'4. Billing Determinants'!$B$19:$O$41,6,0)/'4. Billing Determinants'!$G$41*$D23,IF($E23=\"Distribution Rev.\",VLOOKUP(V$4,'4. Billing Determinants'!$B$19:$O$41,8,0)/'4. Billing Determinants'!$I$41*$D23, VLOOKUP(V$4,'4. Billing Determinants'!$B$19:$O$41,3,0)/'4. Billing Determinants'!$D$41*$D23))))),0)","v":0},{"$f":"IFERROR(IF(W$4=\"\",0,IF($E23=\"kWh\",VLOOKUP(W$4,'4. Billing Determinants'!$B$19:$O$41,4,0)/'4. Billing Determinants'!$E$41*$D23,IF($E23=\"kW\",VLOOKUP(W$4,'4. Billing Determinants'!$B$19:$O$41,5,0)/'4. Billing Determinants'!$F$41*$D23,IF($E23=\"Non-RPP kWh\",VLOOKUP(W$4,'4. Billing Determinants'!$B$19:$O$41,6,0)/'4. Billing Determinants'!$G$41*$D23,IF($E23=\"Distribution Rev.\",VLOOKUP(W$4,'4. Billing Determinants'!$B$19:$O$41,8,0)/'4. Billing Determinants'!$I$41*$D23, VLOOKUP(W$4,'4. Billing Determinants'!$B$19:$O$41,3,0)/'4. Billing Determinants'!$D$41*$D23))))),0)","v":0},{"$f":"IFERROR(IF(X$4=\"\",0,IF($E23=\"kWh\",VLOOKUP(X$4,'4. Billing Determinants'!$B$19:$O$41,4,0)/'4. Billing Determinants'!$E$41*$D23,IF($E23=\"kW\",VLOOKUP(X$4,'4. Billing Determinants'!$B$19:$O$41,5,0)/'4. Billing Determinants'!$F$41*$D23,IF($E23=\"Non-RPP kWh\",VLOOKUP(X$4,'4. Billing Determinants'!$B$19:$O$41,6,0)/'4. Billing Determinants'!$G$41*$D23,IF($E23=\"Distribution Rev.\",VLOOKUP(X$4,'4. Billing Determinants'!$B$19:$O$41,8,0)/'4. Billing Determinants'!$I$41*$D23, VLOOKUP(X$4,'4. Billing Determinants'!$B$19:$O$41,3,0)/'4. Billing Determinants'!$D$41*$D23))))),0)","v":0},{"$f":"IFERROR(IF(Y$4=\"\",0,IF($E23=\"kWh\",VLOOKUP(Y$4,'4. Billing Determinants'!$B$19:$O$41,4,0)/'4. Billing Determinants'!$E$41*$D23,IF($E23=\"kW\",VLOOKUP(Y$4,'4. Billing Determinants'!$B$19:$O$41,5,0)/'4. Billing Determinants'!$F$41*$D23,IF($E23=\"Non-RPP kWh\",VLOOKUP(Y$4,'4. Billing Determinants'!$B$19:$O$41,6,0)/'4. Billing Determinants'!$G$41*$D23,IF($E23=\"Distribution Rev.\",VLOOKUP(Y$4,'4. Billing Determinants'!$B$19:$O$41,8,0)/'4. Billing Determinants'!$I$41*$D23, VLOOKUP(Y$4,'4. Billing Determinants'!$B$19:$O$41,3,0)/'4. Billing Determinants'!$D$41*$D23))))),0)","v":0}]
[null,"Other Regulatory Assets - Sub-Account - Other",1508,{"$f":"'2. 2013 Continuity Schedule'!CP47","v":0},null,{"$f":"IFERROR(IF(F$4=\"\",0,IF($E24=\"kWh\",VLOOKUP(F$4,'4. Billing Determinants'!$B$19:$O$41,4,0)/'4. Billing Determinants'!$E$41*$D24,IF($E24=\"kW\",VLOOKUP(F$4,'4. Billing Determinants'!$B$19:$O$41,5,0)/'4. Billing Determinants'!$F$41*$D24,IF($E24=\"Non-RPP kWh\",VLOOKUP(F$4,'4. Billing Determinants'!$B$19:$O$41,6,0)/'4. Billing Determinants'!$G$41*$D24,IF($E24=\"Distribution Rev.\",VLOOKUP(F$4,'4. Billing Determinants'!$B$19:$O$41,8,0)/'4. Billing Determinants'!$I$41*$D24, VLOOKUP(F$4,'4. Billing Determinants'!$B$19:$O$41,3,0)/'4. Billing Determinants'!$D$41*$D24))))),0)","v":0},{"$f":"IFERROR(IF(G$4=\"\",0,IF($E24=\"kWh\",VLOOKUP(G$4,'4. Billing Determinants'!$B$19:$O$41,4,0)/'4. Billing Determinants'!$E$41*$D24,IF($E24=\"kW\",VLOOKUP(G$4,'4. Billing Determinants'!$B$19:$O$41,5,0)/'4. Billing Determinants'!$F$41*$D24,IF($E24=\"Non-RPP kWh\",VLOOKUP(G$4,'4. Billing Determinants'!$B$19:$O$41,6,0)/'4. Billing Determinants'!$G$41*$D24,IF($E24=\"Distribution Rev.\",VLOOKUP(G$4,'4. Billing Determinants'!$B$19:$O$41,8,0)/'4. Billing Determinants'!$I$41*$D24, VLOOKUP(G$4,'4. Billing Determinants'!$B$19:$O$41,3,0)/'4. Billing Determinants'!$D$41*$D24))))),0)","v":0},{"$f":"IFERROR(IF(H$4=\"\",0,IF($E24=\"kWh\",VLOOKUP(H$4,'4. Billing Determinants'!$B$19:$O$41,4,0)/'4. Billing Determinants'!$E$41*$D24,IF($E24=\"kW\",VLOOKUP(H$4,'4. Billing Determinants'!$B$19:$O$41,5,0)/'4. Billing Determinants'!$F$41*$D24,IF($E24=\"Non-RPP kWh\",VLOOKUP(H$4,'4. Billing Determinants'!$B$19:$O$41,6,0)/'4. Billing Determinants'!$G$41*$D24,IF($E24=\"Distribution Rev.\",VLOOKUP(H$4,'4. Billing Determinants'!$B$19:$O$41,8,0)/'4. Billing Determinants'!$I$41*$D24, VLOOKUP(H$4,'4. Billing Determinants'!$B$19:$O$41,3,0)/'4. Billing Determinants'!$D$41*$D24))))),0)","v":0},{"$f":"IFERROR(IF(I$4=\"\",0,IF($E24=\"kWh\",VLOOKUP(I$4,'4. Billing Determinants'!$B$19:$O$41,4,0)/'4. Billing Determinants'!$E$41*$D24,IF($E24=\"kW\",VLOOKUP(I$4,'4. Billing Determinants'!$B$19:$O$41,5,0)/'4. Billing Determinants'!$F$41*$D24,IF($E24=\"Non-RPP kWh\",VLOOKUP(I$4,'4. Billing Determinants'!$B$19:$O$41,6,0)/'4. Billing Determinants'!$G$41*$D24,IF($E24=\"Distribution Rev.\",VLOOKUP(I$4,'4. Billing Determinants'!$B$19:$O$41,8,0)/'4. Billing Determinants'!$I$41*$D24, VLOOKUP(I$4,'4. Billing Determinants'!$B$19:$O$41,3,0)/'4. Billing Determinants'!$D$41*$D24))))),0)","v":0},{"$f":"IFERROR(IF(J$4=\"\",0,IF($E24=\"kWh\",VLOOKUP(J$4,'4. Billing Determinants'!$B$19:$O$41,4,0)/'4. Billing Determinants'!$E$41*$D24,IF($E24=\"kW\",VLOOKUP(J$4,'4. Billing Determinants'!$B$19:$O$41,5,0)/'4. Billing Determinants'!$F$41*$D24,IF($E24=\"Non-RPP kWh\",VLOOKUP(J$4,'4. Billing Determinants'!$B$19:$O$41,6,0)/'4. Billing Determinants'!$G$41*$D24,IF($E24=\"Distribution Rev.\",VLOOKUP(J$4,'4. Billing Determinants'!$B$19:$O$41,8,0)/'4. Billing Determinants'!$I$41*$D24, VLOOKUP(J$4,'4. Billing Determinants'!$B$19:$O$41,3,0)/'4. Billing Determinants'!$D$41*$D24))))),0)","v":0},{"$f":"IFERROR(IF(K$4=\"\",0,IF($E24=\"kWh\",VLOOKUP(K$4,'4. Billing Determinants'!$B$19:$O$41,4,0)/'4. Billing Determinants'!$E$41*$D24,IF($E24=\"kW\",VLOOKUP(K$4,'4. Billing Determinants'!$B$19:$O$41,5,0)/'4. Billing Determinants'!$F$41*$D24,IF($E24=\"Non-RPP kWh\",VLOOKUP(K$4,'4. Billing Determinants'!$B$19:$O$41,6,0)/'4. Billing Determinants'!$G$41*$D24,IF($E24=\"Distribution Rev.\",VLOOKUP(K$4,'4. Billing Determinants'!$B$19:$O$41,8,0)/'4. Billing Determinants'!$I$41*$D24, VLOOKUP(K$4,'4. Billing Determinants'!$B$19:$O$41,3,0)/'4. Billing Determinants'!$D$41*$D24))))),0)","v":0},{"$f":"IFERROR(IF(L$4=\"\",0,IF($E24=\"kWh\",VLOOKUP(L$4,'4. Billing Determinants'!$B$19:$O$41,4,0)/'4. Billing Determinants'!$E$41*$D24,IF($E24=\"kW\",VLOOKUP(L$4,'4. Billing Determinants'!$B$19:$O$41,5,0)/'4. Billing Determinants'!$F$41*$D24,IF($E24=\"Non-RPP kWh\",VLOOKUP(L$4,'4. Billing Determinants'!$B$19:$O$41,6,0)/'4. Billing Determinants'!$G$41*$D24,IF($E24=\"Distribution Rev.\",VLOOKUP(L$4,'4. Billing Determinants'!$B$19:$O$41,8,0)/'4. Billing Determinants'!$I$41*$D24, VLOOKUP(L$4,'4. Billing Determinants'!$B$19:$O$41,3,0)/'4. Billing Determinants'!$D$41*$D24))))),0)","v":0},{"$f":"IFERROR(IF(M$4=\"\",0,IF($E24=\"kWh\",VLOOKUP(M$4,'4. Billing Determinants'!$B$19:$O$41,4,0)/'4. Billing Determinants'!$E$41*$D24,IF($E24=\"kW\",VLOOKUP(M$4,'4. Billing Determinants'!$B$19:$O$41,5,0)/'4. Billing Determinants'!$F$41*$D24,IF($E24=\"Non-RPP kWh\",VLOOKUP(M$4,'4. Billing Determinants'!$B$19:$O$41,6,0)/'4. Billing Determinants'!$G$41*$D24,IF($E24=\"Distribution Rev.\",VLOOKUP(M$4,'4. Billing Determinants'!$B$19:$O$41,8,0)/'4. Billing Determinants'!$I$41*$D24, VLOOKUP(M$4,'4. Billing Determinants'!$B$19:$O$41,3,0)/'4. Billing Determinants'!$D$41*$D24))))),0)","v":0},{"$f":"IFERROR(IF(N$4=\"\",0,IF($E24=\"kWh\",VLOOKUP(N$4,'4. Billing Determinants'!$B$19:$O$41,4,0)/'4. Billing Determinants'!$E$41*$D24,IF($E24=\"kW\",VLOOKUP(N$4,'4. Billing Determinants'!$B$19:$O$41,5,0)/'4. Billing Determinants'!$F$41*$D24,IF($E24=\"Non-RPP kWh\",VLOOKUP(N$4,'4. Billing Determinants'!$B$19:$O$41,6,0)/'4. Billing Determinants'!$G$41*$D24,IF($E24=\"Distribution Rev.\",VLOOKUP(N$4,'4. Billing Determinants'!$B$19:$O$41,8,0)/'4. Billing Determinants'!$I$41*$D24, VLOOKUP(N$4,'4. Billing Determinants'!$B$19:$O$41,3,0)/'4. Billing Determinants'!$D$41*$D24))))),0)","v":0},{"$f":"IFERROR(IF(O$4=\"\",0,IF($E24=\"kWh\",VLOOKUP(O$4,'4. Billing Determinants'!$B$19:$O$41,4,0)/'4. Billing Determinants'!$E$41*$D24,IF($E24=\"kW\",VLOOKUP(O$4,'4. Billing Determinants'!$B$19:$O$41,5,0)/'4. Billing Determinants'!$F$41*$D24,IF($E24=\"Non-RPP kWh\",VLOOKUP(O$4,'4. Billing Determinants'!$B$19:$O$41,6,0)/'4. Billing Determinants'!$G$41*$D24,IF($E24=\"Distribution Rev.\",VLOOKUP(O$4,'4. Billing Determinants'!$B$19:$O$41,8,0)/'4. Billing Determinants'!$I$41*$D24, VLOOKUP(O$4,'4. Billing Determinants'!$B$19:$O$41,3,0)/'4. Billing Determinants'!$D$41*$D24))))),0)","v":0},{"$f":"IFERROR(IF(P$4=\"\",0,IF($E24=\"kWh\",VLOOKUP(P$4,'4. Billing Determinants'!$B$19:$O$41,4,0)/'4. Billing Determinants'!$E$41*$D24,IF($E24=\"kW\",VLOOKUP(P$4,'4. Billing Determinants'!$B$19:$O$41,5,0)/'4. Billing Determinants'!$F$41*$D24,IF($E24=\"Non-RPP kWh\",VLOOKUP(P$4,'4. Billing Determinants'!$B$19:$O$41,6,0)/'4. Billing Determinants'!$G$41*$D24,IF($E24=\"Distribution Rev.\",VLOOKUP(P$4,'4. Billing Determinants'!$B$19:$O$41,8,0)/'4. Billing Determinants'!$I$41*$D24, VLOOKUP(P$4,'4. Billing Determinants'!$B$19:$O$41,3,0)/'4. Billing Determinants'!$D$41*$D24))))),0)","v":0},{"$f":"IFERROR(IF(Q$4=\"\",0,IF($E24=\"kWh\",VLOOKUP(Q$4,'4. Billing Determinants'!$B$19:$O$41,4,0)/'4. Billing Determinants'!$E$41*$D24,IF($E24=\"kW\",VLOOKUP(Q$4,'4. Billing Determinants'!$B$19:$O$41,5,0)/'4. Billing Determinants'!$F$41*$D24,IF($E24=\"Non-RPP kWh\",VLOOKUP(Q$4,'4. Billing Determinants'!$B$19:$O$41,6,0)/'4. Billing Determinants'!$G$41*$D24,IF($E24=\"Distribution Rev.\",VLOOKUP(Q$4,'4. Billing Determinants'!$B$19:$O$41,8,0)/'4. Billing Determinants'!$I$41*$D24, VLOOKUP(Q$4,'4. Billing Determinants'!$B$19:$O$41,3,0)/'4. Billing Determinants'!$D$41*$D24))))),0)","v":0},{"$f":"IFERROR(IF(R$4=\"\",0,IF($E24=\"kWh\",VLOOKUP(R$4,'4. Billing Determinants'!$B$19:$O$41,4,0)/'4. Billing Determinants'!$E$41*$D24,IF($E24=\"kW\",VLOOKUP(R$4,'4. Billing Determinants'!$B$19:$O$41,5,0)/'4. Billing Determinants'!$F$41*$D24,IF($E24=\"Non-RPP kWh\",VLOOKUP(R$4,'4. Billing Determinants'!$B$19:$O$41,6,0)/'4. Billing Determinants'!$G$41*$D24,IF($E24=\"Distribution Rev.\",VLOOKUP(R$4,'4. Billing Determinants'!$B$19:$O$41,8,0)/'4. Billing Determinants'!$I$41*$D24, VLOOKUP(R$4,'4. Billing Determinants'!$B$19:$O$41,3,0)/'4. Billing Determinants'!$D$41*$D24))))),0)","v":0},{"$f":"IFERROR(IF(S$4=\"\",0,IF($E24=\"kWh\",VLOOKUP(S$4,'4. Billing Determinants'!$B$19:$O$41,4,0)/'4. Billing Determinants'!$E$41*$D24,IF($E24=\"kW\",VLOOKUP(S$4,'4. Billing Determinants'!$B$19:$O$41,5,0)/'4. Billing Determinants'!$F$41*$D24,IF($E24=\"Non-RPP kWh\",VLOOKUP(S$4,'4. Billing Determinants'!$B$19:$O$41,6,0)/'4. Billing Determinants'!$G$41*$D24,IF($E24=\"Distribution Rev.\",VLOOKUP(S$4,'4. Billing Determinants'!$B$19:$O$41,8,0)/'4. Billing Determinants'!$I$41*$D24, VLOOKUP(S$4,'4. Billing Determinants'!$B$19:$O$41,3,0)/'4. Billing Determinants'!$D$41*$D24))))),0)","v":0},{"$f":"IFERROR(IF(T$4=\"\",0,IF($E24=\"kWh\",VLOOKUP(T$4,'4. Billing Determinants'!$B$19:$O$41,4,0)/'4. Billing Determinants'!$E$41*$D24,IF($E24=\"kW\",VLOOKUP(T$4,'4. Billing Determinants'!$B$19:$O$41,5,0)/'4. Billing Determinants'!$F$41*$D24,IF($E24=\"Non-RPP kWh\",VLOOKUP(T$4,'4. Billing Determinants'!$B$19:$O$41,6,0)/'4. Billing Determinants'!$G$41*$D24,IF($E24=\"Distribution Rev.\",VLOOKUP(T$4,'4. Billing Determinants'!$B$19:$O$41,8,0)/'4. Billing Determinants'!$I$41*$D24, VLOOKUP(T$4,'4. Billing Determinants'!$B$19:$O$41,3,0)/'4. Billing Determinants'!$D$41*$D24))))),0)","v":0},{"$f":"IFERROR(IF(U$4=\"\",0,IF($E24=\"kWh\",VLOOKUP(U$4,'4. Billing Determinants'!$B$19:$O$41,4,0)/'4. Billing Determinants'!$E$41*$D24,IF($E24=\"kW\",VLOOKUP(U$4,'4. Billing Determinants'!$B$19:$O$41,5,0)/'4. Billing Determinants'!$F$41*$D24,IF($E24=\"Non-RPP kWh\",VLOOKUP(U$4,'4. Billing Determinants'!$B$19:$O$41,6,0)/'4. Billing Determinants'!$G$41*$D24,IF($E24=\"Distribution Rev.\",VLOOKUP(U$4,'4. Billing Determinants'!$B$19:$O$41,8,0)/'4. Billing Determinants'!$I$41*$D24, VLOOKUP(U$4,'4. Billing Determinants'!$B$19:$O$41,3,0)/'4. Billing Determinants'!$D$41*$D24))))),0)","v":0},{"$f":"IFERROR(IF(V$4=\"\",0,IF($E24=\"kWh\",VLOOKUP(V$4,'4. Billing Determinants'!$B$19:$O$41,4,0)/'4. Billing Determinants'!$E$41*$D24,IF($E24=\"kW\",VLOOKUP(V$4,'4. Billing Determinants'!$B$19:$O$41,5,0)/'4. Billing Determinants'!$F$41*$D24,IF($E24=\"Non-RPP kWh\",VLOOKUP(V$4,'4. Billing Determinants'!$B$19:$O$41,6,0)/'4. Billing Determinants'!$G$41*$D24,IF($E24=\"Distribution Rev.\",VLOOKUP(V$4,'4. Billing Determinants'!$B$19:$O$41,8,0)/'4. Billing Determinants'!$I$41*$D24, VLOOKUP(V$4,'4. Billing Determinants'!$B$19:$O$41,3,0)/'4. Billing Determinants'!$D$41*$D24))))),0)","v":0},{"$f":"IFERROR(IF(W$4=\"\",0,IF($E24=\"kWh\",VLOOKUP(W$4,'4. Billing Determinants'!$B$19:$O$41,4,0)/'4. Billing Determinants'!$E$41*$D24,IF($E24=\"kW\",VLOOKUP(W$4,'4. Billing Determinants'!$B$19:$O$41,5,0)/'4. Billing Determinants'!$F$41*$D24,IF($E24=\"Non-RPP kWh\",VLOOKUP(W$4,'4. Billing Determinants'!$B$19:$O$41,6,0)/'4. Billing Determinants'!$G$41*$D24,IF($E24=\"Distribution Rev.\",VLOOKUP(W$4,'4. Billing Determinants'!$B$19:$O$41,8,0)/'4. Billing Determinants'!$I$41*$D24, VLOOKUP(W$4,'4. Billing Determinants'!$B$19:$O$41,3,0)/'4. Billing Determinants'!$D$41*$D24))))),0)","v":0},{"$f":"IFERROR(IF(X$4=\"\",0,IF($E24=\"kWh\",VLOOKUP(X$4,'4. Billing Determinants'!$B$19:$O$41,4,0)/'4. Billing Determinants'!$E$41*$D24,IF($E24=\"kW\",VLOOKUP(X$4,'4. Billing Determinants'!$B$19:$O$41,5,0)/'4. Billing Determinants'!$F$41*$D24,IF($E24=\"Non-RPP kWh\",VLOOKUP(X$4,'4. Billing Determinants'!$B$19:$O$41,6,0)/'4. Billing Determinants'!$G$41*$D24,IF($E24=\"Distribution Rev.\",VLOOKUP(X$4,'4. Billing Determinants'!$B$19:$O$41,8,0)/'4. Billing Determinants'!$I$41*$D24, VLOOKUP(X$4,'4. Billing Determinants'!$B$19:$O$41,3,0)/'4. Billing Determinants'!$D$41*$D24))))),0)","v":0},{"$f":"IFERROR(IF(Y$4=\"\",0,IF($E24=\"kWh\",VLOOKUP(Y$4,'4. Billing Determinants'!$B$19:$O$41,4,0)/'4. Billing Determinants'!$E$41*$D24,IF($E24=\"kW\",VLOOKUP(Y$4,'4. Billing Determinants'!$B$19:$O$41,5,0)/'4. Billing Determinants'!$F$41*$D24,IF($E24=\"Non-RPP kWh\",VLOOKUP(Y$4,'4. Billing Determinants'!$B$19:$O$41,6,0)/'4. Billing Determinants'!$G$41*$D24,IF($E24=\"Distribution Rev.\",VLOOKUP(Y$4,'4. Billing Determinants'!$B$19:$O$41,8,0)/'4. Billing Determinants'!$I$41*$D24, VLOOKUP(Y$4,'4. Billing Determinants'!$B$19:$O$41,3,0)/'4. Billing Determinants'!$D$41*$D24))))),0)","v":0}]
[null,"Retail Cost Variance Account - Retail",1518,{"$f":"'2. 2013 Continuity Schedule'!CP48","v":0},null,{"$f":"IFERROR(IF(F$4=\"\",0,IF($E25=\"kWh\",VLOOKUP(F$4,'4. Billing Determinants'!$B$19:$O$41,4,0)/'4. Billing Determinants'!$E$41*$D25,IF($E25=\"kW\",VLOOKUP(F$4,'4. Billing Determinants'!$B$19:$O$41,5,0)/'4. Billing Determinants'!$F$41*$D25,IF($E25=\"Non-RPP kWh\",VLOOKUP(F$4,'4. Billing Determinants'!$B$19:$O$41,6,0)/'4. Billing Determinants'!$G$41*$D25,IF($E25=\"Distribution Rev.\",VLOOKUP(F$4,'4. Billing Determinants'!$B$19:$O$41,8,0)/'4. Billing Determinants'!$I$41*$D25, VLOOKUP(F$4,'4. Billing Determinants'!$B$19:$O$41,3,0)/'4. Billing Determinants'!$D$41*$D25))))),0)","v":0},{"$f":"IFERROR(IF(G$4=\"\",0,IF($E25=\"kWh\",VLOOKUP(G$4,'4. Billing Determinants'!$B$19:$O$41,4,0)/'4. Billing Determinants'!$E$41*$D25,IF($E25=\"kW\",VLOOKUP(G$4,'4. Billing Determinants'!$B$19:$O$41,5,0)/'4. Billing Determinants'!$F$41*$D25,IF($E25=\"Non-RPP kWh\",VLOOKUP(G$4,'4. Billing Determinants'!$B$19:$O$41,6,0)/'4. Billing Determinants'!$G$41*$D25,IF($E25=\"Distribution Rev.\",VLOOKUP(G$4,'4. Billing Determinants'!$B$19:$O$41,8,0)/'4. Billing Determinants'!$I$41*$D25, VLOOKUP(G$4,'4. Billing Determinants'!$B$19:$O$41,3,0)/'4. Billing Determinants'!$D$41*$D25))))),0)","v":0},{"$f":"IFERROR(IF(H$4=\"\",0,IF($E25=\"kWh\",VLOOKUP(H$4,'4. Billing Determinants'!$B$19:$O$41,4,0)/'4. Billing Determinants'!$E$41*$D25,IF($E25=\"kW\",VLOOKUP(H$4,'4. Billing Determinants'!$B$19:$O$41,5,0)/'4. Billing Determinants'!$F$41*$D25,IF($E25=\"Non-RPP kWh\",VLOOKUP(H$4,'4. Billing Determinants'!$B$19:$O$41,6,0)/'4. Billing Determinants'!$G$41*$D25,IF($E25=\"Distribution Rev.\",VLOOKUP(H$4,'4. Billing Determinants'!$B$19:$O$41,8,0)/'4. Billing Determinants'!$I$41*$D25, VLOOKUP(H$4,'4. Billing Determinants'!$B$19:$O$41,3,0)/'4. Billing Determinants'!$D$41*$D25))))),0)","v":0},{"$f":"IFERROR(IF(I$4=\"\",0,IF($E25=\"kWh\",VLOOKUP(I$4,'4. Billing Determinants'!$B$19:$O$41,4,0)/'4. Billing Determinants'!$E$41*$D25,IF($E25=\"kW\",VLOOKUP(I$4,'4. Billing Determinants'!$B$19:$O$41,5,0)/'4. Billing Determinants'!$F$41*$D25,IF($E25=\"Non-RPP kWh\",VLOOKUP(I$4,'4. Billing Determinants'!$B$19:$O$41,6,0)/'4. Billing Determinants'!$G$41*$D25,IF($E25=\"Distribution Rev.\",VLOOKUP(I$4,'4. Billing Determinants'!$B$19:$O$41,8,0)/'4. Billing Determinants'!$I$41*$D25, VLOOKUP(I$4,'4. Billing Determinants'!$B$19:$O$41,3,0)/'4. Billing Determinants'!$D$41*$D25))))),0)","v":0},{"$f":"IFERROR(IF(J$4=\"\",0,IF($E25=\"kWh\",VLOOKUP(J$4,'4. Billing Determinants'!$B$19:$O$41,4,0)/'4. Billing Determinants'!$E$41*$D25,IF($E25=\"kW\",VLOOKUP(J$4,'4. Billing Determinants'!$B$19:$O$41,5,0)/'4. Billing Determinants'!$F$41*$D25,IF($E25=\"Non-RPP kWh\",VLOOKUP(J$4,'4. Billing Determinants'!$B$19:$O$41,6,0)/'4. Billing Determinants'!$G$41*$D25,IF($E25=\"Distribution Rev.\",VLOOKUP(J$4,'4. Billing Determinants'!$B$19:$O$41,8,0)/'4. Billing Determinants'!$I$41*$D25, VLOOKUP(J$4,'4. Billing Determinants'!$B$19:$O$41,3,0)/'4. Billing Determinants'!$D$41*$D25))))),0)","v":0},{"$f":"IFERROR(IF(K$4=\"\",0,IF($E25=\"kWh\",VLOOKUP(K$4,'4. Billing Determinants'!$B$19:$O$41,4,0)/'4. Billing Determinants'!$E$41*$D25,IF($E25=\"kW\",VLOOKUP(K$4,'4. Billing Determinants'!$B$19:$O$41,5,0)/'4. Billing Determinants'!$F$41*$D25,IF($E25=\"Non-RPP kWh\",VLOOKUP(K$4,'4. Billing Determinants'!$B$19:$O$41,6,0)/'4. Billing Determinants'!$G$41*$D25,IF($E25=\"Distribution Rev.\",VLOOKUP(K$4,'4. Billing Determinants'!$B$19:$O$41,8,0)/'4. Billing Determinants'!$I$41*$D25, VLOOKUP(K$4,'4. Billing Determinants'!$B$19:$O$41,3,0)/'4. Billing Determinants'!$D$41*$D25))))),0)","v":0},{"$f":"IFERROR(IF(L$4=\"\",0,IF($E25=\"kWh\",VLOOKUP(L$4,'4. Billing Determinants'!$B$19:$O$41,4,0)/'4. Billing Determinants'!$E$41*$D25,IF($E25=\"kW\",VLOOKUP(L$4,'4. Billing Determinants'!$B$19:$O$41,5,0)/'4. Billing Determinants'!$F$41*$D25,IF($E25=\"Non-RPP kWh\",VLOOKUP(L$4,'4. Billing Determinants'!$B$19:$O$41,6,0)/'4. Billing Determinants'!$G$41*$D25,IF($E25=\"Distribution Rev.\",VLOOKUP(L$4,'4. Billing Determinants'!$B$19:$O$41,8,0)/'4. Billing Determinants'!$I$41*$D25, VLOOKUP(L$4,'4. Billing Determinants'!$B$19:$O$41,3,0)/'4. Billing Determinants'!$D$41*$D25))))),0)","v":0},{"$f":"IFERROR(IF(M$4=\"\",0,IF($E25=\"kWh\",VLOOKUP(M$4,'4. Billing Determinants'!$B$19:$O$41,4,0)/'4. Billing Determinants'!$E$41*$D25,IF($E25=\"kW\",VLOOKUP(M$4,'4. Billing Determinants'!$B$19:$O$41,5,0)/'4. Billing Determinants'!$F$41*$D25,IF($E25=\"Non-RPP kWh\",VLOOKUP(M$4,'4. Billing Determinants'!$B$19:$O$41,6,0)/'4. Billing Determinants'!$G$41*$D25,IF($E25=\"Distribution Rev.\",VLOOKUP(M$4,'4. Billing Determinants'!$B$19:$O$41,8,0)/'4. Billing Determinants'!$I$41*$D25, VLOOKUP(M$4,'4. Billing Determinants'!$B$19:$O$41,3,0)/'4. Billing Determinants'!$D$41*$D25))))),0)","v":0},{"$f":"IFERROR(IF(N$4=\"\",0,IF($E25=\"kWh\",VLOOKUP(N$4,'4. Billing Determinants'!$B$19:$O$41,4,0)/'4. Billing Determinants'!$E$41*$D25,IF($E25=\"kW\",VLOOKUP(N$4,'4. Billing Determinants'!$B$19:$O$41,5,0)/'4. Billing Determinants'!$F$41*$D25,IF($E25=\"Non-RPP kWh\",VLOOKUP(N$4,'4. Billing Determinants'!$B$19:$O$41,6,0)/'4. Billing Determinants'!$G$41*$D25,IF($E25=\"Distribution Rev.\",VLOOKUP(N$4,'4. Billing Determinants'!$B$19:$O$41,8,0)/'4. Billing Determinants'!$I$41*$D25, VLOOKUP(N$4,'4. Billing Determinants'!$B$19:$O$41,3,0)/'4. Billing Determinants'!$D$41*$D25))))),0)","v":0},{"$f":"IFERROR(IF(O$4=\"\",0,IF($E25=\"kWh\",VLOOKUP(O$4,'4. Billing Determinants'!$B$19:$O$41,4,0)/'4. Billing Determinants'!$E$41*$D25,IF($E25=\"kW\",VLOOKUP(O$4,'4. Billing Determinants'!$B$19:$O$41,5,0)/'4. Billing Determinants'!$F$41*$D25,IF($E25=\"Non-RPP kWh\",VLOOKUP(O$4,'4. Billing Determinants'!$B$19:$O$41,6,0)/'4. Billing Determinants'!$G$41*$D25,IF($E25=\"Distribution Rev.\",VLOOKUP(O$4,'4. Billing Determinants'!$B$19:$O$41,8,0)/'4. Billing Determinants'!$I$41*$D25, VLOOKUP(O$4,'4. Billing Determinants'!$B$19:$O$41,3,0)/'4. Billing Determinants'!$D$41*$D25))))),0)","v":0},{"$f":"IFERROR(IF(P$4=\"\",0,IF($E25=\"kWh\",VLOOKUP(P$4,'4. Billing Determinants'!$B$19:$O$41,4,0)/'4. Billing Determinants'!$E$41*$D25,IF($E25=\"kW\",VLOOKUP(P$4,'4. Billing Determinants'!$B$19:$O$41,5,0)/'4. Billing Determinants'!$F$41*$D25,IF($E25=\"Non-RPP kWh\",VLOOKUP(P$4,'4. Billing Determinants'!$B$19:$O$41,6,0)/'4. Billing Determinants'!$G$41*$D25,IF($E25=\"Distribution Rev.\",VLOOKUP(P$4,'4. Billing Determinants'!$B$19:$O$41,8,0)/'4. Billing Determinants'!$I$41*$D25, VLOOKUP(P$4,'4. Billing Determinants'!$B$19:$O$41,3,0)/'4. Billing Determinants'!$D$41*$D25))))),0)","v":0},{"$f":"IFERROR(IF(Q$4=\"\",0,IF($E25=\"kWh\",VLOOKUP(Q$4,'4. Billing Determinants'!$B$19:$O$41,4,0)/'4. Billing Determinants'!$E$41*$D25,IF($E25=\"kW\",VLOOKUP(Q$4,'4. Billing Determinants'!$B$19:$O$41,5,0)/'4. Billing Determinants'!$F$41*$D25,IF($E25=\"Non-RPP kWh\",VLOOKUP(Q$4,'4. Billing Determinants'!$B$19:$O$41,6,0)/'4. Billing Determinants'!$G$41*$D25,IF($E25=\"Distribution Rev.\",VLOOKUP(Q$4,'4. Billing Determinants'!$B$19:$O$41,8,0)/'4. Billing Determinants'!$I$41*$D25, VLOOKUP(Q$4,'4. Billing Determinants'!$B$19:$O$41,3,0)/'4. Billing Determinants'!$D$41*$D25))))),0)","v":0},{"$f":"IFERROR(IF(R$4=\"\",0,IF($E25=\"kWh\",VLOOKUP(R$4,'4. Billing Determinants'!$B$19:$O$41,4,0)/'4. Billing Determinants'!$E$41*$D25,IF($E25=\"kW\",VLOOKUP(R$4,'4. Billing Determinants'!$B$19:$O$41,5,0)/'4. Billing Determinants'!$F$41*$D25,IF($E25=\"Non-RPP kWh\",VLOOKUP(R$4,'4. Billing Determinants'!$B$19:$O$41,6,0)/'4. Billing Determinants'!$G$41*$D25,IF($E25=\"Distribution Rev.\",VLOOKUP(R$4,'4. Billing Determinants'!$B$19:$O$41,8,0)/'4. Billing Determinants'!$I$41*$D25, VLOOKUP(R$4,'4. Billing Determinants'!$B$19:$O$41,3,0)/'4. Billing Determinants'!$D$41*$D25))))),0)","v":0},{"$f":"IFERROR(IF(S$4=\"\",0,IF($E25=\"kWh\",VLOOKUP(S$4,'4. Billing Determinants'!$B$19:$O$41,4,0)/'4. Billing Determinants'!$E$41*$D25,IF($E25=\"kW\",VLOOKUP(S$4,'4. Billing Determinants'!$B$19:$O$41,5,0)/'4. Billing Determinants'!$F$41*$D25,IF($E25=\"Non-RPP kWh\",VLOOKUP(S$4,'4. Billing Determinants'!$B$19:$O$41,6,0)/'4. Billing Determinants'!$G$41*$D25,IF($E25=\"Distribution Rev.\",VLOOKUP(S$4,'4. Billing Determinants'!$B$19:$O$41,8,0)/'4. Billing Determinants'!$I$41*$D25, VLOOKUP(S$4,'4. Billing Determinants'!$B$19:$O$41,3,0)/'4. Billing Determinants'!$D$41*$D25))))),0)","v":0},{"$f":"IFERROR(IF(T$4=\"\",0,IF($E25=\"kWh\",VLOOKUP(T$4,'4. Billing Determinants'!$B$19:$O$41,4,0)/'4. Billing Determinants'!$E$41*$D25,IF($E25=\"kW\",VLOOKUP(T$4,'4. Billing Determinants'!$B$19:$O$41,5,0)/'4. Billing Determinants'!$F$41*$D25,IF($E25=\"Non-RPP kWh\",VLOOKUP(T$4,'4. Billing Determinants'!$B$19:$O$41,6,0)/'4. Billing Determinants'!$G$41*$D25,IF($E25=\"Distribution Rev.\",VLOOKUP(T$4,'4. Billing Determinants'!$B$19:$O$41,8,0)/'4. Billing Determinants'!$I$41*$D25, VLOOKUP(T$4,'4. Billing Determinants'!$B$19:$O$41,3,0)/'4. Billing Determinants'!$D$41*$D25))))),0)","v":0},{"$f":"IFERROR(IF(U$4=\"\",0,IF($E25=\"kWh\",VLOOKUP(U$4,'4. Billing Determinants'!$B$19:$O$41,4,0)/'4. Billing Determinants'!$E$41*$D25,IF($E25=\"kW\",VLOOKUP(U$4,'4. Billing Determinants'!$B$19:$O$41,5,0)/'4. Billing Determinants'!$F$41*$D25,IF($E25=\"Non-RPP kWh\",VLOOKUP(U$4,'4. Billing Determinants'!$B$19:$O$41,6,0)/'4. Billing Determinants'!$G$41*$D25,IF($E25=\"Distribution Rev.\",VLOOKUP(U$4,'4. Billing Determinants'!$B$19:$O$41,8,0)/'4. Billing Determinants'!$I$41*$D25, VLOOKUP(U$4,'4. Billing Determinants'!$B$19:$O$41,3,0)/'4. Billing Determinants'!$D$41*$D25))))),0)","v":0},{"$f":"IFERROR(IF(V$4=\"\",0,IF($E25=\"kWh\",VLOOKUP(V$4,'4. Billing Determinants'!$B$19:$O$41,4,0)/'4. Billing Determinants'!$E$41*$D25,IF($E25=\"kW\",VLOOKUP(V$4,'4. Billing Determinants'!$B$19:$O$41,5,0)/'4. Billing Determinants'!$F$41*$D25,IF($E25=\"Non-RPP kWh\",VLOOKUP(V$4,'4. Billing Determinants'!$B$19:$O$41,6,0)/'4. Billing Determinants'!$G$41*$D25,IF($E25=\"Distribution Rev.\",VLOOKUP(V$4,'4. Billing Determinants'!$B$19:$O$41,8,0)/'4. Billing Determinants'!$I$41*$D25, VLOOKUP(V$4,'4. Billing Determinants'!$B$19:$O$41,3,0)/'4. Billing Determinants'!$D$41*$D25))))),0)","v":0},{"$f":"IFERROR(IF(W$4=\"\",0,IF($E25=\"kWh\",VLOOKUP(W$4,'4. Billing Determinants'!$B$19:$O$41,4,0)/'4. Billing Determinants'!$E$41*$D25,IF($E25=\"kW\",VLOOKUP(W$4,'4. Billing Determinants'!$B$19:$O$41,5,0)/'4. Billing Determinants'!$F$41*$D25,IF($E25=\"Non-RPP kWh\",VLOOKUP(W$4,'4. Billing Determinants'!$B$19:$O$41,6,0)/'4. Billing Determinants'!$G$41*$D25,IF($E25=\"Distribution Rev.\",VLOOKUP(W$4,'4. Billing Determinants'!$B$19:$O$41,8,0)/'4. Billing Determinants'!$I$41*$D25, VLOOKUP(W$4,'4. Billing Determinants'!$B$19:$O$41,3,0)/'4. Billing Determinants'!$D$41*$D25))))),0)","v":0},{"$f":"IFERROR(IF(X$4=\"\",0,IF($E25=\"kWh\",VLOOKUP(X$4,'4. Billing Determinants'!$B$19:$O$41,4,0)/'4. Billing Determinants'!$E$41*$D25,IF($E25=\"kW\",VLOOKUP(X$4,'4. Billing Determinants'!$B$19:$O$41,5,0)/'4. Billing Determinants'!$F$41*$D25,IF($E25=\"Non-RPP kWh\",VLOOKUP(X$4,'4. Billing Determinants'!$B$19:$O$41,6,0)/'4. Billing Determinants'!$G$41*$D25,IF($E25=\"Distribution Rev.\",VLOOKUP(X$4,'4. Billing Determinants'!$B$19:$O$41,8,0)/'4. Billing Determinants'!$I$41*$D25, VLOOKUP(X$4,'4. Billing Determinants'!$B$19:$O$41,3,0)/'4. Billing Determinants'!$D$41*$D25))))),0)","v":0},{"$f":"IFERROR(IF(Y$4=\"\",0,IF($E25=\"kWh\",VLOOKUP(Y$4,'4. Billing Determinants'!$B$19:$O$41,4,0)/'4. Billing Determinants'!$E$41*$D25,IF($E25=\"kW\",VLOOKUP(Y$4,'4. Billing Determinants'!$B$19:$O$41,5,0)/'4. Billing Determinants'!$F$41*$D25,IF($E25=\"Non-RPP kWh\",VLOOKUP(Y$4,'4. Billing Determinants'!$B$19:$O$41,6,0)/'4. Billing Determinants'!$G$41*$D25,IF($E25=\"Distribution Rev.\",VLOOKUP(Y$4,'4. Billing Determinants'!$B$19:$O$41,8,0)/'4. Billing Determinants'!$I$41*$D25, VLOOKUP(Y$4,'4. Billing Determinants'!$B$19:$O$41,3,0)/'4. Billing Determinants'!$D$41*$D25))))),0)","v":0}]
[null,"Misc. Deferred Debits",1525,{"$f":"'2. 2013 Continuity Schedule'!CP49","v":0},null,{"$f":"IFERROR(IF(F$4=\"\",0,IF($E26=\"kWh\",VLOOKUP(F$4,'4. Billing Determinants'!$B$19:$O$41,4,0)/'4. Billing Determinants'!$E$41*$D26,IF($E26=\"kW\",VLOOKUP(F$4,'4. Billing Determinants'!$B$19:$O$41,5,0)/'4. Billing Determinants'!$F$41*$D26,IF($E26=\"Non-RPP kWh\",VLOOKUP(F$4,'4. Billing Determinants'!$B$19:$O$41,6,0)/'4. Billing Determinants'!$G$41*$D26,IF($E26=\"Distribution Rev.\",VLOOKUP(F$4,'4. Billing Determinants'!$B$19:$O$41,8,0)/'4. Billing Determinants'!$I$41*$D26, VLOOKUP(F$4,'4. Billing Determinants'!$B$19:$O$41,3,0)/'4. Billing Determinants'!$D$41*$D26))))),0)","v":0},{"$f":"IFERROR(IF(G$4=\"\",0,IF($E26=\"kWh\",VLOOKUP(G$4,'4. Billing Determinants'!$B$19:$O$41,4,0)/'4. Billing Determinants'!$E$41*$D26,IF($E26=\"kW\",VLOOKUP(G$4,'4. Billing Determinants'!$B$19:$O$41,5,0)/'4. Billing Determinants'!$F$41*$D26,IF($E26=\"Non-RPP kWh\",VLOOKUP(G$4,'4. Billing Determinants'!$B$19:$O$41,6,0)/'4. Billing Determinants'!$G$41*$D26,IF($E26=\"Distribution Rev.\",VLOOKUP(G$4,'4. Billing Determinants'!$B$19:$O$41,8,0)/'4. Billing Determinants'!$I$41*$D26, VLOOKUP(G$4,'4. Billing Determinants'!$B$19:$O$41,3,0)/'4. Billing Determinants'!$D$41*$D26))))),0)","v":0},{"$f":"IFERROR(IF(H$4=\"\",0,IF($E26=\"kWh\",VLOOKUP(H$4,'4. Billing Determinants'!$B$19:$O$41,4,0)/'4. Billing Determinants'!$E$41*$D26,IF($E26=\"kW\",VLOOKUP(H$4,'4. Billing Determinants'!$B$19:$O$41,5,0)/'4. Billing Determinants'!$F$41*$D26,IF($E26=\"Non-RPP kWh\",VLOOKUP(H$4,'4. Billing Determinants'!$B$19:$O$41,6,0)/'4. Billing Determinants'!$G$41*$D26,IF($E26=\"Distribution Rev.\",VLOOKUP(H$4,'4. Billing Determinants'!$B$19:$O$41,8,0)/'4. Billing Determinants'!$I$41*$D26, VLOOKUP(H$4,'4. Billing Determinants'!$B$19:$O$41,3,0)/'4. Billing Determinants'!$D$41*$D26))))),0)","v":0},{"$f":"IFERROR(IF(I$4=\"\",0,IF($E26=\"kWh\",VLOOKUP(I$4,'4. Billing Determinants'!$B$19:$O$41,4,0)/'4. Billing Determinants'!$E$41*$D26,IF($E26=\"kW\",VLOOKUP(I$4,'4. Billing Determinants'!$B$19:$O$41,5,0)/'4. Billing Determinants'!$F$41*$D26,IF($E26=\"Non-RPP kWh\",VLOOKUP(I$4,'4. Billing Determinants'!$B$19:$O$41,6,0)/'4. Billing Determinants'!$G$41*$D26,IF($E26=\"Distribution Rev.\",VLOOKUP(I$4,'4. Billing Determinants'!$B$19:$O$41,8,0)/'4. Billing Determinants'!$I$41*$D26, VLOOKUP(I$4,'4. Billing Determinants'!$B$19:$O$41,3,0)/'4. Billing Determinants'!$D$41*$D26))))),0)","v":0},{"$f":"IFERROR(IF(J$4=\"\",0,IF($E26=\"kWh\",VLOOKUP(J$4,'4. Billing Determinants'!$B$19:$O$41,4,0)/'4. Billing Determinants'!$E$41*$D26,IF($E26=\"kW\",VLOOKUP(J$4,'4. Billing Determinants'!$B$19:$O$41,5,0)/'4. Billing Determinants'!$F$41*$D26,IF($E26=\"Non-RPP kWh\",VLOOKUP(J$4,'4. Billing Determinants'!$B$19:$O$41,6,0)/'4. Billing Determinants'!$G$41*$D26,IF($E26=\"Distribution Rev.\",VLOOKUP(J$4,'4. Billing Determinants'!$B$19:$O$41,8,0)/'4. Billing Determinants'!$I$41*$D26, VLOOKUP(J$4,'4. Billing Determinants'!$B$19:$O$41,3,0)/'4. Billing Determinants'!$D$41*$D26))))),0)","v":0},{"$f":"IFERROR(IF(K$4=\"\",0,IF($E26=\"kWh\",VLOOKUP(K$4,'4. Billing Determinants'!$B$19:$O$41,4,0)/'4. Billing Determinants'!$E$41*$D26,IF($E26=\"kW\",VLOOKUP(K$4,'4. Billing Determinants'!$B$19:$O$41,5,0)/'4. Billing Determinants'!$F$41*$D26,IF($E26=\"Non-RPP kWh\",VLOOKUP(K$4,'4. Billing Determinants'!$B$19:$O$41,6,0)/'4. Billing Determinants'!$G$41*$D26,IF($E26=\"Distribution Rev.\",VLOOKUP(K$4,'4. Billing Determinants'!$B$19:$O$41,8,0)/'4. Billing Determinants'!$I$41*$D26, VLOOKUP(K$4,'4. Billing Determinants'!$B$19:$O$41,3,0)/'4. Billing Determinants'!$D$41*$D26))))),0)","v":0},{"$f":"IFERROR(IF(L$4=\"\",0,IF($E26=\"kWh\",VLOOKUP(L$4,'4. Billing Determinants'!$B$19:$O$41,4,0)/'4. Billing Determinants'!$E$41*$D26,IF($E26=\"kW\",VLOOKUP(L$4,'4. Billing Determinants'!$B$19:$O$41,5,0)/'4. Billing Determinants'!$F$41*$D26,IF($E26=\"Non-RPP kWh\",VLOOKUP(L$4,'4. Billing Determinants'!$B$19:$O$41,6,0)/'4. Billing Determinants'!$G$41*$D26,IF($E26=\"Distribution Rev.\",VLOOKUP(L$4,'4. Billing Determinants'!$B$19:$O$41,8,0)/'4. Billing Determinants'!$I$41*$D26, VLOOKUP(L$4,'4. Billing Determinants'!$B$19:$O$41,3,0)/'4. Billing Determinants'!$D$41*$D26))))),0)","v":0},{"$f":"IFERROR(IF(M$4=\"\",0,IF($E26=\"kWh\",VLOOKUP(M$4,'4. Billing Determinants'!$B$19:$O$41,4,0)/'4. Billing Determinants'!$E$41*$D26,IF($E26=\"kW\",VLOOKUP(M$4,'4. Billing Determinants'!$B$19:$O$41,5,0)/'4. Billing Determinants'!$F$41*$D26,IF($E26=\"Non-RPP kWh\",VLOOKUP(M$4,'4. Billing Determinants'!$B$19:$O$41,6,0)/'4. Billing Determinants'!$G$41*$D26,IF($E26=\"Distribution Rev.\",VLOOKUP(M$4,'4. Billing Determinants'!$B$19:$O$41,8,0)/'4. Billing Determinants'!$I$41*$D26, VLOOKUP(M$4,'4. Billing Determinants'!$B$19:$O$41,3,0)/'4. Billing Determinants'!$D$41*$D26))))),0)","v":0},{"$f":"IFERROR(IF(N$4=\"\",0,IF($E26=\"kWh\",VLOOKUP(N$4,'4. Billing Determinants'!$B$19:$O$41,4,0)/'4. Billing Determinants'!$E$41*$D26,IF($E26=\"kW\",VLOOKUP(N$4,'4. Billing Determinants'!$B$19:$O$41,5,0)/'4. Billing Determinants'!$F$41*$D26,IF($E26=\"Non-RPP kWh\",VLOOKUP(N$4,'4. Billing Determinants'!$B$19:$O$41,6,0)/'4. Billing Determinants'!$G$41*$D26,IF($E26=\"Distribution Rev.\",VLOOKUP(N$4,'4. Billing Determinants'!$B$19:$O$41,8,0)/'4. Billing Determinants'!$I$41*$D26, VLOOKUP(N$4,'4. Billing Determinants'!$B$19:$O$41,3,0)/'4. Billing Determinants'!$D$41*$D26))))),0)","v":0},{"$f":"IFERROR(IF(O$4=\"\",0,IF($E26=\"kWh\",VLOOKUP(O$4,'4. Billing Determinants'!$B$19:$O$41,4,0)/'4. Billing Determinants'!$E$41*$D26,IF($E26=\"kW\",VLOOKUP(O$4,'4. Billing Determinants'!$B$19:$O$41,5,0)/'4. Billing Determinants'!$F$41*$D26,IF($E26=\"Non-RPP kWh\",VLOOKUP(O$4,'4. Billing Determinants'!$B$19:$O$41,6,0)/'4. Billing Determinants'!$G$41*$D26,IF($E26=\"Distribution Rev.\",VLOOKUP(O$4,'4. Billing Determinants'!$B$19:$O$41,8,0)/'4. Billing Determinants'!$I$41*$D26, VLOOKUP(O$4,'4. Billing Determinants'!$B$19:$O$41,3,0)/'4. Billing Determinants'!$D$41*$D26))))),0)","v":0},{"$f":"IFERROR(IF(P$4=\"\",0,IF($E26=\"kWh\",VLOOKUP(P$4,'4. Billing Determinants'!$B$19:$O$41,4,0)/'4. Billing Determinants'!$E$41*$D26,IF($E26=\"kW\",VLOOKUP(P$4,'4. Billing Determinants'!$B$19:$O$41,5,0)/'4. Billing Determinants'!$F$41*$D26,IF($E26=\"Non-RPP kWh\",VLOOKUP(P$4,'4. Billing Determinants'!$B$19:$O$41,6,0)/'4. Billing Determinants'!$G$41*$D26,IF($E26=\"Distribution Rev.\",VLOOKUP(P$4,'4. Billing Determinants'!$B$19:$O$41,8,0)/'4. Billing Determinants'!$I$41*$D26, VLOOKUP(P$4,'4. Billing Determinants'!$B$19:$O$41,3,0)/'4. Billing Determinants'!$D$41*$D26))))),0)","v":0},{"$f":"IFERROR(IF(Q$4=\"\",0,IF($E26=\"kWh\",VLOOKUP(Q$4,'4. Billing Determinants'!$B$19:$O$41,4,0)/'4. Billing Determinants'!$E$41*$D26,IF($E26=\"kW\",VLOOKUP(Q$4,'4. Billing Determinants'!$B$19:$O$41,5,0)/'4. Billing Determinants'!$F$41*$D26,IF($E26=\"Non-RPP kWh\",VLOOKUP(Q$4,'4. Billing Determinants'!$B$19:$O$41,6,0)/'4. Billing Determinants'!$G$41*$D26,IF($E26=\"Distribution Rev.\",VLOOKUP(Q$4,'4. Billing Determinants'!$B$19:$O$41,8,0)/'4. Billing Determinants'!$I$41*$D26, VLOOKUP(Q$4,'4. Billing Determinants'!$B$19:$O$41,3,0)/'4. Billing Determinants'!$D$41*$D26))))),0)","v":0},{"$f":"IFERROR(IF(R$4=\"\",0,IF($E26=\"kWh\",VLOOKUP(R$4,'4. Billing Determinants'!$B$19:$O$41,4,0)/'4. Billing Determinants'!$E$41*$D26,IF($E26=\"kW\",VLOOKUP(R$4,'4. Billing Determinants'!$B$19:$O$41,5,0)/'4. Billing Determinants'!$F$41*$D26,IF($E26=\"Non-RPP kWh\",VLOOKUP(R$4,'4. Billing Determinants'!$B$19:$O$41,6,0)/'4. Billing Determinants'!$G$41*$D26,IF($E26=\"Distribution Rev.\",VLOOKUP(R$4,'4. Billing Determinants'!$B$19:$O$41,8,0)/'4. Billing Determinants'!$I$41*$D26, VLOOKUP(R$4,'4. Billing Determinants'!$B$19:$O$41,3,0)/'4. Billing Determinants'!$D$41*$D26))))),0)","v":0},{"$f":"IFERROR(IF(S$4=\"\",0,IF($E26=\"kWh\",VLOOKUP(S$4,'4. Billing Determinants'!$B$19:$O$41,4,0)/'4. Billing Determinants'!$E$41*$D26,IF($E26=\"kW\",VLOOKUP(S$4,'4. Billing Determinants'!$B$19:$O$41,5,0)/'4. Billing Determinants'!$F$41*$D26,IF($E26=\"Non-RPP kWh\",VLOOKUP(S$4,'4. Billing Determinants'!$B$19:$O$41,6,0)/'4. Billing Determinants'!$G$41*$D26,IF($E26=\"Distribution Rev.\",VLOOKUP(S$4,'4. Billing Determinants'!$B$19:$O$41,8,0)/'4. Billing Determinants'!$I$41*$D26, VLOOKUP(S$4,'4. Billing Determinants'!$B$19:$O$41,3,0)/'4. Billing Determinants'!$D$41*$D26))))),0)","v":0},{"$f":"IFERROR(IF(T$4=\"\",0,IF($E26=\"kWh\",VLOOKUP(T$4,'4. Billing Determinants'!$B$19:$O$41,4,0)/'4. Billing Determinants'!$E$41*$D26,IF($E26=\"kW\",VLOOKUP(T$4,'4. Billing Determinants'!$B$19:$O$41,5,0)/'4. Billing Determinants'!$F$41*$D26,IF($E26=\"Non-RPP kWh\",VLOOKUP(T$4,'4. Billing Determinants'!$B$19:$O$41,6,0)/'4. Billing Determinants'!$G$41*$D26,IF($E26=\"Distribution Rev.\",VLOOKUP(T$4,'4. Billing Determinants'!$B$19:$O$41,8,0)/'4. Billing Determinants'!$I$41*$D26, VLOOKUP(T$4,'4. Billing Determinants'!$B$19:$O$41,3,0)/'4. Billing Determinants'!$D$41*$D26))))),0)","v":0},{"$f":"IFERROR(IF(U$4=\"\",0,IF($E26=\"kWh\",VLOOKUP(U$4,'4. Billing Determinants'!$B$19:$O$41,4,0)/'4. Billing Determinants'!$E$41*$D26,IF($E26=\"kW\",VLOOKUP(U$4,'4. Billing Determinants'!$B$19:$O$41,5,0)/'4. Billing Determinants'!$F$41*$D26,IF($E26=\"Non-RPP kWh\",VLOOKUP(U$4,'4. Billing Determinants'!$B$19:$O$41,6,0)/'4. Billing Determinants'!$G$41*$D26,IF($E26=\"Distribution Rev.\",VLOOKUP(U$4,'4. Billing Determinants'!$B$19:$O$41,8,0)/'4. Billing Determinants'!$I$41*$D26, VLOOKUP(U$4,'4. Billing Determinants'!$B$19:$O$41,3,0)/'4. Billing Determinants'!$D$41*$D26))))),0)","v":0},{"$f":"IFERROR(IF(V$4=\"\",0,IF($E26=\"kWh\",VLOOKUP(V$4,'4. Billing Determinants'!$B$19:$O$41,4,0)/'4. Billing Determinants'!$E$41*$D26,IF($E26=\"kW\",VLOOKUP(V$4,'4. Billing Determinants'!$B$19:$O$41,5,0)/'4. Billing Determinants'!$F$41*$D26,IF($E26=\"Non-RPP kWh\",VLOOKUP(V$4,'4. Billing Determinants'!$B$19:$O$41,6,0)/'4. Billing Determinants'!$G$41*$D26,IF($E26=\"Distribution Rev.\",VLOOKUP(V$4,'4. Billing Determinants'!$B$19:$O$41,8,0)/'4. Billing Determinants'!$I$41*$D26, VLOOKUP(V$4,'4. Billing Determinants'!$B$19:$O$41,3,0)/'4. Billing Determinants'!$D$41*$D26))))),0)","v":0},{"$f":"IFERROR(IF(W$4=\"\",0,IF($E26=\"kWh\",VLOOKUP(W$4,'4. Billing Determinants'!$B$19:$O$41,4,0)/'4. Billing Determinants'!$E$41*$D26,IF($E26=\"kW\",VLOOKUP(W$4,'4. Billing Determinants'!$B$19:$O$41,5,0)/'4. Billing Determinants'!$F$41*$D26,IF($E26=\"Non-RPP kWh\",VLOOKUP(W$4,'4. Billing Determinants'!$B$19:$O$41,6,0)/'4. Billing Determinants'!$G$41*$D26,IF($E26=\"Distribution Rev.\",VLOOKUP(W$4,'4. Billing Determinants'!$B$19:$O$41,8,0)/'4. Billing Determinants'!$I$41*$D26, VLOOKUP(W$4,'4. Billing Determinants'!$B$19:$O$41,3,0)/'4. Billing Determinants'!$D$41*$D26))))),0)","v":0},{"$f":"IFERROR(IF(X$4=\"\",0,IF($E26=\"kWh\",VLOOKUP(X$4,'4. Billing Determinants'!$B$19:$O$41,4,0)/'4. Billing Determinants'!$E$41*$D26,IF($E26=\"kW\",VLOOKUP(X$4,'4. Billing Determinants'!$B$19:$O$41,5,0)/'4. Billing Determinants'!$F$41*$D26,IF($E26=\"Non-RPP kWh\",VLOOKUP(X$4,'4. Billing Determinants'!$B$19:$O$41,6,0)/'4. Billing Determinants'!$G$41*$D26,IF($E26=\"Distribution Rev.\",VLOOKUP(X$4,'4. Billing Determinants'!$B$19:$O$41,8,0)/'4. Billing Determinants'!$I$41*$D26, VLOOKUP(X$4,'4. Billing Determinants'!$B$19:$O$41,3,0)/'4. Billing Determinants'!$D$41*$D26))))),0)","v":0},{"$f":"IFERROR(IF(Y$4=\"\",0,IF($E26=\"kWh\",VLOOKUP(Y$4,'4. Billing Determinants'!$B$19:$O$41,4,0)/'4. Billing Determinants'!$E$41*$D26,IF($E26=\"kW\",VLOOKUP(Y$4,'4. Billing Determinants'!$B$19:$O$41,5,0)/'4. Billing Determinants'!$F$41*$D26,IF($E26=\"Non-RPP kWh\",VLOOKUP(Y$4,'4. Billing Determinants'!$B$19:$O$41,6,0)/'4. Billing Determinants'!$G$41*$D26,IF($E26=\"Distribution Rev.\",VLOOKUP(Y$4,'4. Billing Determinants'!$B$19:$O$41,8,0)/'4. Billing Determinants'!$I$41*$D26, VLOOKUP(Y$4,'4. Billing Determinants'!$B$19:$O$41,3,0)/'4. Billing Determinants'!$D$41*$D26))))),0)","v":0}]
[null,"Renewable Generation Connection Capital Deferral Account",1531,{"$f":"'2. 2013 Continuity Schedule'!CP50","v":0},null,{"$f":"IFERROR(IF(F$4=\"\",0,IF($E27=\"kWh\",VLOOKUP(F$4,'4. Billing Determinants'!$B$19:$O$41,4,0)/'4. Billing Determinants'!$E$41*$D27,IF($E27=\"kW\",VLOOKUP(F$4,'4. Billing Determinants'!$B$19:$O$41,5,0)/'4. Billing Determinants'!$F$41*$D27,IF($E27=\"Non-RPP kWh\",VLOOKUP(F$4,'4. Billing Determinants'!$B$19:$O$41,6,0)/'4. Billing Determinants'!$G$41*$D27,IF($E27=\"Distribution Rev.\",VLOOKUP(F$4,'4. Billing Determinants'!$B$19:$O$41,8,0)/'4. Billing Determinants'!$I$41*$D27, VLOOKUP(F$4,'4. Billing Determinants'!$B$19:$O$41,3,0)/'4. Billing Determinants'!$D$41*$D27))))),0)","v":0},{"$f":"IFERROR(IF(G$4=\"\",0,IF($E27=\"kWh\",VLOOKUP(G$4,'4. Billing Determinants'!$B$19:$O$41,4,0)/'4. Billing Determinants'!$E$41*$D27,IF($E27=\"kW\",VLOOKUP(G$4,'4. Billing Determinants'!$B$19:$O$41,5,0)/'4. Billing Determinants'!$F$41*$D27,IF($E27=\"Non-RPP kWh\",VLOOKUP(G$4,'4. Billing Determinants'!$B$19:$O$41,6,0)/'4. Billing Determinants'!$G$41*$D27,IF($E27=\"Distribution Rev.\",VLOOKUP(G$4,'4. Billing Determinants'!$B$19:$O$41,8,0)/'4. Billing Determinants'!$I$41*$D27, VLOOKUP(G$4,'4. Billing Determinants'!$B$19:$O$41,3,0)/'4. Billing Determinants'!$D$41*$D27))))),0)","v":0},{"$f":"IFERROR(IF(H$4=\"\",0,IF($E27=\"kWh\",VLOOKUP(H$4,'4. Billing Determinants'!$B$19:$O$41,4,0)/'4. Billing Determinants'!$E$41*$D27,IF($E27=\"kW\",VLOOKUP(H$4,'4. Billing Determinants'!$B$19:$O$41,5,0)/'4. Billing Determinants'!$F$41*$D27,IF($E27=\"Non-RPP kWh\",VLOOKUP(H$4,'4. Billing Determinants'!$B$19:$O$41,6,0)/'4. Billing Determinants'!$G$41*$D27,IF($E27=\"Distribution Rev.\",VLOOKUP(H$4,'4. Billing Determinants'!$B$19:$O$41,8,0)/'4. Billing Determinants'!$I$41*$D27, VLOOKUP(H$4,'4. Billing Determinants'!$B$19:$O$41,3,0)/'4. Billing Determinants'!$D$41*$D27))))),0)","v":0},{"$f":"IFERROR(IF(I$4=\"\",0,IF($E27=\"kWh\",VLOOKUP(I$4,'4. Billing Determinants'!$B$19:$O$41,4,0)/'4. Billing Determinants'!$E$41*$D27,IF($E27=\"kW\",VLOOKUP(I$4,'4. Billing Determinants'!$B$19:$O$41,5,0)/'4. Billing Determinants'!$F$41*$D27,IF($E27=\"Non-RPP kWh\",VLOOKUP(I$4,'4. Billing Determinants'!$B$19:$O$41,6,0)/'4. Billing Determinants'!$G$41*$D27,IF($E27=\"Distribution Rev.\",VLOOKUP(I$4,'4. Billing Determinants'!$B$19:$O$41,8,0)/'4. Billing Determinants'!$I$41*$D27, VLOOKUP(I$4,'4. Billing Determinants'!$B$19:$O$41,3,0)/'4. Billing Determinants'!$D$41*$D27))))),0)","v":0},{"$f":"IFERROR(IF(J$4=\"\",0,IF($E27=\"kWh\",VLOOKUP(J$4,'4. Billing Determinants'!$B$19:$O$41,4,0)/'4. Billing Determinants'!$E$41*$D27,IF($E27=\"kW\",VLOOKUP(J$4,'4. Billing Determinants'!$B$19:$O$41,5,0)/'4. Billing Determinants'!$F$41*$D27,IF($E27=\"Non-RPP kWh\",VLOOKUP(J$4,'4. Billing Determinants'!$B$19:$O$41,6,0)/'4. Billing Determinants'!$G$41*$D27,IF($E27=\"Distribution Rev.\",VLOOKUP(J$4,'4. Billing Determinants'!$B$19:$O$41,8,0)/'4. Billing Determinants'!$I$41*$D27, VLOOKUP(J$4,'4. Billing Determinants'!$B$19:$O$41,3,0)/'4. Billing Determinants'!$D$41*$D27))))),0)","v":0},{"$f":"IFERROR(IF(K$4=\"\",0,IF($E27=\"kWh\",VLOOKUP(K$4,'4. Billing Determinants'!$B$19:$O$41,4,0)/'4. Billing Determinants'!$E$41*$D27,IF($E27=\"kW\",VLOOKUP(K$4,'4. Billing Determinants'!$B$19:$O$41,5,0)/'4. Billing Determinants'!$F$41*$D27,IF($E27=\"Non-RPP kWh\",VLOOKUP(K$4,'4. Billing Determinants'!$B$19:$O$41,6,0)/'4. Billing Determinants'!$G$41*$D27,IF($E27=\"Distribution Rev.\",VLOOKUP(K$4,'4. Billing Determinants'!$B$19:$O$41,8,0)/'4. Billing Determinants'!$I$41*$D27, VLOOKUP(K$4,'4. Billing Determinants'!$B$19:$O$41,3,0)/'4. Billing Determinants'!$D$41*$D27))))),0)","v":0},{"$f":"IFERROR(IF(L$4=\"\",0,IF($E27=\"kWh\",VLOOKUP(L$4,'4. Billing Determinants'!$B$19:$O$41,4,0)/'4. Billing Determinants'!$E$41*$D27,IF($E27=\"kW\",VLOOKUP(L$4,'4. Billing Determinants'!$B$19:$O$41,5,0)/'4. Billing Determinants'!$F$41*$D27,IF($E27=\"Non-RPP kWh\",VLOOKUP(L$4,'4. Billing Determinants'!$B$19:$O$41,6,0)/'4. Billing Determinants'!$G$41*$D27,IF($E27=\"Distribution Rev.\",VLOOKUP(L$4,'4. Billing Determinants'!$B$19:$O$41,8,0)/'4. Billing Determinants'!$I$41*$D27, VLOOKUP(L$4,'4. Billing Determinants'!$B$19:$O$41,3,0)/'4. Billing Determinants'!$D$41*$D27))))),0)","v":0},{"$f":"IFERROR(IF(M$4=\"\",0,IF($E27=\"kWh\",VLOOKUP(M$4,'4. Billing Determinants'!$B$19:$O$41,4,0)/'4. Billing Determinants'!$E$41*$D27,IF($E27=\"kW\",VLOOKUP(M$4,'4. Billing Determinants'!$B$19:$O$41,5,0)/'4. Billing Determinants'!$F$41*$D27,IF($E27=\"Non-RPP kWh\",VLOOKUP(M$4,'4. Billing Determinants'!$B$19:$O$41,6,0)/'4. Billing Determinants'!$G$41*$D27,IF($E27=\"Distribution Rev.\",VLOOKUP(M$4,'4. Billing Determinants'!$B$19:$O$41,8,0)/'4. Billing Determinants'!$I$41*$D27, VLOOKUP(M$4,'4. Billing Determinants'!$B$19:$O$41,3,0)/'4. Billing Determinants'!$D$41*$D27))))),0)","v":0},{"$f":"IFERROR(IF(N$4=\"\",0,IF($E27=\"kWh\",VLOOKUP(N$4,'4. Billing Determinants'!$B$19:$O$41,4,0)/'4. Billing Determinants'!$E$41*$D27,IF($E27=\"kW\",VLOOKUP(N$4,'4. Billing Determinants'!$B$19:$O$41,5,0)/'4. Billing Determinants'!$F$41*$D27,IF($E27=\"Non-RPP kWh\",VLOOKUP(N$4,'4. Billing Determinants'!$B$19:$O$41,6,0)/'4. Billing Determinants'!$G$41*$D27,IF($E27=\"Distribution Rev.\",VLOOKUP(N$4,'4. Billing Determinants'!$B$19:$O$41,8,0)/'4. Billing Determinants'!$I$41*$D27, VLOOKUP(N$4,'4. Billing Determinants'!$B$19:$O$41,3,0)/'4. Billing Determinants'!$D$41*$D27))))),0)","v":0},{"$f":"IFERROR(IF(O$4=\"\",0,IF($E27=\"kWh\",VLOOKUP(O$4,'4. Billing Determinants'!$B$19:$O$41,4,0)/'4. Billing Determinants'!$E$41*$D27,IF($E27=\"kW\",VLOOKUP(O$4,'4. Billing Determinants'!$B$19:$O$41,5,0)/'4. Billing Determinants'!$F$41*$D27,IF($E27=\"Non-RPP kWh\",VLOOKUP(O$4,'4. Billing Determinants'!$B$19:$O$41,6,0)/'4. Billing Determinants'!$G$41*$D27,IF($E27=\"Distribution Rev.\",VLOOKUP(O$4,'4. Billing Determinants'!$B$19:$O$41,8,0)/'4. Billing Determinants'!$I$41*$D27, VLOOKUP(O$4,'4. Billing Determinants'!$B$19:$O$41,3,0)/'4. Billing Determinants'!$D$41*$D27))))),0)","v":0},{"$f":"IFERROR(IF(P$4=\"\",0,IF($E27=\"kWh\",VLOOKUP(P$4,'4. Billing Determinants'!$B$19:$O$41,4,0)/'4. Billing Determinants'!$E$41*$D27,IF($E27=\"kW\",VLOOKUP(P$4,'4. Billing Determinants'!$B$19:$O$41,5,0)/'4. Billing Determinants'!$F$41*$D27,IF($E27=\"Non-RPP kWh\",VLOOKUP(P$4,'4. Billing Determinants'!$B$19:$O$41,6,0)/'4. Billing Determinants'!$G$41*$D27,IF($E27=\"Distribution Rev.\",VLOOKUP(P$4,'4. Billing Determinants'!$B$19:$O$41,8,0)/'4. Billing Determinants'!$I$41*$D27, VLOOKUP(P$4,'4. Billing Determinants'!$B$19:$O$41,3,0)/'4. Billing Determinants'!$D$41*$D27))))),0)","v":0},{"$f":"IFERROR(IF(Q$4=\"\",0,IF($E27=\"kWh\",VLOOKUP(Q$4,'4. Billing Determinants'!$B$19:$O$41,4,0)/'4. Billing Determinants'!$E$41*$D27,IF($E27=\"kW\",VLOOKUP(Q$4,'4. Billing Determinants'!$B$19:$O$41,5,0)/'4. Billing Determinants'!$F$41*$D27,IF($E27=\"Non-RPP kWh\",VLOOKUP(Q$4,'4. Billing Determinants'!$B$19:$O$41,6,0)/'4. Billing Determinants'!$G$41*$D27,IF($E27=\"Distribution Rev.\",VLOOKUP(Q$4,'4. Billing Determinants'!$B$19:$O$41,8,0)/'4. Billing Determinants'!$I$41*$D27, VLOOKUP(Q$4,'4. Billing Determinants'!$B$19:$O$41,3,0)/'4. Billing Determinants'!$D$41*$D27))))),0)","v":0},{"$f":"IFERROR(IF(R$4=\"\",0,IF($E27=\"kWh\",VLOOKUP(R$4,'4. Billing Determinants'!$B$19:$O$41,4,0)/'4. Billing Determinants'!$E$41*$D27,IF($E27=\"kW\",VLOOKUP(R$4,'4. Billing Determinants'!$B$19:$O$41,5,0)/'4. Billing Determinants'!$F$41*$D27,IF($E27=\"Non-RPP kWh\",VLOOKUP(R$4,'4. Billing Determinants'!$B$19:$O$41,6,0)/'4. Billing Determinants'!$G$41*$D27,IF($E27=\"Distribution Rev.\",VLOOKUP(R$4,'4. Billing Determinants'!$B$19:$O$41,8,0)/'4. Billing Determinants'!$I$41*$D27, VLOOKUP(R$4,'4. Billing Determinants'!$B$19:$O$41,3,0)/'4. Billing Determinants'!$D$41*$D27))))),0)","v":0},{"$f":"IFERROR(IF(S$4=\"\",0,IF($E27=\"kWh\",VLOOKUP(S$4,'4. Billing Determinants'!$B$19:$O$41,4,0)/'4. Billing Determinants'!$E$41*$D27,IF($E27=\"kW\",VLOOKUP(S$4,'4. Billing Determinants'!$B$19:$O$41,5,0)/'4. Billing Determinants'!$F$41*$D27,IF($E27=\"Non-RPP kWh\",VLOOKUP(S$4,'4. Billing Determinants'!$B$19:$O$41,6,0)/'4. Billing Determinants'!$G$41*$D27,IF($E27=\"Distribution Rev.\",VLOOKUP(S$4,'4. Billing Determinants'!$B$19:$O$41,8,0)/'4. Billing Determinants'!$I$41*$D27, VLOOKUP(S$4,'4. Billing Determinants'!$B$19:$O$41,3,0)/'4. Billing Determinants'!$D$41*$D27))))),0)","v":0},{"$f":"IFERROR(IF(T$4=\"\",0,IF($E27=\"kWh\",VLOOKUP(T$4,'4. Billing Determinants'!$B$19:$O$41,4,0)/'4. Billing Determinants'!$E$41*$D27,IF($E27=\"kW\",VLOOKUP(T$4,'4. Billing Determinants'!$B$19:$O$41,5,0)/'4. Billing Determinants'!$F$41*$D27,IF($E27=\"Non-RPP kWh\",VLOOKUP(T$4,'4. Billing Determinants'!$B$19:$O$41,6,0)/'4. Billing Determinants'!$G$41*$D27,IF($E27=\"Distribution Rev.\",VLOOKUP(T$4,'4. Billing Determinants'!$B$19:$O$41,8,0)/'4. Billing Determinants'!$I$41*$D27, VLOOKUP(T$4,'4. Billing Determinants'!$B$19:$O$41,3,0)/'4. Billing Determinants'!$D$41*$D27))))),0)","v":0},{"$f":"IFERROR(IF(U$4=\"\",0,IF($E27=\"kWh\",VLOOKUP(U$4,'4. Billing Determinants'!$B$19:$O$41,4,0)/'4. Billing Determinants'!$E$41*$D27,IF($E27=\"kW\",VLOOKUP(U$4,'4. Billing Determinants'!$B$19:$O$41,5,0)/'4. Billing Determinants'!$F$41*$D27,IF($E27=\"Non-RPP kWh\",VLOOKUP(U$4,'4. Billing Determinants'!$B$19:$O$41,6,0)/'4. Billing Determinants'!$G$41*$D27,IF($E27=\"Distribution Rev.\",VLOOKUP(U$4,'4. Billing Determinants'!$B$19:$O$41,8,0)/'4. Billing Determinants'!$I$41*$D27, VLOOKUP(U$4,'4. Billing Determinants'!$B$19:$O$41,3,0)/'4. Billing Determinants'!$D$41*$D27))))),0)","v":0},{"$f":"IFERROR(IF(V$4=\"\",0,IF($E27=\"kWh\",VLOOKUP(V$4,'4. Billing Determinants'!$B$19:$O$41,4,0)/'4. Billing Determinants'!$E$41*$D27,IF($E27=\"kW\",VLOOKUP(V$4,'4. Billing Determinants'!$B$19:$O$41,5,0)/'4. Billing Determinants'!$F$41*$D27,IF($E27=\"Non-RPP kWh\",VLOOKUP(V$4,'4. Billing Determinants'!$B$19:$O$41,6,0)/'4. Billing Determinants'!$G$41*$D27,IF($E27=\"Distribution Rev.\",VLOOKUP(V$4,'4. Billing Determinants'!$B$19:$O$41,8,0)/'4. Billing Determinants'!$I$41*$D27, VLOOKUP(V$4,'4. Billing Determinants'!$B$19:$O$41,3,0)/'4. Billing Determinants'!$D$41*$D27))))),0)","v":0},{"$f":"IFERROR(IF(W$4=\"\",0,IF($E27=\"kWh\",VLOOKUP(W$4,'4. Billing Determinants'!$B$19:$O$41,4,0)/'4. Billing Determinants'!$E$41*$D27,IF($E27=\"kW\",VLOOKUP(W$4,'4. Billing Determinants'!$B$19:$O$41,5,0)/'4. Billing Determinants'!$F$41*$D27,IF($E27=\"Non-RPP kWh\",VLOOKUP(W$4,'4. Billing Determinants'!$B$19:$O$41,6,0)/'4. Billing Determinants'!$G$41*$D27,IF($E27=\"Distribution Rev.\",VLOOKUP(W$4,'4. Billing Determinants'!$B$19:$O$41,8,0)/'4. Billing Determinants'!$I$41*$D27, VLOOKUP(W$4,'4. Billing Determinants'!$B$19:$O$41,3,0)/'4. Billing Determinants'!$D$41*$D27))))),0)","v":0},{"$f":"IFERROR(IF(X$4=\"\",0,IF($E27=\"kWh\",VLOOKUP(X$4,'4. Billing Determinants'!$B$19:$O$41,4,0)/'4. Billing Determinants'!$E$41*$D27,IF($E27=\"kW\",VLOOKUP(X$4,'4. Billing Determinants'!$B$19:$O$41,5,0)/'4. Billing Determinants'!$F$41*$D27,IF($E27=\"Non-RPP kWh\",VLOOKUP(X$4,'4. Billing Determinants'!$B$19:$O$41,6,0)/'4. Billing Determinants'!$G$41*$D27,IF($E27=\"Distribution Rev.\",VLOOKUP(X$4,'4. Billing Determinants'!$B$19:$O$41,8,0)/'4. Billing Determinants'!$I$41*$D27, VLOOKUP(X$4,'4. Billing Determinants'!$B$19:$O$41,3,0)/'4. Billing Determinants'!$D$41*$D27))))),0)","v":0},{"$f":"IFERROR(IF(Y$4=\"\",0,IF($E27=\"kWh\",VLOOKUP(Y$4,'4. Billing Determinants'!$B$19:$O$41,4,0)/'4. Billing Determinants'!$E$41*$D27,IF($E27=\"kW\",VLOOKUP(Y$4,'4. Billing Determinants'!$B$19:$O$41,5,0)/'4. Billing Determinants'!$F$41*$D27,IF($E27=\"Non-RPP kWh\",VLOOKUP(Y$4,'4. Billing Determinants'!$B$19:$O$41,6,0)/'4. Billing Determinants'!$G$41*$D27,IF($E27=\"Distribution Rev.\",VLOOKUP(Y$4,'4. Billing Determinants'!$B$19:$O$41,8,0)/'4. Billing Determinants'!$I$41*$D27, VLOOKUP(Y$4,'4. Billing Determinants'!$B$19:$O$41,3,0)/'4. Billing Determinants'!$D$41*$D27))))),0)","v":0}]
[null,"Renewable Generation Connection OM&A Deferral Account",1532,{"$f":"'2. 2013 Continuity Schedule'!CP51","v":0},null,{"$f":"IFERROR(IF(F$4=\"\",0,IF($E28=\"kWh\",VLOOKUP(F$4,'4. Billing Determinants'!$B$19:$O$41,4,0)/'4. Billing Determinants'!$E$41*$D28,IF($E28=\"kW\",VLOOKUP(F$4,'4. Billing Determinants'!$B$19:$O$41,5,0)/'4. Billing Determinants'!$F$41*$D28,IF($E28=\"Non-RPP kWh\",VLOOKUP(F$4,'4. Billing Determinants'!$B$19:$O$41,6,0)/'4. Billing Determinants'!$G$41*$D28,IF($E28=\"Distribution Rev.\",VLOOKUP(F$4,'4. Billing Determinants'!$B$19:$O$41,8,0)/'4. Billing Determinants'!$I$41*$D28, VLOOKUP(F$4,'4. Billing Determinants'!$B$19:$O$41,3,0)/'4. Billing Determinants'!$D$41*$D28))))),0)","v":0},{"$f":"IFERROR(IF(G$4=\"\",0,IF($E28=\"kWh\",VLOOKUP(G$4,'4. Billing Determinants'!$B$19:$O$41,4,0)/'4. Billing Determinants'!$E$41*$D28,IF($E28=\"kW\",VLOOKUP(G$4,'4. Billing Determinants'!$B$19:$O$41,5,0)/'4. Billing Determinants'!$F$41*$D28,IF($E28=\"Non-RPP kWh\",VLOOKUP(G$4,'4. Billing Determinants'!$B$19:$O$41,6,0)/'4. Billing Determinants'!$G$41*$D28,IF($E28=\"Distribution Rev.\",VLOOKUP(G$4,'4. Billing Determinants'!$B$19:$O$41,8,0)/'4. Billing Determinants'!$I$41*$D28, VLOOKUP(G$4,'4. Billing Determinants'!$B$19:$O$41,3,0)/'4. Billing Determinants'!$D$41*$D28))))),0)","v":0},{"$f":"IFERROR(IF(H$4=\"\",0,IF($E28=\"kWh\",VLOOKUP(H$4,'4. Billing Determinants'!$B$19:$O$41,4,0)/'4. Billing Determinants'!$E$41*$D28,IF($E28=\"kW\",VLOOKUP(H$4,'4. Billing Determinants'!$B$19:$O$41,5,0)/'4. Billing Determinants'!$F$41*$D28,IF($E28=\"Non-RPP kWh\",VLOOKUP(H$4,'4. Billing Determinants'!$B$19:$O$41,6,0)/'4. Billing Determinants'!$G$41*$D28,IF($E28=\"Distribution Rev.\",VLOOKUP(H$4,'4. Billing Determinants'!$B$19:$O$41,8,0)/'4. Billing Determinants'!$I$41*$D28, VLOOKUP(H$4,'4. Billing Determinants'!$B$19:$O$41,3,0)/'4. Billing Determinants'!$D$41*$D28))))),0)","v":0},{"$f":"IFERROR(IF(I$4=\"\",0,IF($E28=\"kWh\",VLOOKUP(I$4,'4. Billing Determinants'!$B$19:$O$41,4,0)/'4. Billing Determinants'!$E$41*$D28,IF($E28=\"kW\",VLOOKUP(I$4,'4. Billing Determinants'!$B$19:$O$41,5,0)/'4. Billing Determinants'!$F$41*$D28,IF($E28=\"Non-RPP kWh\",VLOOKUP(I$4,'4. Billing Determinants'!$B$19:$O$41,6,0)/'4. Billing Determinants'!$G$41*$D28,IF($E28=\"Distribution Rev.\",VLOOKUP(I$4,'4. Billing Determinants'!$B$19:$O$41,8,0)/'4. Billing Determinants'!$I$41*$D28, VLOOKUP(I$4,'4. Billing Determinants'!$B$19:$O$41,3,0)/'4. Billing Determinants'!$D$41*$D28))))),0)","v":0},{"$f":"IFERROR(IF(J$4=\"\",0,IF($E28=\"kWh\",VLOOKUP(J$4,'4. Billing Determinants'!$B$19:$O$41,4,0)/'4. Billing Determinants'!$E$41*$D28,IF($E28=\"kW\",VLOOKUP(J$4,'4. Billing Determinants'!$B$19:$O$41,5,0)/'4. Billing Determinants'!$F$41*$D28,IF($E28=\"Non-RPP kWh\",VLOOKUP(J$4,'4. Billing Determinants'!$B$19:$O$41,6,0)/'4. Billing Determinants'!$G$41*$D28,IF($E28=\"Distribution Rev.\",VLOOKUP(J$4,'4. Billing Determinants'!$B$19:$O$41,8,0)/'4. Billing Determinants'!$I$41*$D28, VLOOKUP(J$4,'4. Billing Determinants'!$B$19:$O$41,3,0)/'4. Billing Determinants'!$D$41*$D28))))),0)","v":0},{"$f":"IFERROR(IF(K$4=\"\",0,IF($E28=\"kWh\",VLOOKUP(K$4,'4. Billing Determinants'!$B$19:$O$41,4,0)/'4. Billing Determinants'!$E$41*$D28,IF($E28=\"kW\",VLOOKUP(K$4,'4. Billing Determinants'!$B$19:$O$41,5,0)/'4. Billing Determinants'!$F$41*$D28,IF($E28=\"Non-RPP kWh\",VLOOKUP(K$4,'4. Billing Determinants'!$B$19:$O$41,6,0)/'4. Billing Determinants'!$G$41*$D28,IF($E28=\"Distribution Rev.\",VLOOKUP(K$4,'4. Billing Determinants'!$B$19:$O$41,8,0)/'4. Billing Determinants'!$I$41*$D28, VLOOKUP(K$4,'4. Billing Determinants'!$B$19:$O$41,3,0)/'4. Billing Determinants'!$D$41*$D28))))),0)","v":0},{"$f":"IFERROR(IF(L$4=\"\",0,IF($E28=\"kWh\",VLOOKUP(L$4,'4. Billing Determinants'!$B$19:$O$41,4,0)/'4. Billing Determinants'!$E$41*$D28,IF($E28=\"kW\",VLOOKUP(L$4,'4. Billing Determinants'!$B$19:$O$41,5,0)/'4. Billing Determinants'!$F$41*$D28,IF($E28=\"Non-RPP kWh\",VLOOKUP(L$4,'4. Billing Determinants'!$B$19:$O$41,6,0)/'4. Billing Determinants'!$G$41*$D28,IF($E28=\"Distribution Rev.\",VLOOKUP(L$4,'4. Billing Determinants'!$B$19:$O$41,8,0)/'4. Billing Determinants'!$I$41*$D28, VLOOKUP(L$4,'4. Billing Determinants'!$B$19:$O$41,3,0)/'4. Billing Determinants'!$D$41*$D28))))),0)","v":0},{"$f":"IFERROR(IF(M$4=\"\",0,IF($E28=\"kWh\",VLOOKUP(M$4,'4. Billing Determinants'!$B$19:$O$41,4,0)/'4. Billing Determinants'!$E$41*$D28,IF($E28=\"kW\",VLOOKUP(M$4,'4. Billing Determinants'!$B$19:$O$41,5,0)/'4. Billing Determinants'!$F$41*$D28,IF($E28=\"Non-RPP kWh\",VLOOKUP(M$4,'4. Billing Determinants'!$B$19:$O$41,6,0)/'4. Billing Determinants'!$G$41*$D28,IF($E28=\"Distribution Rev.\",VLOOKUP(M$4,'4. Billing Determinants'!$B$19:$O$41,8,0)/'4. Billing Determinants'!$I$41*$D28, VLOOKUP(M$4,'4. Billing Determinants'!$B$19:$O$41,3,0)/'4. Billing Determinants'!$D$41*$D28))))),0)","v":0},{"$f":"IFERROR(IF(N$4=\"\",0,IF($E28=\"kWh\",VLOOKUP(N$4,'4. Billing Determinants'!$B$19:$O$41,4,0)/'4. Billing Determinants'!$E$41*$D28,IF($E28=\"kW\",VLOOKUP(N$4,'4. Billing Determinants'!$B$19:$O$41,5,0)/'4. Billing Determinants'!$F$41*$D28,IF($E28=\"Non-RPP kWh\",VLOOKUP(N$4,'4. Billing Determinants'!$B$19:$O$41,6,0)/'4. Billing Determinants'!$G$41*$D28,IF($E28=\"Distribution Rev.\",VLOOKUP(N$4,'4. Billing Determinants'!$B$19:$O$41,8,0)/'4. Billing Determinants'!$I$41*$D28, VLOOKUP(N$4,'4. Billing Determinants'!$B$19:$O$41,3,0)/'4. Billing Determinants'!$D$41*$D28))))),0)","v":0},{"$f":"IFERROR(IF(O$4=\"\",0,IF($E28=\"kWh\",VLOOKUP(O$4,'4. Billing Determinants'!$B$19:$O$41,4,0)/'4. Billing Determinants'!$E$41*$D28,IF($E28=\"kW\",VLOOKUP(O$4,'4. Billing Determinants'!$B$19:$O$41,5,0)/'4. Billing Determinants'!$F$41*$D28,IF($E28=\"Non-RPP kWh\",VLOOKUP(O$4,'4. Billing Determinants'!$B$19:$O$41,6,0)/'4. Billing Determinants'!$G$41*$D28,IF($E28=\"Distribution Rev.\",VLOOKUP(O$4,'4. Billing Determinants'!$B$19:$O$41,8,0)/'4. Billing Determinants'!$I$41*$D28, VLOOKUP(O$4,'4. Billing Determinants'!$B$19:$O$41,3,0)/'4. Billing Determinants'!$D$41*$D28))))),0)","v":0},{"$f":"IFERROR(IF(P$4=\"\",0,IF($E28=\"kWh\",VLOOKUP(P$4,'4. Billing Determinants'!$B$19:$O$41,4,0)/'4. Billing Determinants'!$E$41*$D28,IF($E28=\"kW\",VLOOKUP(P$4,'4. Billing Determinants'!$B$19:$O$41,5,0)/'4. Billing Determinants'!$F$41*$D28,IF($E28=\"Non-RPP kWh\",VLOOKUP(P$4,'4. Billing Determinants'!$B$19:$O$41,6,0)/'4. Billing Determinants'!$G$41*$D28,IF($E28=\"Distribution Rev.\",VLOOKUP(P$4,'4. Billing Determinants'!$B$19:$O$41,8,0)/'4. Billing Determinants'!$I$41*$D28, VLOOKUP(P$4,'4. Billing Determinants'!$B$19:$O$41,3,0)/'4. Billing Determinants'!$D$41*$D28))))),0)","v":0},{"$f":"IFERROR(IF(Q$4=\"\",0,IF($E28=\"kWh\",VLOOKUP(Q$4,'4. Billing Determinants'!$B$19:$O$41,4,0)/'4. Billing Determinants'!$E$41*$D28,IF($E28=\"kW\",VLOOKUP(Q$4,'4. Billing Determinants'!$B$19:$O$41,5,0)/'4. Billing Determinants'!$F$41*$D28,IF($E28=\"Non-RPP kWh\",VLOOKUP(Q$4,'4. Billing Determinants'!$B$19:$O$41,6,0)/'4. Billing Determinants'!$G$41*$D28,IF($E28=\"Distribution Rev.\",VLOOKUP(Q$4,'4. Billing Determinants'!$B$19:$O$41,8,0)/'4. Billing Determinants'!$I$41*$D28, VLOOKUP(Q$4,'4. Billing Determinants'!$B$19:$O$41,3,0)/'4. Billing Determinants'!$D$41*$D28))))),0)","v":0},{"$f":"IFERROR(IF(R$4=\"\",0,IF($E28=\"kWh\",VLOOKUP(R$4,'4. Billing Determinants'!$B$19:$O$41,4,0)/'4. Billing Determinants'!$E$41*$D28,IF($E28=\"kW\",VLOOKUP(R$4,'4. Billing Determinants'!$B$19:$O$41,5,0)/'4. Billing Determinants'!$F$41*$D28,IF($E28=\"Non-RPP kWh\",VLOOKUP(R$4,'4. Billing Determinants'!$B$19:$O$41,6,0)/'4. Billing Determinants'!$G$41*$D28,IF($E28=\"Distribution Rev.\",VLOOKUP(R$4,'4. Billing Determinants'!$B$19:$O$41,8,0)/'4. Billing Determinants'!$I$41*$D28, VLOOKUP(R$4,'4. Billing Determinants'!$B$19:$O$41,3,0)/'4. Billing Determinants'!$D$41*$D28))))),0)","v":0},{"$f":"IFERROR(IF(S$4=\"\",0,IF($E28=\"kWh\",VLOOKUP(S$4,'4. Billing Determinants'!$B$19:$O$41,4,0)/'4. Billing Determinants'!$E$41*$D28,IF($E28=\"kW\",VLOOKUP(S$4,'4. Billing Determinants'!$B$19:$O$41,5,0)/'4. Billing Determinants'!$F$41*$D28,IF($E28=\"Non-RPP kWh\",VLOOKUP(S$4,'4. Billing Determinants'!$B$19:$O$41,6,0)/'4. Billing Determinants'!$G$41*$D28,IF($E28=\"Distribution Rev.\",VLOOKUP(S$4,'4. Billing Determinants'!$B$19:$O$41,8,0)/'4. Billing Determinants'!$I$41*$D28, VLOOKUP(S$4,'4. Billing Determinants'!$B$19:$O$41,3,0)/'4. Billing Determinants'!$D$41*$D28))))),0)","v":0},{"$f":"IFERROR(IF(T$4=\"\",0,IF($E28=\"kWh\",VLOOKUP(T$4,'4. Billing Determinants'!$B$19:$O$41,4,0)/'4. Billing Determinants'!$E$41*$D28,IF($E28=\"kW\",VLOOKUP(T$4,'4. Billing Determinants'!$B$19:$O$41,5,0)/'4. Billing Determinants'!$F$41*$D28,IF($E28=\"Non-RPP kWh\",VLOOKUP(T$4,'4. Billing Determinants'!$B$19:$O$41,6,0)/'4. Billing Determinants'!$G$41*$D28,IF($E28=\"Distribution Rev.\",VLOOKUP(T$4,'4. Billing Determinants'!$B$19:$O$41,8,0)/'4. Billing Determinants'!$I$41*$D28, VLOOKUP(T$4,'4. Billing Determinants'!$B$19:$O$41,3,0)/'4. Billing Determinants'!$D$41*$D28))))),0)","v":0},{"$f":"IFERROR(IF(U$4=\"\",0,IF($E28=\"kWh\",VLOOKUP(U$4,'4. Billing Determinants'!$B$19:$O$41,4,0)/'4. Billing Determinants'!$E$41*$D28,IF($E28=\"kW\",VLOOKUP(U$4,'4. Billing Determinants'!$B$19:$O$41,5,0)/'4. Billing Determinants'!$F$41*$D28,IF($E28=\"Non-RPP kWh\",VLOOKUP(U$4,'4. Billing Determinants'!$B$19:$O$41,6,0)/'4. Billing Determinants'!$G$41*$D28,IF($E28=\"Distribution Rev.\",VLOOKUP(U$4,'4. Billing Determinants'!$B$19:$O$41,8,0)/'4. Billing Determinants'!$I$41*$D28, VLOOKUP(U$4,'4. Billing Determinants'!$B$19:$O$41,3,0)/'4. Billing Determinants'!$D$41*$D28))))),0)","v":0},{"$f":"IFERROR(IF(V$4=\"\",0,IF($E28=\"kWh\",VLOOKUP(V$4,'4. Billing Determinants'!$B$19:$O$41,4,0)/'4. Billing Determinants'!$E$41*$D28,IF($E28=\"kW\",VLOOKUP(V$4,'4. Billing Determinants'!$B$19:$O$41,5,0)/'4. Billing Determinants'!$F$41*$D28,IF($E28=\"Non-RPP kWh\",VLOOKUP(V$4,'4. Billing Determinants'!$B$19:$O$41,6,0)/'4. Billing Determinants'!$G$41*$D28,IF($E28=\"Distribution Rev.\",VLOOKUP(V$4,'4. Billing Determinants'!$B$19:$O$41,8,0)/'4. Billing Determinants'!$I$41*$D28, VLOOKUP(V$4,'4. Billing Determinants'!$B$19:$O$41,3,0)/'4. Billing Determinants'!$D$41*$D28))))),0)","v":0},{"$f":"IFERROR(IF(W$4=\"\",0,IF($E28=\"kWh\",VLOOKUP(W$4,'4. Billing Determinants'!$B$19:$O$41,4,0)/'4. Billing Determinants'!$E$41*$D28,IF($E28=\"kW\",VLOOKUP(W$4,'4. Billing Determinants'!$B$19:$O$41,5,0)/'4. Billing Determinants'!$F$41*$D28,IF($E28=\"Non-RPP kWh\",VLOOKUP(W$4,'4. Billing Determinants'!$B$19:$O$41,6,0)/'4. Billing Determinants'!$G$41*$D28,IF($E28=\"Distribution Rev.\",VLOOKUP(W$4,'4. Billing Determinants'!$B$19:$O$41,8,0)/'4. Billing Determinants'!$I$41*$D28, VLOOKUP(W$4,'4. Billing Determinants'!$B$19:$O$41,3,0)/'4. Billing Determinants'!$D$41*$D28))))),0)","v":0},{"$f":"IFERROR(IF(X$4=\"\",0,IF($E28=\"kWh\",VLOOKUP(X$4,'4. Billing Determinants'!$B$19:$O$41,4,0)/'4. Billing Determinants'!$E$41*$D28,IF($E28=\"kW\",VLOOKUP(X$4,'4. Billing Determinants'!$B$19:$O$41,5,0)/'4. Billing Determinants'!$F$41*$D28,IF($E28=\"Non-RPP kWh\",VLOOKUP(X$4,'4. Billing Determinants'!$B$19:$O$41,6,0)/'4. Billing Determinants'!$G$41*$D28,IF($E28=\"Distribution Rev.\",VLOOKUP(X$4,'4. Billing Determinants'!$B$19:$O$41,8,0)/'4. Billing Determinants'!$I$41*$D28, VLOOKUP(X$4,'4. Billing Determinants'!$B$19:$O$41,3,0)/'4. Billing Determinants'!$D$41*$D28))))),0)","v":0},{"$f":"IFERROR(IF(Y$4=\"\",0,IF($E28=\"kWh\",VLOOKUP(Y$4,'4. Billing Determinants'!$B$19:$O$41,4,0)/'4. Billing Determinants'!$E$41*$D28,IF($E28=\"kW\",VLOOKUP(Y$4,'4. Billing Determinants'!$B$19:$O$41,5,0)/'4. Billing Determinants'!$F$41*$D28,IF($E28=\"Non-RPP kWh\",VLOOKUP(Y$4,'4. Billing Determinants'!$B$19:$O$41,6,0)/'4. Billing Determinants'!$G$41*$D28,IF($E28=\"Distribution Rev.\",VLOOKUP(Y$4,'4. Billing Determinants'!$B$19:$O$41,8,0)/'4. Billing Determinants'!$I$41*$D28, VLOOKUP(Y$4,'4. Billing Determinants'!$B$19:$O$41,3,0)/'4. Billing Determinants'!$D$41*$D28))))),0)","v":0}]
[null,"Renewable Generation Connection Funding Adder Deferral Account ",1533,{"$f":"'2. 2013 Continuity Schedule'!CP52","v":0},null,{"$f":"IFERROR(IF(F$4=\"\",0,IF($E29=\"kWh\",VLOOKUP(F$4,'4. Billing Determinants'!$B$19:$O$41,4,0)/'4. Billing Determinants'!$E$41*$D29,IF($E29=\"kW\",VLOOKUP(F$4,'4. Billing Determinants'!$B$19:$O$41,5,0)/'4. Billing Determinants'!$F$41*$D29,IF($E29=\"Non-RPP kWh\",VLOOKUP(F$4,'4. Billing Determinants'!$B$19:$O$41,6,0)/'4. Billing Determinants'!$G$41*$D29,IF($E29=\"Distribution Rev.\",VLOOKUP(F$4,'4. Billing Determinants'!$B$19:$O$41,8,0)/'4. Billing Determinants'!$I$41*$D29, VLOOKUP(F$4,'4. Billing Determinants'!$B$19:$O$41,3,0)/'4. Billing Determinants'!$D$41*$D29))))),0)","v":0},{"$f":"IFERROR(IF(G$4=\"\",0,IF($E29=\"kWh\",VLOOKUP(G$4,'4. Billing Determinants'!$B$19:$O$41,4,0)/'4. Billing Determinants'!$E$41*$D29,IF($E29=\"kW\",VLOOKUP(G$4,'4. Billing Determinants'!$B$19:$O$41,5,0)/'4. Billing Determinants'!$F$41*$D29,IF($E29=\"Non-RPP kWh\",VLOOKUP(G$4,'4. Billing Determinants'!$B$19:$O$41,6,0)/'4. Billing Determinants'!$G$41*$D29,IF($E29=\"Distribution Rev.\",VLOOKUP(G$4,'4. Billing Determinants'!$B$19:$O$41,8,0)/'4. Billing Determinants'!$I$41*$D29, VLOOKUP(G$4,'4. Billing Determinants'!$B$19:$O$41,3,0)/'4. Billing Determinants'!$D$41*$D29))))),0)","v":0},{"$f":"IFERROR(IF(H$4=\"\",0,IF($E29=\"kWh\",VLOOKUP(H$4,'4. Billing Determinants'!$B$19:$O$41,4,0)/'4. Billing Determinants'!$E$41*$D29,IF($E29=\"kW\",VLOOKUP(H$4,'4. Billing Determinants'!$B$19:$O$41,5,0)/'4. Billing Determinants'!$F$41*$D29,IF($E29=\"Non-RPP kWh\",VLOOKUP(H$4,'4. Billing Determinants'!$B$19:$O$41,6,0)/'4. Billing Determinants'!$G$41*$D29,IF($E29=\"Distribution Rev.\",VLOOKUP(H$4,'4. Billing Determinants'!$B$19:$O$41,8,0)/'4. Billing Determinants'!$I$41*$D29, VLOOKUP(H$4,'4. Billing Determinants'!$B$19:$O$41,3,0)/'4. Billing Determinants'!$D$41*$D29))))),0)","v":0},{"$f":"IFERROR(IF(I$4=\"\",0,IF($E29=\"kWh\",VLOOKUP(I$4,'4. Billing Determinants'!$B$19:$O$41,4,0)/'4. Billing Determinants'!$E$41*$D29,IF($E29=\"kW\",VLOOKUP(I$4,'4. Billing Determinants'!$B$19:$O$41,5,0)/'4. Billing Determinants'!$F$41*$D29,IF($E29=\"Non-RPP kWh\",VLOOKUP(I$4,'4. Billing Determinants'!$B$19:$O$41,6,0)/'4. Billing Determinants'!$G$41*$D29,IF($E29=\"Distribution Rev.\",VLOOKUP(I$4,'4. Billing Determinants'!$B$19:$O$41,8,0)/'4. Billing Determinants'!$I$41*$D29, VLOOKUP(I$4,'4. Billing Determinants'!$B$19:$O$41,3,0)/'4. Billing Determinants'!$D$41*$D29))))),0)","v":0},{"$f":"IFERROR(IF(J$4=\"\",0,IF($E29=\"kWh\",VLOOKUP(J$4,'4. Billing Determinants'!$B$19:$O$41,4,0)/'4. Billing Determinants'!$E$41*$D29,IF($E29=\"kW\",VLOOKUP(J$4,'4. Billing Determinants'!$B$19:$O$41,5,0)/'4. Billing Determinants'!$F$41*$D29,IF($E29=\"Non-RPP kWh\",VLOOKUP(J$4,'4. Billing Determinants'!$B$19:$O$41,6,0)/'4. Billing Determinants'!$G$41*$D29,IF($E29=\"Distribution Rev.\",VLOOKUP(J$4,'4. Billing Determinants'!$B$19:$O$41,8,0)/'4. Billing Determinants'!$I$41*$D29, VLOOKUP(J$4,'4. Billing Determinants'!$B$19:$O$41,3,0)/'4. Billing Determinants'!$D$41*$D29))))),0)","v":0},{"$f":"IFERROR(IF(K$4=\"\",0,IF($E29=\"kWh\",VLOOKUP(K$4,'4. Billing Determinants'!$B$19:$O$41,4,0)/'4. Billing Determinants'!$E$41*$D29,IF($E29=\"kW\",VLOOKUP(K$4,'4. Billing Determinants'!$B$19:$O$41,5,0)/'4. Billing Determinants'!$F$41*$D29,IF($E29=\"Non-RPP kWh\",VLOOKUP(K$4,'4. Billing Determinants'!$B$19:$O$41,6,0)/'4. Billing Determinants'!$G$41*$D29,IF($E29=\"Distribution Rev.\",VLOOKUP(K$4,'4. Billing Determinants'!$B$19:$O$41,8,0)/'4. Billing Determinants'!$I$41*$D29, VLOOKUP(K$4,'4. Billing Determinants'!$B$19:$O$41,3,0)/'4. Billing Determinants'!$D$41*$D29))))),0)","v":0},{"$f":"IFERROR(IF(L$4=\"\",0,IF($E29=\"kWh\",VLOOKUP(L$4,'4. Billing Determinants'!$B$19:$O$41,4,0)/'4. Billing Determinants'!$E$41*$D29,IF($E29=\"kW\",VLOOKUP(L$4,'4. Billing Determinants'!$B$19:$O$41,5,0)/'4. Billing Determinants'!$F$41*$D29,IF($E29=\"Non-RPP kWh\",VLOOKUP(L$4,'4. Billing Determinants'!$B$19:$O$41,6,0)/'4. Billing Determinants'!$G$41*$D29,IF($E29=\"Distribution Rev.\",VLOOKUP(L$4,'4. Billing Determinants'!$B$19:$O$41,8,0)/'4. Billing Determinants'!$I$41*$D29, VLOOKUP(L$4,'4. Billing Determinants'!$B$19:$O$41,3,0)/'4. Billing Determinants'!$D$41*$D29))))),0)","v":0},{"$f":"IFERROR(IF(M$4=\"\",0,IF($E29=\"kWh\",VLOOKUP(M$4,'4. Billing Determinants'!$B$19:$O$41,4,0)/'4. Billing Determinants'!$E$41*$D29,IF($E29=\"kW\",VLOOKUP(M$4,'4. Billing Determinants'!$B$19:$O$41,5,0)/'4. Billing Determinants'!$F$41*$D29,IF($E29=\"Non-RPP kWh\",VLOOKUP(M$4,'4. Billing Determinants'!$B$19:$O$41,6,0)/'4. Billing Determinants'!$G$41*$D29,IF($E29=\"Distribution Rev.\",VLOOKUP(M$4,'4. Billing Determinants'!$B$19:$O$41,8,0)/'4. Billing Determinants'!$I$41*$D29, VLOOKUP(M$4,'4. Billing Determinants'!$B$19:$O$41,3,0)/'4. Billing Determinants'!$D$41*$D29))))),0)","v":0},{"$f":"IFERROR(IF(N$4=\"\",0,IF($E29=\"kWh\",VLOOKUP(N$4,'4. Billing Determinants'!$B$19:$O$41,4,0)/'4. Billing Determinants'!$E$41*$D29,IF($E29=\"kW\",VLOOKUP(N$4,'4. Billing Determinants'!$B$19:$O$41,5,0)/'4. Billing Determinants'!$F$41*$D29,IF($E29=\"Non-RPP kWh\",VLOOKUP(N$4,'4. Billing Determinants'!$B$19:$O$41,6,0)/'4. Billing Determinants'!$G$41*$D29,IF($E29=\"Distribution Rev.\",VLOOKUP(N$4,'4. Billing Determinants'!$B$19:$O$41,8,0)/'4. Billing Determinants'!$I$41*$D29, VLOOKUP(N$4,'4. Billing Determinants'!$B$19:$O$41,3,0)/'4. Billing Determinants'!$D$41*$D29))))),0)","v":0},{"$f":"IFERROR(IF(O$4=\"\",0,IF($E29=\"kWh\",VLOOKUP(O$4,'4. Billing Determinants'!$B$19:$O$41,4,0)/'4. Billing Determinants'!$E$41*$D29,IF($E29=\"kW\",VLOOKUP(O$4,'4. Billing Determinants'!$B$19:$O$41,5,0)/'4. Billing Determinants'!$F$41*$D29,IF($E29=\"Non-RPP kWh\",VLOOKUP(O$4,'4. Billing Determinants'!$B$19:$O$41,6,0)/'4. Billing Determinants'!$G$41*$D29,IF($E29=\"Distribution Rev.\",VLOOKUP(O$4,'4. Billing Determinants'!$B$19:$O$41,8,0)/'4. Billing Determinants'!$I$41*$D29, VLOOKUP(O$4,'4. Billing Determinants'!$B$19:$O$41,3,0)/'4. Billing Determinants'!$D$41*$D29))))),0)","v":0},{"$f":"IFERROR(IF(P$4=\"\",0,IF($E29=\"kWh\",VLOOKUP(P$4,'4. Billing Determinants'!$B$19:$O$41,4,0)/'4. Billing Determinants'!$E$41*$D29,IF($E29=\"kW\",VLOOKUP(P$4,'4. Billing Determinants'!$B$19:$O$41,5,0)/'4. Billing Determinants'!$F$41*$D29,IF($E29=\"Non-RPP kWh\",VLOOKUP(P$4,'4. Billing Determinants'!$B$19:$O$41,6,0)/'4. Billing Determinants'!$G$41*$D29,IF($E29=\"Distribution Rev.\",VLOOKUP(P$4,'4. Billing Determinants'!$B$19:$O$41,8,0)/'4. Billing Determinants'!$I$41*$D29, VLOOKUP(P$4,'4. Billing Determinants'!$B$19:$O$41,3,0)/'4. Billing Determinants'!$D$41*$D29))))),0)","v":0},{"$f":"IFERROR(IF(Q$4=\"\",0,IF($E29=\"kWh\",VLOOKUP(Q$4,'4. Billing Determinants'!$B$19:$O$41,4,0)/'4. Billing Determinants'!$E$41*$D29,IF($E29=\"kW\",VLOOKUP(Q$4,'4. Billing Determinants'!$B$19:$O$41,5,0)/'4. Billing Determinants'!$F$41*$D29,IF($E29=\"Non-RPP kWh\",VLOOKUP(Q$4,'4. Billing Determinants'!$B$19:$O$41,6,0)/'4. Billing Determinants'!$G$41*$D29,IF($E29=\"Distribution Rev.\",VLOOKUP(Q$4,'4. Billing Determinants'!$B$19:$O$41,8,0)/'4. Billing Determinants'!$I$41*$D29, VLOOKUP(Q$4,'4. Billing Determinants'!$B$19:$O$41,3,0)/'4. Billing Determinants'!$D$41*$D29))))),0)","v":0},{"$f":"IFERROR(IF(R$4=\"\",0,IF($E29=\"kWh\",VLOOKUP(R$4,'4. Billing Determinants'!$B$19:$O$41,4,0)/'4. Billing Determinants'!$E$41*$D29,IF($E29=\"kW\",VLOOKUP(R$4,'4. Billing Determinants'!$B$19:$O$41,5,0)/'4. Billing Determinants'!$F$41*$D29,IF($E29=\"Non-RPP kWh\",VLOOKUP(R$4,'4. Billing Determinants'!$B$19:$O$41,6,0)/'4. Billing Determinants'!$G$41*$D29,IF($E29=\"Distribution Rev.\",VLOOKUP(R$4,'4. Billing Determinants'!$B$19:$O$41,8,0)/'4. Billing Determinants'!$I$41*$D29, VLOOKUP(R$4,'4. Billing Determinants'!$B$19:$O$41,3,0)/'4. Billing Determinants'!$D$41*$D29))))),0)","v":0},{"$f":"IFERROR(IF(S$4=\"\",0,IF($E29=\"kWh\",VLOOKUP(S$4,'4. Billing Determinants'!$B$19:$O$41,4,0)/'4. Billing Determinants'!$E$41*$D29,IF($E29=\"kW\",VLOOKUP(S$4,'4. Billing Determinants'!$B$19:$O$41,5,0)/'4. Billing Determinants'!$F$41*$D29,IF($E29=\"Non-RPP kWh\",VLOOKUP(S$4,'4. Billing Determinants'!$B$19:$O$41,6,0)/'4. Billing Determinants'!$G$41*$D29,IF($E29=\"Distribution Rev.\",VLOOKUP(S$4,'4. Billing Determinants'!$B$19:$O$41,8,0)/'4. Billing Determinants'!$I$41*$D29, VLOOKUP(S$4,'4. Billing Determinants'!$B$19:$O$41,3,0)/'4. Billing Determinants'!$D$41*$D29))))),0)","v":0},{"$f":"IFERROR(IF(T$4=\"\",0,IF($E29=\"kWh\",VLOOKUP(T$4,'4. Billing Determinants'!$B$19:$O$41,4,0)/'4. Billing Determinants'!$E$41*$D29,IF($E29=\"kW\",VLOOKUP(T$4,'4. Billing Determinants'!$B$19:$O$41,5,0)/'4. Billing Determinants'!$F$41*$D29,IF($E29=\"Non-RPP kWh\",VLOOKUP(T$4,'4. Billing Determinants'!$B$19:$O$41,6,0)/'4. Billing Determinants'!$G$41*$D29,IF($E29=\"Distribution Rev.\",VLOOKUP(T$4,'4. Billing Determinants'!$B$19:$O$41,8,0)/'4. Billing Determinants'!$I$41*$D29, VLOOKUP(T$4,'4. Billing Determinants'!$B$19:$O$41,3,0)/'4. Billing Determinants'!$D$41*$D29))))),0)","v":0},{"$f":"IFERROR(IF(U$4=\"\",0,IF($E29=\"kWh\",VLOOKUP(U$4,'4. Billing Determinants'!$B$19:$O$41,4,0)/'4. Billing Determinants'!$E$41*$D29,IF($E29=\"kW\",VLOOKUP(U$4,'4. Billing Determinants'!$B$19:$O$41,5,0)/'4. Billing Determinants'!$F$41*$D29,IF($E29=\"Non-RPP kWh\",VLOOKUP(U$4,'4. Billing Determinants'!$B$19:$O$41,6,0)/'4. Billing Determinants'!$G$41*$D29,IF($E29=\"Distribution Rev.\",VLOOKUP(U$4,'4. Billing Determinants'!$B$19:$O$41,8,0)/'4. Billing Determinants'!$I$41*$D29, VLOOKUP(U$4,'4. Billing Determinants'!$B$19:$O$41,3,0)/'4. Billing Determinants'!$D$41*$D29))))),0)","v":0},{"$f":"IFERROR(IF(V$4=\"\",0,IF($E29=\"kWh\",VLOOKUP(V$4,'4. Billing Determinants'!$B$19:$O$41,4,0)/'4. Billing Determinants'!$E$41*$D29,IF($E29=\"kW\",VLOOKUP(V$4,'4. Billing Determinants'!$B$19:$O$41,5,0)/'4. Billing Determinants'!$F$41*$D29,IF($E29=\"Non-RPP kWh\",VLOOKUP(V$4,'4. Billing Determinants'!$B$19:$O$41,6,0)/'4. Billing Determinants'!$G$41*$D29,IF($E29=\"Distribution Rev.\",VLOOKUP(V$4,'4. Billing Determinants'!$B$19:$O$41,8,0)/'4. Billing Determinants'!$I$41*$D29, VLOOKUP(V$4,'4. Billing Determinants'!$B$19:$O$41,3,0)/'4. Billing Determinants'!$D$41*$D29))))),0)","v":0},{"$f":"IFERROR(IF(W$4=\"\",0,IF($E29=\"kWh\",VLOOKUP(W$4,'4. Billing Determinants'!$B$19:$O$41,4,0)/'4. Billing Determinants'!$E$41*$D29,IF($E29=\"kW\",VLOOKUP(W$4,'4. Billing Determinants'!$B$19:$O$41,5,0)/'4. Billing Determinants'!$F$41*$D29,IF($E29=\"Non-RPP kWh\",VLOOKUP(W$4,'4. Billing Determinants'!$B$19:$O$41,6,0)/'4. Billing Determinants'!$G$41*$D29,IF($E29=\"Distribution Rev.\",VLOOKUP(W$4,'4. Billing Determinants'!$B$19:$O$41,8,0)/'4. Billing Determinants'!$I$41*$D29, VLOOKUP(W$4,'4. Billing Determinants'!$B$19:$O$41,3,0)/'4. Billing Determinants'!$D$41*$D29))))),0)","v":0},{"$f":"IFERROR(IF(X$4=\"\",0,IF($E29=\"kWh\",VLOOKUP(X$4,'4. Billing Determinants'!$B$19:$O$41,4,0)/'4. Billing Determinants'!$E$41*$D29,IF($E29=\"kW\",VLOOKUP(X$4,'4. Billing Determinants'!$B$19:$O$41,5,0)/'4. Billing Determinants'!$F$41*$D29,IF($E29=\"Non-RPP kWh\",VLOOKUP(X$4,'4. Billing Determinants'!$B$19:$O$41,6,0)/'4. Billing Determinants'!$G$41*$D29,IF($E29=\"Distribution Rev.\",VLOOKUP(X$4,'4. Billing Determinants'!$B$19:$O$41,8,0)/'4. Billing Determinants'!$I$41*$D29, VLOOKUP(X$4,'4. Billing Determinants'!$B$19:$O$41,3,0)/'4. Billing Determinants'!$D$41*$D29))))),0)","v":0},{"$f":"IFERROR(IF(Y$4=\"\",0,IF($E29=\"kWh\",VLOOKUP(Y$4,'4. Billing Determinants'!$B$19:$O$41,4,0)/'4. Billing Determinants'!$E$41*$D29,IF($E29=\"kW\",VLOOKUP(Y$4,'4. Billing Determinants'!$B$19:$O$41,5,0)/'4. Billing Determinants'!$F$41*$D29,IF($E29=\"Non-RPP kWh\",VLOOKUP(Y$4,'4. Billing Determinants'!$B$19:$O$41,6,0)/'4. Billing Determinants'!$G$41*$D29,IF($E29=\"Distribution Rev.\",VLOOKUP(Y$4,'4. Billing Determinants'!$B$19:$O$41,8,0)/'4. Billing Determinants'!$I$41*$D29, VLOOKUP(Y$4,'4. Billing Determinants'!$B$19:$O$41,3,0)/'4. Billing Determinants'!$D$41*$D29))))),0)","v":0}]
[null,"Smart Grid Capital Deferral Account",1534,{"$f":"'2. 2013 Continuity Schedule'!CP53","v":0},null,{"$f":"IFERROR(IF(F$4=\"\",0,IF($E30=\"kWh\",VLOOKUP(F$4,'4. Billing Determinants'!$B$19:$O$41,4,0)/'4. Billing Determinants'!$E$41*$D30,IF($E30=\"kW\",VLOOKUP(F$4,'4. Billing Determinants'!$B$19:$O$41,5,0)/'4. Billing Determinants'!$F$41*$D30,IF($E30=\"Non-RPP kWh\",VLOOKUP(F$4,'4. Billing Determinants'!$B$19:$O$41,6,0)/'4. Billing Determinants'!$G$41*$D30,IF($E30=\"Distribution Rev.\",VLOOKUP(F$4,'4. Billing Determinants'!$B$19:$O$41,8,0)/'4. Billing Determinants'!$I$41*$D30, VLOOKUP(F$4,'4. Billing Determinants'!$B$19:$O$41,3,0)/'4. Billing Determinants'!$D$41*$D30))))),0)","v":0},{"$f":"IFERROR(IF(G$4=\"\",0,IF($E30=\"kWh\",VLOOKUP(G$4,'4. Billing Determinants'!$B$19:$O$41,4,0)/'4. Billing Determinants'!$E$41*$D30,IF($E30=\"kW\",VLOOKUP(G$4,'4. Billing Determinants'!$B$19:$O$41,5,0)/'4. Billing Determinants'!$F$41*$D30,IF($E30=\"Non-RPP kWh\",VLOOKUP(G$4,'4. Billing Determinants'!$B$19:$O$41,6,0)/'4. Billing Determinants'!$G$41*$D30,IF($E30=\"Distribution Rev.\",VLOOKUP(G$4,'4. Billing Determinants'!$B$19:$O$41,8,0)/'4. Billing Determinants'!$I$41*$D30, VLOOKUP(G$4,'4. Billing Determinants'!$B$19:$O$41,3,0)/'4. Billing Determinants'!$D$41*$D30))))),0)","v":0},{"$f":"IFERROR(IF(H$4=\"\",0,IF($E30=\"kWh\",VLOOKUP(H$4,'4. Billing Determinants'!$B$19:$O$41,4,0)/'4. Billing Determinants'!$E$41*$D30,IF($E30=\"kW\",VLOOKUP(H$4,'4. Billing Determinants'!$B$19:$O$41,5,0)/'4. Billing Determinants'!$F$41*$D30,IF($E30=\"Non-RPP kWh\",VLOOKUP(H$4,'4. Billing Determinants'!$B$19:$O$41,6,0)/'4. Billing Determinants'!$G$41*$D30,IF($E30=\"Distribution Rev.\",VLOOKUP(H$4,'4. Billing Determinants'!$B$19:$O$41,8,0)/'4. Billing Determinants'!$I$41*$D30, VLOOKUP(H$4,'4. Billing Determinants'!$B$19:$O$41,3,0)/'4. Billing Determinants'!$D$41*$D30))))),0)","v":0},{"$f":"IFERROR(IF(I$4=\"\",0,IF($E30=\"kWh\",VLOOKUP(I$4,'4. Billing Determinants'!$B$19:$O$41,4,0)/'4. Billing Determinants'!$E$41*$D30,IF($E30=\"kW\",VLOOKUP(I$4,'4. Billing Determinants'!$B$19:$O$41,5,0)/'4. Billing Determinants'!$F$41*$D30,IF($E30=\"Non-RPP kWh\",VLOOKUP(I$4,'4. Billing Determinants'!$B$19:$O$41,6,0)/'4. Billing Determinants'!$G$41*$D30,IF($E30=\"Distribution Rev.\",VLOOKUP(I$4,'4. Billing Determinants'!$B$19:$O$41,8,0)/'4. Billing Determinants'!$I$41*$D30, VLOOKUP(I$4,'4. Billing Determinants'!$B$19:$O$41,3,0)/'4. Billing Determinants'!$D$41*$D30))))),0)","v":0},{"$f":"IFERROR(IF(J$4=\"\",0,IF($E30=\"kWh\",VLOOKUP(J$4,'4. Billing Determinants'!$B$19:$O$41,4,0)/'4. Billing Determinants'!$E$41*$D30,IF($E30=\"kW\",VLOOKUP(J$4,'4. Billing Determinants'!$B$19:$O$41,5,0)/'4. Billing Determinants'!$F$41*$D30,IF($E30=\"Non-RPP kWh\",VLOOKUP(J$4,'4. Billing Determinants'!$B$19:$O$41,6,0)/'4. Billing Determinants'!$G$41*$D30,IF($E30=\"Distribution Rev.\",VLOOKUP(J$4,'4. Billing Determinants'!$B$19:$O$41,8,0)/'4. Billing Determinants'!$I$41*$D30, VLOOKUP(J$4,'4. Billing Determinants'!$B$19:$O$41,3,0)/'4. Billing Determinants'!$D$41*$D30))))),0)","v":0},{"$f":"IFERROR(IF(K$4=\"\",0,IF($E30=\"kWh\",VLOOKUP(K$4,'4. Billing Determinants'!$B$19:$O$41,4,0)/'4. Billing Determinants'!$E$41*$D30,IF($E30=\"kW\",VLOOKUP(K$4,'4. Billing Determinants'!$B$19:$O$41,5,0)/'4. Billing Determinants'!$F$41*$D30,IF($E30=\"Non-RPP kWh\",VLOOKUP(K$4,'4. Billing Determinants'!$B$19:$O$41,6,0)/'4. Billing Determinants'!$G$41*$D30,IF($E30=\"Distribution Rev.\",VLOOKUP(K$4,'4. Billing Determinants'!$B$19:$O$41,8,0)/'4. Billing Determinants'!$I$41*$D30, VLOOKUP(K$4,'4. Billing Determinants'!$B$19:$O$41,3,0)/'4. Billing Determinants'!$D$41*$D30))))),0)","v":0},{"$f":"IFERROR(IF(L$4=\"\",0,IF($E30=\"kWh\",VLOOKUP(L$4,'4. Billing Determinants'!$B$19:$O$41,4,0)/'4. Billing Determinants'!$E$41*$D30,IF($E30=\"kW\",VLOOKUP(L$4,'4. Billing Determinants'!$B$19:$O$41,5,0)/'4. Billing Determinants'!$F$41*$D30,IF($E30=\"Non-RPP kWh\",VLOOKUP(L$4,'4. Billing Determinants'!$B$19:$O$41,6,0)/'4. Billing Determinants'!$G$41*$D30,IF($E30=\"Distribution Rev.\",VLOOKUP(L$4,'4. Billing Determinants'!$B$19:$O$41,8,0)/'4. Billing Determinants'!$I$41*$D30, VLOOKUP(L$4,'4. Billing Determinants'!$B$19:$O$41,3,0)/'4. Billing Determinants'!$D$41*$D30))))),0)","v":0},{"$f":"IFERROR(IF(M$4=\"\",0,IF($E30=\"kWh\",VLOOKUP(M$4,'4. Billing Determinants'!$B$19:$O$41,4,0)/'4. Billing Determinants'!$E$41*$D30,IF($E30=\"kW\",VLOOKUP(M$4,'4. Billing Determinants'!$B$19:$O$41,5,0)/'4. Billing Determinants'!$F$41*$D30,IF($E30=\"Non-RPP kWh\",VLOOKUP(M$4,'4. Billing Determinants'!$B$19:$O$41,6,0)/'4. Billing Determinants'!$G$41*$D30,IF($E30=\"Distribution Rev.\",VLOOKUP(M$4,'4. Billing Determinants'!$B$19:$O$41,8,0)/'4. Billing Determinants'!$I$41*$D30, VLOOKUP(M$4,'4. Billing Determinants'!$B$19:$O$41,3,0)/'4. Billing Determinants'!$D$41*$D30))))),0)","v":0},{"$f":"IFERROR(IF(N$4=\"\",0,IF($E30=\"kWh\",VLOOKUP(N$4,'4. Billing Determinants'!$B$19:$O$41,4,0)/'4. Billing Determinants'!$E$41*$D30,IF($E30=\"kW\",VLOOKUP(N$4,'4. Billing Determinants'!$B$19:$O$41,5,0)/'4. Billing Determinants'!$F$41*$D30,IF($E30=\"Non-RPP kWh\",VLOOKUP(N$4,'4. Billing Determinants'!$B$19:$O$41,6,0)/'4. Billing Determinants'!$G$41*$D30,IF($E30=\"Distribution Rev.\",VLOOKUP(N$4,'4. Billing Determinants'!$B$19:$O$41,8,0)/'4. Billing Determinants'!$I$41*$D30, VLOOKUP(N$4,'4. Billing Determinants'!$B$19:$O$41,3,0)/'4. Billing Determinants'!$D$41*$D30))))),0)","v":0},{"$f":"IFERROR(IF(O$4=\"\",0,IF($E30=\"kWh\",VLOOKUP(O$4,'4. Billing Determinants'!$B$19:$O$41,4,0)/'4. Billing Determinants'!$E$41*$D30,IF($E30=\"kW\",VLOOKUP(O$4,'4. Billing Determinants'!$B$19:$O$41,5,0)/'4. Billing Determinants'!$F$41*$D30,IF($E30=\"Non-RPP kWh\",VLOOKUP(O$4,'4. Billing Determinants'!$B$19:$O$41,6,0)/'4. Billing Determinants'!$G$41*$D30,IF($E30=\"Distribution Rev.\",VLOOKUP(O$4,'4. Billing Determinants'!$B$19:$O$41,8,0)/'4. Billing Determinants'!$I$41*$D30, VLOOKUP(O$4,'4. Billing Determinants'!$B$19:$O$41,3,0)/'4. Billing Determinants'!$D$41*$D30))))),0)","v":0},{"$f":"IFERROR(IF(P$4=\"\",0,IF($E30=\"kWh\",VLOOKUP(P$4,'4. Billing Determinants'!$B$19:$O$41,4,0)/'4. Billing Determinants'!$E$41*$D30,IF($E30=\"kW\",VLOOKUP(P$4,'4. Billing Determinants'!$B$19:$O$41,5,0)/'4. Billing Determinants'!$F$41*$D30,IF($E30=\"Non-RPP kWh\",VLOOKUP(P$4,'4. Billing Determinants'!$B$19:$O$41,6,0)/'4. Billing Determinants'!$G$41*$D30,IF($E30=\"Distribution Rev.\",VLOOKUP(P$4,'4. Billing Determinants'!$B$19:$O$41,8,0)/'4. Billing Determinants'!$I$41*$D30, VLOOKUP(P$4,'4. Billing Determinants'!$B$19:$O$41,3,0)/'4. Billing Determinants'!$D$41*$D30))))),0)","v":0},{"$f":"IFERROR(IF(Q$4=\"\",0,IF($E30=\"kWh\",VLOOKUP(Q$4,'4. Billing Determinants'!$B$19:$O$41,4,0)/'4. Billing Determinants'!$E$41*$D30,IF($E30=\"kW\",VLOOKUP(Q$4,'4. Billing Determinants'!$B$19:$O$41,5,0)/'4. Billing Determinants'!$F$41*$D30,IF($E30=\"Non-RPP kWh\",VLOOKUP(Q$4,'4. Billing Determinants'!$B$19:$O$41,6,0)/'4. Billing Determinants'!$G$41*$D30,IF($E30=\"Distribution Rev.\",VLOOKUP(Q$4,'4. Billing Determinants'!$B$19:$O$41,8,0)/'4. Billing Determinants'!$I$41*$D30, VLOOKUP(Q$4,'4. Billing Determinants'!$B$19:$O$41,3,0)/'4. Billing Determinants'!$D$41*$D30))))),0)","v":0},{"$f":"IFERROR(IF(R$4=\"\",0,IF($E30=\"kWh\",VLOOKUP(R$4,'4. Billing Determinants'!$B$19:$O$41,4,0)/'4. Billing Determinants'!$E$41*$D30,IF($E30=\"kW\",VLOOKUP(R$4,'4. Billing Determinants'!$B$19:$O$41,5,0)/'4. Billing Determinants'!$F$41*$D30,IF($E30=\"Non-RPP kWh\",VLOOKUP(R$4,'4. Billing Determinants'!$B$19:$O$41,6,0)/'4. Billing Determinants'!$G$41*$D30,IF($E30=\"Distribution Rev.\",VLOOKUP(R$4,'4. Billing Determinants'!$B$19:$O$41,8,0)/'4. Billing Determinants'!$I$41*$D30, VLOOKUP(R$4,'4. Billing Determinants'!$B$19:$O$41,3,0)/'4. Billing Determinants'!$D$41*$D30))))),0)","v":0},{"$f":"IFERROR(IF(S$4=\"\",0,IF($E30=\"kWh\",VLOOKUP(S$4,'4. Billing Determinants'!$B$19:$O$41,4,0)/'4. Billing Determinants'!$E$41*$D30,IF($E30=\"kW\",VLOOKUP(S$4,'4. Billing Determinants'!$B$19:$O$41,5,0)/'4. Billing Determinants'!$F$41*$D30,IF($E30=\"Non-RPP kWh\",VLOOKUP(S$4,'4. Billing Determinants'!$B$19:$O$41,6,0)/'4. Billing Determinants'!$G$41*$D30,IF($E30=\"Distribution Rev.\",VLOOKUP(S$4,'4. Billing Determinants'!$B$19:$O$41,8,0)/'4. Billing Determinants'!$I$41*$D30, VLOOKUP(S$4,'4. Billing Determinants'!$B$19:$O$41,3,0)/'4. Billing Determinants'!$D$41*$D30))))),0)","v":0},{"$f":"IFERROR(IF(T$4=\"\",0,IF($E30=\"kWh\",VLOOKUP(T$4,'4. Billing Determinants'!$B$19:$O$41,4,0)/'4. Billing Determinants'!$E$41*$D30,IF($E30=\"kW\",VLOOKUP(T$4,'4. Billing Determinants'!$B$19:$O$41,5,0)/'4. Billing Determinants'!$F$41*$D30,IF($E30=\"Non-RPP kWh\",VLOOKUP(T$4,'4. Billing Determinants'!$B$19:$O$41,6,0)/'4. Billing Determinants'!$G$41*$D30,IF($E30=\"Distribution Rev.\",VLOOKUP(T$4,'4. Billing Determinants'!$B$19:$O$41,8,0)/'4. Billing Determinants'!$I$41*$D30, VLOOKUP(T$4,'4. Billing Determinants'!$B$19:$O$41,3,0)/'4. Billing Determinants'!$D$41*$D30))))),0)","v":0},{"$f":"IFERROR(IF(U$4=\"\",0,IF($E30=\"kWh\",VLOOKUP(U$4,'4. Billing Determinants'!$B$19:$O$41,4,0)/'4. Billing Determinants'!$E$41*$D30,IF($E30=\"kW\",VLOOKUP(U$4,'4. Billing Determinants'!$B$19:$O$41,5,0)/'4. Billing Determinants'!$F$41*$D30,IF($E30=\"Non-RPP kWh\",VLOOKUP(U$4,'4. Billing Determinants'!$B$19:$O$41,6,0)/'4. Billing Determinants'!$G$41*$D30,IF($E30=\"Distribution Rev.\",VLOOKUP(U$4,'4. Billing Determinants'!$B$19:$O$41,8,0)/'4. Billing Determinants'!$I$41*$D30, VLOOKUP(U$4,'4. Billing Determinants'!$B$19:$O$41,3,0)/'4. Billing Determinants'!$D$41*$D30))))),0)","v":0},{"$f":"IFERROR(IF(V$4=\"\",0,IF($E30=\"kWh\",VLOOKUP(V$4,'4. Billing Determinants'!$B$19:$O$41,4,0)/'4. Billing Determinants'!$E$41*$D30,IF($E30=\"kW\",VLOOKUP(V$4,'4. Billing Determinants'!$B$19:$O$41,5,0)/'4. Billing Determinants'!$F$41*$D30,IF($E30=\"Non-RPP kWh\",VLOOKUP(V$4,'4. Billing Determinants'!$B$19:$O$41,6,0)/'4. Billing Determinants'!$G$41*$D30,IF($E30=\"Distribution Rev.\",VLOOKUP(V$4,'4. Billing Determinants'!$B$19:$O$41,8,0)/'4. Billing Determinants'!$I$41*$D30, VLOOKUP(V$4,'4. Billing Determinants'!$B$19:$O$41,3,0)/'4. Billing Determinants'!$D$41*$D30))))),0)","v":0},{"$f":"IFERROR(IF(W$4=\"\",0,IF($E30=\"kWh\",VLOOKUP(W$4,'4. Billing Determinants'!$B$19:$O$41,4,0)/'4. Billing Determinants'!$E$41*$D30,IF($E30=\"kW\",VLOOKUP(W$4,'4. Billing Determinants'!$B$19:$O$41,5,0)/'4. Billing Determinants'!$F$41*$D30,IF($E30=\"Non-RPP kWh\",VLOOKUP(W$4,'4. Billing Determinants'!$B$19:$O$41,6,0)/'4. Billing Determinants'!$G$41*$D30,IF($E30=\"Distribution Rev.\",VLOOKUP(W$4,'4. Billing Determinants'!$B$19:$O$41,8,0)/'4. Billing Determinants'!$I$41*$D30, VLOOKUP(W$4,'4. Billing Determinants'!$B$19:$O$41,3,0)/'4. Billing Determinants'!$D$41*$D30))))),0)","v":0},{"$f":"IFERROR(IF(X$4=\"\",0,IF($E30=\"kWh\",VLOOKUP(X$4,'4. Billing Determinants'!$B$19:$O$41,4,0)/'4. Billing Determinants'!$E$41*$D30,IF($E30=\"kW\",VLOOKUP(X$4,'4. Billing Determinants'!$B$19:$O$41,5,0)/'4. Billing Determinants'!$F$41*$D30,IF($E30=\"Non-RPP kWh\",VLOOKUP(X$4,'4. Billing Determinants'!$B$19:$O$41,6,0)/'4. Billing Determinants'!$G$41*$D30,IF($E30=\"Distribution Rev.\",VLOOKUP(X$4,'4. Billing Determinants'!$B$19:$O$41,8,0)/'4. Billing Determinants'!$I$41*$D30, VLOOKUP(X$4,'4. Billing Determinants'!$B$19:$O$41,3,0)/'4. Billing Determinants'!$D$41*$D30))))),0)","v":0},{"$f":"IFERROR(IF(Y$4=\"\",0,IF($E30=\"kWh\",VLOOKUP(Y$4,'4. Billing Determinants'!$B$19:$O$41,4,0)/'4. Billing Determinants'!$E$41*$D30,IF($E30=\"kW\",VLOOKUP(Y$4,'4. Billing Determinants'!$B$19:$O$41,5,0)/'4. Billing Determinants'!$F$41*$D30,IF($E30=\"Non-RPP kWh\",VLOOKUP(Y$4,'4. Billing Determinants'!$B$19:$O$41,6,0)/'4. Billing Determinants'!$G$41*$D30,IF($E30=\"Distribution Rev.\",VLOOKUP(Y$4,'4. Billing Determinants'!$B$19:$O$41,8,0)/'4. Billing Determinants'!$I$41*$D30, VLOOKUP(Y$4,'4. Billing Determinants'!$B$19:$O$41,3,0)/'4. Billing Determinants'!$D$41*$D30))))),0)","v":0}]
[null,"Smart Grid OM&A Deferral Account",1535,{"$f":"'2. 2013 Continuity Schedule'!CP54","v":0},null,{"$f":"IFERROR(IF(F$4=\"\",0,IF($E31=\"kWh\",VLOOKUP(F$4,'4. Billing Determinants'!$B$19:$O$41,4,0)/'4. Billing Determinants'!$E$41*$D31,IF($E31=\"kW\",VLOOKUP(F$4,'4. Billing Determinants'!$B$19:$O$41,5,0)/'4. Billing Determinants'!$F$41*$D31,IF($E31=\"Non-RPP kWh\",VLOOKUP(F$4,'4. Billing Determinants'!$B$19:$O$41,6,0)/'4. Billing Determinants'!$G$41*$D31,IF($E31=\"Distribution Rev.\",VLOOKUP(F$4,'4. Billing Determinants'!$B$19:$O$41,8,0)/'4. Billing Determinants'!$I$41*$D31, VLOOKUP(F$4,'4. Billing Determinants'!$B$19:$O$41,3,0)/'4. Billing Determinants'!$D$41*$D31))))),0)","v":0},{"$f":"IFERROR(IF(G$4=\"\",0,IF($E31=\"kWh\",VLOOKUP(G$4,'4. Billing Determinants'!$B$19:$O$41,4,0)/'4. Billing Determinants'!$E$41*$D31,IF($E31=\"kW\",VLOOKUP(G$4,'4. Billing Determinants'!$B$19:$O$41,5,0)/'4. Billing Determinants'!$F$41*$D31,IF($E31=\"Non-RPP kWh\",VLOOKUP(G$4,'4. Billing Determinants'!$B$19:$O$41,6,0)/'4. Billing Determinants'!$G$41*$D31,IF($E31=\"Distribution Rev.\",VLOOKUP(G$4,'4. Billing Determinants'!$B$19:$O$41,8,0)/'4. Billing Determinants'!$I$41*$D31, VLOOKUP(G$4,'4. Billing Determinants'!$B$19:$O$41,3,0)/'4. Billing Determinants'!$D$41*$D31))))),0)","v":0},{"$f":"IFERROR(IF(H$4=\"\",0,IF($E31=\"kWh\",VLOOKUP(H$4,'4. Billing Determinants'!$B$19:$O$41,4,0)/'4. Billing Determinants'!$E$41*$D31,IF($E31=\"kW\",VLOOKUP(H$4,'4. Billing Determinants'!$B$19:$O$41,5,0)/'4. Billing Determinants'!$F$41*$D31,IF($E31=\"Non-RPP kWh\",VLOOKUP(H$4,'4. Billing Determinants'!$B$19:$O$41,6,0)/'4. Billing Determinants'!$G$41*$D31,IF($E31=\"Distribution Rev.\",VLOOKUP(H$4,'4. Billing Determinants'!$B$19:$O$41,8,0)/'4. Billing Determinants'!$I$41*$D31, VLOOKUP(H$4,'4. Billing Determinants'!$B$19:$O$41,3,0)/'4. Billing Determinants'!$D$41*$D31))))),0)","v":0},{"$f":"IFERROR(IF(I$4=\"\",0,IF($E31=\"kWh\",VLOOKUP(I$4,'4. Billing Determinants'!$B$19:$O$41,4,0)/'4. Billing Determinants'!$E$41*$D31,IF($E31=\"kW\",VLOOKUP(I$4,'4. Billing Determinants'!$B$19:$O$41,5,0)/'4. Billing Determinants'!$F$41*$D31,IF($E31=\"Non-RPP kWh\",VLOOKUP(I$4,'4. Billing Determinants'!$B$19:$O$41,6,0)/'4. Billing Determinants'!$G$41*$D31,IF($E31=\"Distribution Rev.\",VLOOKUP(I$4,'4. Billing Determinants'!$B$19:$O$41,8,0)/'4. Billing Determinants'!$I$41*$D31, VLOOKUP(I$4,'4. Billing Determinants'!$B$19:$O$41,3,0)/'4. Billing Determinants'!$D$41*$D31))))),0)","v":0},{"$f":"IFERROR(IF(J$4=\"\",0,IF($E31=\"kWh\",VLOOKUP(J$4,'4. Billing Determinants'!$B$19:$O$41,4,0)/'4. Billing Determinants'!$E$41*$D31,IF($E31=\"kW\",VLOOKUP(J$4,'4. Billing Determinants'!$B$19:$O$41,5,0)/'4. Billing Determinants'!$F$41*$D31,IF($E31=\"Non-RPP kWh\",VLOOKUP(J$4,'4. Billing Determinants'!$B$19:$O$41,6,0)/'4. Billing Determinants'!$G$41*$D31,IF($E31=\"Distribution Rev.\",VLOOKUP(J$4,'4. Billing Determinants'!$B$19:$O$41,8,0)/'4. Billing Determinants'!$I$41*$D31, VLOOKUP(J$4,'4. Billing Determinants'!$B$19:$O$41,3,0)/'4. Billing Determinants'!$D$41*$D31))))),0)","v":0},{"$f":"IFERROR(IF(K$4=\"\",0,IF($E31=\"kWh\",VLOOKUP(K$4,'4. Billing Determinants'!$B$19:$O$41,4,0)/'4. Billing Determinants'!$E$41*$D31,IF($E31=\"kW\",VLOOKUP(K$4,'4. Billing Determinants'!$B$19:$O$41,5,0)/'4. Billing Determinants'!$F$41*$D31,IF($E31=\"Non-RPP kWh\",VLOOKUP(K$4,'4. Billing Determinants'!$B$19:$O$41,6,0)/'4. Billing Determinants'!$G$41*$D31,IF($E31=\"Distribution Rev.\",VLOOKUP(K$4,'4. Billing Determinants'!$B$19:$O$41,8,0)/'4. Billing Determinants'!$I$41*$D31, VLOOKUP(K$4,'4. Billing Determinants'!$B$19:$O$41,3,0)/'4. Billing Determinants'!$D$41*$D31))))),0)","v":0},{"$f":"IFERROR(IF(L$4=\"\",0,IF($E31=\"kWh\",VLOOKUP(L$4,'4. Billing Determinants'!$B$19:$O$41,4,0)/'4. Billing Determinants'!$E$41*$D31,IF($E31=\"kW\",VLOOKUP(L$4,'4. Billing Determinants'!$B$19:$O$41,5,0)/'4. Billing Determinants'!$F$41*$D31,IF($E31=\"Non-RPP kWh\",VLOOKUP(L$4,'4. Billing Determinants'!$B$19:$O$41,6,0)/'4. Billing Determinants'!$G$41*$D31,IF($E31=\"Distribution Rev.\",VLOOKUP(L$4,'4. Billing Determinants'!$B$19:$O$41,8,0)/'4. Billing Determinants'!$I$41*$D31, VLOOKUP(L$4,'4. Billing Determinants'!$B$19:$O$41,3,0)/'4. Billing Determinants'!$D$41*$D31))))),0)","v":0},{"$f":"IFERROR(IF(M$4=\"\",0,IF($E31=\"kWh\",VLOOKUP(M$4,'4. Billing Determinants'!$B$19:$O$41,4,0)/'4. Billing Determinants'!$E$41*$D31,IF($E31=\"kW\",VLOOKUP(M$4,'4. Billing Determinants'!$B$19:$O$41,5,0)/'4. Billing Determinants'!$F$41*$D31,IF($E31=\"Non-RPP kWh\",VLOOKUP(M$4,'4. Billing Determinants'!$B$19:$O$41,6,0)/'4. Billing Determinants'!$G$41*$D31,IF($E31=\"Distribution Rev.\",VLOOKUP(M$4,'4. Billing Determinants'!$B$19:$O$41,8,0)/'4. Billing Determinants'!$I$41*$D31, VLOOKUP(M$4,'4. Billing Determinants'!$B$19:$O$41,3,0)/'4. Billing Determinants'!$D$41*$D31))))),0)","v":0},{"$f":"IFERROR(IF(N$4=\"\",0,IF($E31=\"kWh\",VLOOKUP(N$4,'4. Billing Determinants'!$B$19:$O$41,4,0)/'4. Billing Determinants'!$E$41*$D31,IF($E31=\"kW\",VLOOKUP(N$4,'4. Billing Determinants'!$B$19:$O$41,5,0)/'4. Billing Determinants'!$F$41*$D31,IF($E31=\"Non-RPP kWh\",VLOOKUP(N$4,'4. Billing Determinants'!$B$19:$O$41,6,0)/'4. Billing Determinants'!$G$41*$D31,IF($E31=\"Distribution Rev.\",VLOOKUP(N$4,'4. Billing Determinants'!$B$19:$O$41,8,0)/'4. Billing Determinants'!$I$41*$D31, VLOOKUP(N$4,'4. Billing Determinants'!$B$19:$O$41,3,0)/'4. Billing Determinants'!$D$41*$D31))))),0)","v":0},{"$f":"IFERROR(IF(O$4=\"\",0,IF($E31=\"kWh\",VLOOKUP(O$4,'4. Billing Determinants'!$B$19:$O$41,4,0)/'4. Billing Determinants'!$E$41*$D31,IF($E31=\"kW\",VLOOKUP(O$4,'4. Billing Determinants'!$B$19:$O$41,5,0)/'4. Billing Determinants'!$F$41*$D31,IF($E31=\"Non-RPP kWh\",VLOOKUP(O$4,'4. Billing Determinants'!$B$19:$O$41,6,0)/'4. Billing Determinants'!$G$41*$D31,IF($E31=\"Distribution Rev.\",VLOOKUP(O$4,'4. Billing Determinants'!$B$19:$O$41,8,0)/'4. Billing Determinants'!$I$41*$D31, VLOOKUP(O$4,'4. Billing Determinants'!$B$19:$O$41,3,0)/'4. Billing Determinants'!$D$41*$D31))))),0)","v":0},{"$f":"IFERROR(IF(P$4=\"\",0,IF($E31=\"kWh\",VLOOKUP(P$4,'4. Billing Determinants'!$B$19:$O$41,4,0)/'4. Billing Determinants'!$E$41*$D31,IF($E31=\"kW\",VLOOKUP(P$4,'4. Billing Determinants'!$B$19:$O$41,5,0)/'4. Billing Determinants'!$F$41*$D31,IF($E31=\"Non-RPP kWh\",VLOOKUP(P$4,'4. Billing Determinants'!$B$19:$O$41,6,0)/'4. Billing Determinants'!$G$41*$D31,IF($E31=\"Distribution Rev.\",VLOOKUP(P$4,'4. Billing Determinants'!$B$19:$O$41,8,0)/'4. Billing Determinants'!$I$41*$D31, VLOOKUP(P$4,'4. Billing Determinants'!$B$19:$O$41,3,0)/'4. Billing Determinants'!$D$41*$D31))))),0)","v":0},{"$f":"IFERROR(IF(Q$4=\"\",0,IF($E31=\"kWh\",VLOOKUP(Q$4,'4. Billing Determinants'!$B$19:$O$41,4,0)/'4. Billing Determinants'!$E$41*$D31,IF($E31=\"kW\",VLOOKUP(Q$4,'4. Billing Determinants'!$B$19:$O$41,5,0)/'4. Billing Determinants'!$F$41*$D31,IF($E31=\"Non-RPP kWh\",VLOOKUP(Q$4,'4. Billing Determinants'!$B$19:$O$41,6,0)/'4. Billing Determinants'!$G$41*$D31,IF($E31=\"Distribution Rev.\",VLOOKUP(Q$4,'4. Billing Determinants'!$B$19:$O$41,8,0)/'4. Billing Determinants'!$I$41*$D31, VLOOKUP(Q$4,'4. Billing Determinants'!$B$19:$O$41,3,0)/'4. Billing Determinants'!$D$41*$D31))))),0)","v":0},{"$f":"IFERROR(IF(R$4=\"\",0,IF($E31=\"kWh\",VLOOKUP(R$4,'4. Billing Determinants'!$B$19:$O$41,4,0)/'4. Billing Determinants'!$E$41*$D31,IF($E31=\"kW\",VLOOKUP(R$4,'4. Billing Determinants'!$B$19:$O$41,5,0)/'4. Billing Determinants'!$F$41*$D31,IF($E31=\"Non-RPP kWh\",VLOOKUP(R$4,'4. Billing Determinants'!$B$19:$O$41,6,0)/'4. Billing Determinants'!$G$41*$D31,IF($E31=\"Distribution Rev.\",VLOOKUP(R$4,'4. Billing Determinants'!$B$19:$O$41,8,0)/'4. Billing Determinants'!$I$41*$D31, VLOOKUP(R$4,'4. Billing Determinants'!$B$19:$O$41,3,0)/'4. Billing Determinants'!$D$41*$D31))))),0)","v":0},{"$f":"IFERROR(IF(S$4=\"\",0,IF($E31=\"kWh\",VLOOKUP(S$4,'4. Billing Determinants'!$B$19:$O$41,4,0)/'4. Billing Determinants'!$E$41*$D31,IF($E31=\"kW\",VLOOKUP(S$4,'4. Billing Determinants'!$B$19:$O$41,5,0)/'4. Billing Determinants'!$F$41*$D31,IF($E31=\"Non-RPP kWh\",VLOOKUP(S$4,'4. Billing Determinants'!$B$19:$O$41,6,0)/'4. Billing Determinants'!$G$41*$D31,IF($E31=\"Distribution Rev.\",VLOOKUP(S$4,'4. Billing Determinants'!$B$19:$O$41,8,0)/'4. Billing Determinants'!$I$41*$D31, VLOOKUP(S$4,'4. Billing Determinants'!$B$19:$O$41,3,0)/'4. Billing Determinants'!$D$41*$D31))))),0)","v":0},{"$f":"IFERROR(IF(T$4=\"\",0,IF($E31=\"kWh\",VLOOKUP(T$4,'4. Billing Determinants'!$B$19:$O$41,4,0)/'4. Billing Determinants'!$E$41*$D31,IF($E31=\"kW\",VLOOKUP(T$4,'4. Billing Determinants'!$B$19:$O$41,5,0)/'4. Billing Determinants'!$F$41*$D31,IF($E31=\"Non-RPP kWh\",VLOOKUP(T$4,'4. Billing Determinants'!$B$19:$O$41,6,0)/'4. Billing Determinants'!$G$41*$D31,IF($E31=\"Distribution Rev.\",VLOOKUP(T$4,'4. Billing Determinants'!$B$19:$O$41,8,0)/'4. Billing Determinants'!$I$41*$D31, VLOOKUP(T$4,'4. Billing Determinants'!$B$19:$O$41,3,0)/'4. Billing Determinants'!$D$41*$D31))))),0)","v":0},{"$f":"IFERROR(IF(U$4=\"\",0,IF($E31=\"kWh\",VLOOKUP(U$4,'4. Billing Determinants'!$B$19:$O$41,4,0)/'4. Billing Determinants'!$E$41*$D31,IF($E31=\"kW\",VLOOKUP(U$4,'4. Billing Determinants'!$B$19:$O$41,5,0)/'4. Billing Determinants'!$F$41*$D31,IF($E31=\"Non-RPP kWh\",VLOOKUP(U$4,'4. Billing Determinants'!$B$19:$O$41,6,0)/'4. Billing Determinants'!$G$41*$D31,IF($E31=\"Distribution Rev.\",VLOOKUP(U$4,'4. Billing Determinants'!$B$19:$O$41,8,0)/'4. Billing Determinants'!$I$41*$D31, VLOOKUP(U$4,'4. Billing Determinants'!$B$19:$O$41,3,0)/'4. Billing Determinants'!$D$41*$D31))))),0)","v":0},{"$f":"IFERROR(IF(V$4=\"\",0,IF($E31=\"kWh\",VLOOKUP(V$4,'4. Billing Determinants'!$B$19:$O$41,4,0)/'4. Billing Determinants'!$E$41*$D31,IF($E31=\"kW\",VLOOKUP(V$4,'4. Billing Determinants'!$B$19:$O$41,5,0)/'4. Billing Determinants'!$F$41*$D31,IF($E31=\"Non-RPP kWh\",VLOOKUP(V$4,'4. Billing Determinants'!$B$19:$O$41,6,0)/'4. Billing Determinants'!$G$41*$D31,IF($E31=\"Distribution Rev.\",VLOOKUP(V$4,'4. Billing Determinants'!$B$19:$O$41,8,0)/'4. Billing Determinants'!$I$41*$D31, VLOOKUP(V$4,'4. Billing Determinants'!$B$19:$O$41,3,0)/'4. Billing Determinants'!$D$41*$D31))))),0)","v":0},{"$f":"IFERROR(IF(W$4=\"\",0,IF($E31=\"kWh\",VLOOKUP(W$4,'4. Billing Determinants'!$B$19:$O$41,4,0)/'4. Billing Determinants'!$E$41*$D31,IF($E31=\"kW\",VLOOKUP(W$4,'4. Billing Determinants'!$B$19:$O$41,5,0)/'4. Billing Determinants'!$F$41*$D31,IF($E31=\"Non-RPP kWh\",VLOOKUP(W$4,'4. Billing Determinants'!$B$19:$O$41,6,0)/'4. Billing Determinants'!$G$41*$D31,IF($E31=\"Distribution Rev.\",VLOOKUP(W$4,'4. Billing Determinants'!$B$19:$O$41,8,0)/'4. Billing Determinants'!$I$41*$D31, VLOOKUP(W$4,'4. Billing Determinants'!$B$19:$O$41,3,0)/'4. Billing Determinants'!$D$41*$D31))))),0)","v":0},{"$f":"IFERROR(IF(X$4=\"\",0,IF($E31=\"kWh\",VLOOKUP(X$4,'4. Billing Determinants'!$B$19:$O$41,4,0)/'4. Billing Determinants'!$E$41*$D31,IF($E31=\"kW\",VLOOKUP(X$4,'4. Billing Determinants'!$B$19:$O$41,5,0)/'4. Billing Determinants'!$F$41*$D31,IF($E31=\"Non-RPP kWh\",VLOOKUP(X$4,'4. Billing Determinants'!$B$19:$O$41,6,0)/'4. Billing Determinants'!$G$41*$D31,IF($E31=\"Distribution Rev.\",VLOOKUP(X$4,'4. Billing Determinants'!$B$19:$O$41,8,0)/'4. Billing Determinants'!$I$41*$D31, VLOOKUP(X$4,'4. Billing Determinants'!$B$19:$O$41,3,0)/'4. Billing Determinants'!$D$41*$D31))))),0)","v":0},{"$f":"IFERROR(IF(Y$4=\"\",0,IF($E31=\"kWh\",VLOOKUP(Y$4,'4. Billing Determinants'!$B$19:$O$41,4,0)/'4. Billing Determinants'!$E$41*$D31,IF($E31=\"kW\",VLOOKUP(Y$4,'4. Billing Determinants'!$B$19:$O$41,5,0)/'4. Billing Determinants'!$F$41*$D31,IF($E31=\"Non-RPP kWh\",VLOOKUP(Y$4,'4. Billing Determinants'!$B$19:$O$41,6,0)/'4. Billing Determinants'!$G$41*$D31,IF($E31=\"Distribution Rev.\",VLOOKUP(Y$4,'4. Billing Determinants'!$B$19:$O$41,8,0)/'4. Billing Determinants'!$I$41*$D31, VLOOKUP(Y$4,'4. Billing Determinants'!$B$19:$O$41,3,0)/'4. Billing Determinants'!$D$41*$D31))))),0)","v":0}]
[null,"Smart Grid Funding Adder Deferral Account",1536,{"$f":"'2. 2013 Continuity Schedule'!CP55","v":0},null,{"$f":"IFERROR(IF(F$4=\"\",0,IF($E32=\"kWh\",VLOOKUP(F$4,'4. Billing Determinants'!$B$19:$O$41,4,0)/'4. Billing Determinants'!$E$41*$D32,IF($E32=\"kW\",VLOOKUP(F$4,'4. Billing Determinants'!$B$19:$O$41,5,0)/'4. Billing Determinants'!$F$41*$D32,IF($E32=\"Non-RPP kWh\",VLOOKUP(F$4,'4. Billing Determinants'!$B$19:$O$41,6,0)/'4. Billing Determinants'!$G$41*$D32,IF($E32=\"Distribution Rev.\",VLOOKUP(F$4,'4. Billing Determinants'!$B$19:$O$41,8,0)/'4. Billing Determinants'!$I$41*$D32, VLOOKUP(F$4,'4. Billing Determinants'!$B$19:$O$41,3,0)/'4. Billing Determinants'!$D$41*$D32))))),0)","v":0},{"$f":"IFERROR(IF(G$4=\"\",0,IF($E32=\"kWh\",VLOOKUP(G$4,'4. Billing Determinants'!$B$19:$O$41,4,0)/'4. Billing Determinants'!$E$41*$D32,IF($E32=\"kW\",VLOOKUP(G$4,'4. Billing Determinants'!$B$19:$O$41,5,0)/'4. Billing Determinants'!$F$41*$D32,IF($E32=\"Non-RPP kWh\",VLOOKUP(G$4,'4. Billing Determinants'!$B$19:$O$41,6,0)/'4. Billing Determinants'!$G$41*$D32,IF($E32=\"Distribution Rev.\",VLOOKUP(G$4,'4. Billing Determinants'!$B$19:$O$41,8,0)/'4. Billing Determinants'!$I$41*$D32, VLOOKUP(G$4,'4. Billing Determinants'!$B$19:$O$41,3,0)/'4. Billing Determinants'!$D$41*$D32))))),0)","v":0},{"$f":"IFERROR(IF(H$4=\"\",0,IF($E32=\"kWh\",VLOOKUP(H$4,'4. Billing Determinants'!$B$19:$O$41,4,0)/'4. Billing Determinants'!$E$41*$D32,IF($E32=\"kW\",VLOOKUP(H$4,'4. Billing Determinants'!$B$19:$O$41,5,0)/'4. Billing Determinants'!$F$41*$D32,IF($E32=\"Non-RPP kWh\",VLOOKUP(H$4,'4. Billing Determinants'!$B$19:$O$41,6,0)/'4. Billing Determinants'!$G$41*$D32,IF($E32=\"Distribution Rev.\",VLOOKUP(H$4,'4. Billing Determinants'!$B$19:$O$41,8,0)/'4. Billing Determinants'!$I$41*$D32, VLOOKUP(H$4,'4. Billing Determinants'!$B$19:$O$41,3,0)/'4. Billing Determinants'!$D$41*$D32))))),0)","v":0},{"$f":"IFERROR(IF(I$4=\"\",0,IF($E32=\"kWh\",VLOOKUP(I$4,'4. Billing Determinants'!$B$19:$O$41,4,0)/'4. Billing Determinants'!$E$41*$D32,IF($E32=\"kW\",VLOOKUP(I$4,'4. Billing Determinants'!$B$19:$O$41,5,0)/'4. Billing Determinants'!$F$41*$D32,IF($E32=\"Non-RPP kWh\",VLOOKUP(I$4,'4. Billing Determinants'!$B$19:$O$41,6,0)/'4. Billing Determinants'!$G$41*$D32,IF($E32=\"Distribution Rev.\",VLOOKUP(I$4,'4. Billing Determinants'!$B$19:$O$41,8,0)/'4. Billing Determinants'!$I$41*$D32, VLOOKUP(I$4,'4. Billing Determinants'!$B$19:$O$41,3,0)/'4. Billing Determinants'!$D$41*$D32))))),0)","v":0},{"$f":"IFERROR(IF(J$4=\"\",0,IF($E32=\"kWh\",VLOOKUP(J$4,'4. Billing Determinants'!$B$19:$O$41,4,0)/'4. Billing Determinants'!$E$41*$D32,IF($E32=\"kW\",VLOOKUP(J$4,'4. Billing Determinants'!$B$19:$O$41,5,0)/'4. Billing Determinants'!$F$41*$D32,IF($E32=\"Non-RPP kWh\",VLOOKUP(J$4,'4. Billing Determinants'!$B$19:$O$41,6,0)/'4. Billing Determinants'!$G$41*$D32,IF($E32=\"Distribution Rev.\",VLOOKUP(J$4,'4. Billing Determinants'!$B$19:$O$41,8,0)/'4. Billing Determinants'!$I$41*$D32, VLOOKUP(J$4,'4. Billing Determinants'!$B$19:$O$41,3,0)/'4. Billing Determinants'!$D$41*$D32))))),0)","v":0},{"$f":"IFERROR(IF(K$4=\"\",0,IF($E32=\"kWh\",VLOOKUP(K$4,'4. Billing Determinants'!$B$19:$O$41,4,0)/'4. Billing Determinants'!$E$41*$D32,IF($E32=\"kW\",VLOOKUP(K$4,'4. Billing Determinants'!$B$19:$O$41,5,0)/'4. Billing Determinants'!$F$41*$D32,IF($E32=\"Non-RPP kWh\",VLOOKUP(K$4,'4. Billing Determinants'!$B$19:$O$41,6,0)/'4. Billing Determinants'!$G$41*$D32,IF($E32=\"Distribution Rev.\",VLOOKUP(K$4,'4. Billing Determinants'!$B$19:$O$41,8,0)/'4. Billing Determinants'!$I$41*$D32, VLOOKUP(K$4,'4. Billing Determinants'!$B$19:$O$41,3,0)/'4. Billing Determinants'!$D$41*$D32))))),0)","v":0},{"$f":"IFERROR(IF(L$4=\"\",0,IF($E32=\"kWh\",VLOOKUP(L$4,'4. Billing Determinants'!$B$19:$O$41,4,0)/'4. Billing Determinants'!$E$41*$D32,IF($E32=\"kW\",VLOOKUP(L$4,'4. Billing Determinants'!$B$19:$O$41,5,0)/'4. Billing Determinants'!$F$41*$D32,IF($E32=\"Non-RPP kWh\",VLOOKUP(L$4,'4. Billing Determinants'!$B$19:$O$41,6,0)/'4. Billing Determinants'!$G$41*$D32,IF($E32=\"Distribution Rev.\",VLOOKUP(L$4,'4. Billing Determinants'!$B$19:$O$41,8,0)/'4. Billing Determinants'!$I$41*$D32, VLOOKUP(L$4,'4. Billing Determinants'!$B$19:$O$41,3,0)/'4. Billing Determinants'!$D$41*$D32))))),0)","v":0},{"$f":"IFERROR(IF(M$4=\"\",0,IF($E32=\"kWh\",VLOOKUP(M$4,'4. Billing Determinants'!$B$19:$O$41,4,0)/'4. Billing Determinants'!$E$41*$D32,IF($E32=\"kW\",VLOOKUP(M$4,'4. Billing Determinants'!$B$19:$O$41,5,0)/'4. Billing Determinants'!$F$41*$D32,IF($E32=\"Non-RPP kWh\",VLOOKUP(M$4,'4. Billing Determinants'!$B$19:$O$41,6,0)/'4. Billing Determinants'!$G$41*$D32,IF($E32=\"Distribution Rev.\",VLOOKUP(M$4,'4. Billing Determinants'!$B$19:$O$41,8,0)/'4. Billing Determinants'!$I$41*$D32, VLOOKUP(M$4,'4. Billing Determinants'!$B$19:$O$41,3,0)/'4. Billing Determinants'!$D$41*$D32))))),0)","v":0},{"$f":"IFERROR(IF(N$4=\"\",0,IF($E32=\"kWh\",VLOOKUP(N$4,'4. Billing Determinants'!$B$19:$O$41,4,0)/'4. Billing Determinants'!$E$41*$D32,IF($E32=\"kW\",VLOOKUP(N$4,'4. Billing Determinants'!$B$19:$O$41,5,0)/'4. Billing Determinants'!$F$41*$D32,IF($E32=\"Non-RPP kWh\",VLOOKUP(N$4,'4. Billing Determinants'!$B$19:$O$41,6,0)/'4. Billing Determinants'!$G$41*$D32,IF($E32=\"Distribution Rev.\",VLOOKUP(N$4,'4. Billing Determinants'!$B$19:$O$41,8,0)/'4. Billing Determinants'!$I$41*$D32, VLOOKUP(N$4,'4. Billing Determinants'!$B$19:$O$41,3,0)/'4. Billing Determinants'!$D$41*$D32))))),0)","v":0},{"$f":"IFERROR(IF(O$4=\"\",0,IF($E32=\"kWh\",VLOOKUP(O$4,'4. Billing Determinants'!$B$19:$O$41,4,0)/'4. Billing Determinants'!$E$41*$D32,IF($E32=\"kW\",VLOOKUP(O$4,'4. Billing Determinants'!$B$19:$O$41,5,0)/'4. Billing Determinants'!$F$41*$D32,IF($E32=\"Non-RPP kWh\",VLOOKUP(O$4,'4. Billing Determinants'!$B$19:$O$41,6,0)/'4. Billing Determinants'!$G$41*$D32,IF($E32=\"Distribution Rev.\",VLOOKUP(O$4,'4. Billing Determinants'!$B$19:$O$41,8,0)/'4. Billing Determinants'!$I$41*$D32, VLOOKUP(O$4,'4. Billing Determinants'!$B$19:$O$41,3,0)/'4. Billing Determinants'!$D$41*$D32))))),0)","v":0},{"$f":"IFERROR(IF(P$4=\"\",0,IF($E32=\"kWh\",VLOOKUP(P$4,'4. Billing Determinants'!$B$19:$O$41,4,0)/'4. Billing Determinants'!$E$41*$D32,IF($E32=\"kW\",VLOOKUP(P$4,'4. Billing Determinants'!$B$19:$O$41,5,0)/'4. Billing Determinants'!$F$41*$D32,IF($E32=\"Non-RPP kWh\",VLOOKUP(P$4,'4. Billing Determinants'!$B$19:$O$41,6,0)/'4. Billing Determinants'!$G$41*$D32,IF($E32=\"Distribution Rev.\",VLOOKUP(P$4,'4. Billing Determinants'!$B$19:$O$41,8,0)/'4. Billing Determinants'!$I$41*$D32, VLOOKUP(P$4,'4. Billing Determinants'!$B$19:$O$41,3,0)/'4. Billing Determinants'!$D$41*$D32))))),0)","v":0},{"$f":"IFERROR(IF(Q$4=\"\",0,IF($E32=\"kWh\",VLOOKUP(Q$4,'4. Billing Determinants'!$B$19:$O$41,4,0)/'4. Billing Determinants'!$E$41*$D32,IF($E32=\"kW\",VLOOKUP(Q$4,'4. Billing Determinants'!$B$19:$O$41,5,0)/'4. Billing Determinants'!$F$41*$D32,IF($E32=\"Non-RPP kWh\",VLOOKUP(Q$4,'4. Billing Determinants'!$B$19:$O$41,6,0)/'4. Billing Determinants'!$G$41*$D32,IF($E32=\"Distribution Rev.\",VLOOKUP(Q$4,'4. Billing Determinants'!$B$19:$O$41,8,0)/'4. Billing Determinants'!$I$41*$D32, VLOOKUP(Q$4,'4. Billing Determinants'!$B$19:$O$41,3,0)/'4. Billing Determinants'!$D$41*$D32))))),0)","v":0},{"$f":"IFERROR(IF(R$4=\"\",0,IF($E32=\"kWh\",VLOOKUP(R$4,'4. Billing Determinants'!$B$19:$O$41,4,0)/'4. Billing Determinants'!$E$41*$D32,IF($E32=\"kW\",VLOOKUP(R$4,'4. Billing Determinants'!$B$19:$O$41,5,0)/'4. Billing Determinants'!$F$41*$D32,IF($E32=\"Non-RPP kWh\",VLOOKUP(R$4,'4. Billing Determinants'!$B$19:$O$41,6,0)/'4. Billing Determinants'!$G$41*$D32,IF($E32=\"Distribution Rev.\",VLOOKUP(R$4,'4. Billing Determinants'!$B$19:$O$41,8,0)/'4. Billing Determinants'!$I$41*$D32, VLOOKUP(R$4,'4. Billing Determinants'!$B$19:$O$41,3,0)/'4. Billing Determinants'!$D$41*$D32))))),0)","v":0},{"$f":"IFERROR(IF(S$4=\"\",0,IF($E32=\"kWh\",VLOOKUP(S$4,'4. Billing Determinants'!$B$19:$O$41,4,0)/'4. Billing Determinants'!$E$41*$D32,IF($E32=\"kW\",VLOOKUP(S$4,'4. Billing Determinants'!$B$19:$O$41,5,0)/'4. Billing Determinants'!$F$41*$D32,IF($E32=\"Non-RPP kWh\",VLOOKUP(S$4,'4. Billing Determinants'!$B$19:$O$41,6,0)/'4. Billing Determinants'!$G$41*$D32,IF($E32=\"Distribution Rev.\",VLOOKUP(S$4,'4. Billing Determinants'!$B$19:$O$41,8,0)/'4. Billing Determinants'!$I$41*$D32, VLOOKUP(S$4,'4. Billing Determinants'!$B$19:$O$41,3,0)/'4. Billing Determinants'!$D$41*$D32))))),0)","v":0},{"$f":"IFERROR(IF(T$4=\"\",0,IF($E32=\"kWh\",VLOOKUP(T$4,'4. Billing Determinants'!$B$19:$O$41,4,0)/'4. Billing Determinants'!$E$41*$D32,IF($E32=\"kW\",VLOOKUP(T$4,'4. Billing Determinants'!$B$19:$O$41,5,0)/'4. Billing Determinants'!$F$41*$D32,IF($E32=\"Non-RPP kWh\",VLOOKUP(T$4,'4. Billing Determinants'!$B$19:$O$41,6,0)/'4. Billing Determinants'!$G$41*$D32,IF($E32=\"Distribution Rev.\",VLOOKUP(T$4,'4. Billing Determinants'!$B$19:$O$41,8,0)/'4. Billing Determinants'!$I$41*$D32, VLOOKUP(T$4,'4. Billing Determinants'!$B$19:$O$41,3,0)/'4. Billing Determinants'!$D$41*$D32))))),0)","v":0},{"$f":"IFERROR(IF(U$4=\"\",0,IF($E32=\"kWh\",VLOOKUP(U$4,'4. Billing Determinants'!$B$19:$O$41,4,0)/'4. Billing Determinants'!$E$41*$D32,IF($E32=\"kW\",VLOOKUP(U$4,'4. Billing Determinants'!$B$19:$O$41,5,0)/'4. Billing Determinants'!$F$41*$D32,IF($E32=\"Non-RPP kWh\",VLOOKUP(U$4,'4. Billing Determinants'!$B$19:$O$41,6,0)/'4. Billing Determinants'!$G$41*$D32,IF($E32=\"Distribution Rev.\",VLOOKUP(U$4,'4. Billing Determinants'!$B$19:$O$41,8,0)/'4. Billing Determinants'!$I$41*$D32, VLOOKUP(U$4,'4. Billing Determinants'!$B$19:$O$41,3,0)/'4. Billing Determinants'!$D$41*$D32))))),0)","v":0},{"$f":"IFERROR(IF(V$4=\"\",0,IF($E32=\"kWh\",VLOOKUP(V$4,'4. Billing Determinants'!$B$19:$O$41,4,0)/'4. Billing Determinants'!$E$41*$D32,IF($E32=\"kW\",VLOOKUP(V$4,'4. Billing Determinants'!$B$19:$O$41,5,0)/'4. Billing Determinants'!$F$41*$D32,IF($E32=\"Non-RPP kWh\",VLOOKUP(V$4,'4. Billing Determinants'!$B$19:$O$41,6,0)/'4. Billing Determinants'!$G$41*$D32,IF($E32=\"Distribution Rev.\",VLOOKUP(V$4,'4. Billing Determinants'!$B$19:$O$41,8,0)/'4. Billing Determinants'!$I$41*$D32, VLOOKUP(V$4,'4. Billing Determinants'!$B$19:$O$41,3,0)/'4. Billing Determinants'!$D$41*$D32))))),0)","v":0},{"$f":"IFERROR(IF(W$4=\"\",0,IF($E32=\"kWh\",VLOOKUP(W$4,'4. Billing Determinants'!$B$19:$O$41,4,0)/'4. Billing Determinants'!$E$41*$D32,IF($E32=\"kW\",VLOOKUP(W$4,'4. Billing Determinants'!$B$19:$O$41,5,0)/'4. Billing Determinants'!$F$41*$D32,IF($E32=\"Non-RPP kWh\",VLOOKUP(W$4,'4. Billing Determinants'!$B$19:$O$41,6,0)/'4. Billing Determinants'!$G$41*$D32,IF($E32=\"Distribution Rev.\",VLOOKUP(W$4,'4. Billing Determinants'!$B$19:$O$41,8,0)/'4. Billing Determinants'!$I$41*$D32, VLOOKUP(W$4,'4. Billing Determinants'!$B$19:$O$41,3,0)/'4. Billing Determinants'!$D$41*$D32))))),0)","v":0},{"$f":"IFERROR(IF(X$4=\"\",0,IF($E32=\"kWh\",VLOOKUP(X$4,'4. Billing Determinants'!$B$19:$O$41,4,0)/'4. Billing Determinants'!$E$41*$D32,IF($E32=\"kW\",VLOOKUP(X$4,'4. Billing Determinants'!$B$19:$O$41,5,0)/'4. Billing Determinants'!$F$41*$D32,IF($E32=\"Non-RPP kWh\",VLOOKUP(X$4,'4. Billing Determinants'!$B$19:$O$41,6,0)/'4. Billing Determinants'!$G$41*$D32,IF($E32=\"Distribution Rev.\",VLOOKUP(X$4,'4. Billing Determinants'!$B$19:$O$41,8,0)/'4. Billing Determinants'!$I$41*$D32, VLOOKUP(X$4,'4. Billing Determinants'!$B$19:$O$41,3,0)/'4. Billing Determinants'!$D$41*$D32))))),0)","v":0},{"$f":"IFERROR(IF(Y$4=\"\",0,IF($E32=\"kWh\",VLOOKUP(Y$4,'4. Billing Determinants'!$B$19:$O$41,4,0)/'4. Billing Determinants'!$E$41*$D32,IF($E32=\"kW\",VLOOKUP(Y$4,'4. Billing Determinants'!$B$19:$O$41,5,0)/'4. Billing Determinants'!$F$41*$D32,IF($E32=\"Non-RPP kWh\",VLOOKUP(Y$4,'4. Billing Determinants'!$B$19:$O$41,6,0)/'4. Billing Determinants'!$G$41*$D32,IF($E32=\"Distribution Rev.\",VLOOKUP(Y$4,'4. Billing Determinants'!$B$19:$O$41,8,0)/'4. Billing Determinants'!$I$41*$D32, VLOOKUP(Y$4,'4. Billing Determinants'!$B$19:$O$41,3,0)/'4. Billing Determinants'!$D$41*$D32))))),0)","v":0}]
[null,"Retail Cost Variance Account - STR",1548,{"$f":"'2. 2013 Continuity Schedule'!CP56","v":0},null,{"$f":"IFERROR(IF(F$4=\"\",0,IF($E33=\"kWh\",VLOOKUP(F$4,'4. Billing Determinants'!$B$19:$O$41,4,0)/'4. Billing Determinants'!$E$41*$D33,IF($E33=\"kW\",VLOOKUP(F$4,'4. Billing Determinants'!$B$19:$O$41,5,0)/'4. Billing Determinants'!$F$41*$D33,IF($E33=\"Non-RPP kWh\",VLOOKUP(F$4,'4. Billing Determinants'!$B$19:$O$41,6,0)/'4. Billing Determinants'!$G$41*$D33,IF($E33=\"Distribution Rev.\",VLOOKUP(F$4,'4. Billing Determinants'!$B$19:$O$41,8,0)/'4. Billing Determinants'!$I$41*$D33, VLOOKUP(F$4,'4. Billing Determinants'!$B$19:$O$41,3,0)/'4. Billing Determinants'!$D$41*$D33))))),0)","v":0},{"$f":"IFERROR(IF(G$4=\"\",0,IF($E33=\"kWh\",VLOOKUP(G$4,'4. Billing Determinants'!$B$19:$O$41,4,0)/'4. Billing Determinants'!$E$41*$D33,IF($E33=\"kW\",VLOOKUP(G$4,'4. Billing Determinants'!$B$19:$O$41,5,0)/'4. Billing Determinants'!$F$41*$D33,IF($E33=\"Non-RPP kWh\",VLOOKUP(G$4,'4. Billing Determinants'!$B$19:$O$41,6,0)/'4. Billing Determinants'!$G$41*$D33,IF($E33=\"Distribution Rev.\",VLOOKUP(G$4,'4. Billing Determinants'!$B$19:$O$41,8,0)/'4. Billing Determinants'!$I$41*$D33, VLOOKUP(G$4,'4. Billing Determinants'!$B$19:$O$41,3,0)/'4. Billing Determinants'!$D$41*$D33))))),0)","v":0},{"$f":"IFERROR(IF(H$4=\"\",0,IF($E33=\"kWh\",VLOOKUP(H$4,'4. Billing Determinants'!$B$19:$O$41,4,0)/'4. Billing Determinants'!$E$41*$D33,IF($E33=\"kW\",VLOOKUP(H$4,'4. Billing Determinants'!$B$19:$O$41,5,0)/'4. Billing Determinants'!$F$41*$D33,IF($E33=\"Non-RPP kWh\",VLOOKUP(H$4,'4. Billing Determinants'!$B$19:$O$41,6,0)/'4. Billing Determinants'!$G$41*$D33,IF($E33=\"Distribution Rev.\",VLOOKUP(H$4,'4. Billing Determinants'!$B$19:$O$41,8,0)/'4. Billing Determinants'!$I$41*$D33, VLOOKUP(H$4,'4. Billing Determinants'!$B$19:$O$41,3,0)/'4. Billing Determinants'!$D$41*$D33))))),0)","v":0},{"$f":"IFERROR(IF(I$4=\"\",0,IF($E33=\"kWh\",VLOOKUP(I$4,'4. Billing Determinants'!$B$19:$O$41,4,0)/'4. Billing Determinants'!$E$41*$D33,IF($E33=\"kW\",VLOOKUP(I$4,'4. Billing Determinants'!$B$19:$O$41,5,0)/'4. Billing Determinants'!$F$41*$D33,IF($E33=\"Non-RPP kWh\",VLOOKUP(I$4,'4. Billing Determinants'!$B$19:$O$41,6,0)/'4. Billing Determinants'!$G$41*$D33,IF($E33=\"Distribution Rev.\",VLOOKUP(I$4,'4. Billing Determinants'!$B$19:$O$41,8,0)/'4. Billing Determinants'!$I$41*$D33, VLOOKUP(I$4,'4. Billing Determinants'!$B$19:$O$41,3,0)/'4. Billing Determinants'!$D$41*$D33))))),0)","v":0},{"$f":"IFERROR(IF(J$4=\"\",0,IF($E33=\"kWh\",VLOOKUP(J$4,'4. Billing Determinants'!$B$19:$O$41,4,0)/'4. Billing Determinants'!$E$41*$D33,IF($E33=\"kW\",VLOOKUP(J$4,'4. Billing Determinants'!$B$19:$O$41,5,0)/'4. Billing Determinants'!$F$41*$D33,IF($E33=\"Non-RPP kWh\",VLOOKUP(J$4,'4. Billing Determinants'!$B$19:$O$41,6,0)/'4. Billing Determinants'!$G$41*$D33,IF($E33=\"Distribution Rev.\",VLOOKUP(J$4,'4. Billing Determinants'!$B$19:$O$41,8,0)/'4. Billing Determinants'!$I$41*$D33, VLOOKUP(J$4,'4. Billing Determinants'!$B$19:$O$41,3,0)/'4. Billing Determinants'!$D$41*$D33))))),0)","v":0},{"$f":"IFERROR(IF(K$4=\"\",0,IF($E33=\"kWh\",VLOOKUP(K$4,'4. Billing Determinants'!$B$19:$O$41,4,0)/'4. Billing Determinants'!$E$41*$D33,IF($E33=\"kW\",VLOOKUP(K$4,'4. Billing Determinants'!$B$19:$O$41,5,0)/'4. Billing Determinants'!$F$41*$D33,IF($E33=\"Non-RPP kWh\",VLOOKUP(K$4,'4. Billing Determinants'!$B$19:$O$41,6,0)/'4. Billing Determinants'!$G$41*$D33,IF($E33=\"Distribution Rev.\",VLOOKUP(K$4,'4. Billing Determinants'!$B$19:$O$41,8,0)/'4. Billing Determinants'!$I$41*$D33, VLOOKUP(K$4,'4. Billing Determinants'!$B$19:$O$41,3,0)/'4. Billing Determinants'!$D$41*$D33))))),0)","v":0},{"$f":"IFERROR(IF(L$4=\"\",0,IF($E33=\"kWh\",VLOOKUP(L$4,'4. Billing Determinants'!$B$19:$O$41,4,0)/'4. Billing Determinants'!$E$41*$D33,IF($E33=\"kW\",VLOOKUP(L$4,'4. Billing Determinants'!$B$19:$O$41,5,0)/'4. Billing Determinants'!$F$41*$D33,IF($E33=\"Non-RPP kWh\",VLOOKUP(L$4,'4. Billing Determinants'!$B$19:$O$41,6,0)/'4. Billing Determinants'!$G$41*$D33,IF($E33=\"Distribution Rev.\",VLOOKUP(L$4,'4. Billing Determinants'!$B$19:$O$41,8,0)/'4. Billing Determinants'!$I$41*$D33, VLOOKUP(L$4,'4. Billing Determinants'!$B$19:$O$41,3,0)/'4. Billing Determinants'!$D$41*$D33))))),0)","v":0},{"$f":"IFERROR(IF(M$4=\"\",0,IF($E33=\"kWh\",VLOOKUP(M$4,'4. Billing Determinants'!$B$19:$O$41,4,0)/'4. Billing Determinants'!$E$41*$D33,IF($E33=\"kW\",VLOOKUP(M$4,'4. Billing Determinants'!$B$19:$O$41,5,0)/'4. Billing Determinants'!$F$41*$D33,IF($E33=\"Non-RPP kWh\",VLOOKUP(M$4,'4. Billing Determinants'!$B$19:$O$41,6,0)/'4. Billing Determinants'!$G$41*$D33,IF($E33=\"Distribution Rev.\",VLOOKUP(M$4,'4. Billing Determinants'!$B$19:$O$41,8,0)/'4. Billing Determinants'!$I$41*$D33, VLOOKUP(M$4,'4. Billing Determinants'!$B$19:$O$41,3,0)/'4. Billing Determinants'!$D$41*$D33))))),0)","v":0},{"$f":"IFERROR(IF(N$4=\"\",0,IF($E33=\"kWh\",VLOOKUP(N$4,'4. Billing Determinants'!$B$19:$O$41,4,0)/'4. Billing Determinants'!$E$41*$D33,IF($E33=\"kW\",VLOOKUP(N$4,'4. Billing Determinants'!$B$19:$O$41,5,0)/'4. Billing Determinants'!$F$41*$D33,IF($E33=\"Non-RPP kWh\",VLOOKUP(N$4,'4. Billing Determinants'!$B$19:$O$41,6,0)/'4. Billing Determinants'!$G$41*$D33,IF($E33=\"Distribution Rev.\",VLOOKUP(N$4,'4. Billing Determinants'!$B$19:$O$41,8,0)/'4. Billing Determinants'!$I$41*$D33, VLOOKUP(N$4,'4. Billing Determinants'!$B$19:$O$41,3,0)/'4. Billing Determinants'!$D$41*$D33))))),0)","v":0},{"$f":"IFERROR(IF(O$4=\"\",0,IF($E33=\"kWh\",VLOOKUP(O$4,'4. Billing Determinants'!$B$19:$O$41,4,0)/'4. Billing Determinants'!$E$41*$D33,IF($E33=\"kW\",VLOOKUP(O$4,'4. Billing Determinants'!$B$19:$O$41,5,0)/'4. Billing Determinants'!$F$41*$D33,IF($E33=\"Non-RPP kWh\",VLOOKUP(O$4,'4. Billing Determinants'!$B$19:$O$41,6,0)/'4. Billing Determinants'!$G$41*$D33,IF($E33=\"Distribution Rev.\",VLOOKUP(O$4,'4. Billing Determinants'!$B$19:$O$41,8,0)/'4. Billing Determinants'!$I$41*$D33, VLOOKUP(O$4,'4. Billing Determinants'!$B$19:$O$41,3,0)/'4. Billing Determinants'!$D$41*$D33))))),0)","v":0},{"$f":"IFERROR(IF(P$4=\"\",0,IF($E33=\"kWh\",VLOOKUP(P$4,'4. Billing Determinants'!$B$19:$O$41,4,0)/'4. Billing Determinants'!$E$41*$D33,IF($E33=\"kW\",VLOOKUP(P$4,'4. Billing Determinants'!$B$19:$O$41,5,0)/'4. Billing Determinants'!$F$41*$D33,IF($E33=\"Non-RPP kWh\",VLOOKUP(P$4,'4. Billing Determinants'!$B$19:$O$41,6,0)/'4. Billing Determinants'!$G$41*$D33,IF($E33=\"Distribution Rev.\",VLOOKUP(P$4,'4. Billing Determinants'!$B$19:$O$41,8,0)/'4. Billing Determinants'!$I$41*$D33, VLOOKUP(P$4,'4. Billing Determinants'!$B$19:$O$41,3,0)/'4. Billing Determinants'!$D$41*$D33))))),0)","v":0},{"$f":"IFERROR(IF(Q$4=\"\",0,IF($E33=\"kWh\",VLOOKUP(Q$4,'4. Billing Determinants'!$B$19:$O$41,4,0)/'4. Billing Determinants'!$E$41*$D33,IF($E33=\"kW\",VLOOKUP(Q$4,'4. Billing Determinants'!$B$19:$O$41,5,0)/'4. Billing Determinants'!$F$41*$D33,IF($E33=\"Non-RPP kWh\",VLOOKUP(Q$4,'4. Billing Determinants'!$B$19:$O$41,6,0)/'4. Billing Determinants'!$G$41*$D33,IF($E33=\"Distribution Rev.\",VLOOKUP(Q$4,'4. Billing Determinants'!$B$19:$O$41,8,0)/'4. Billing Determinants'!$I$41*$D33, VLOOKUP(Q$4,'4. Billing Determinants'!$B$19:$O$41,3,0)/'4. Billing Determinants'!$D$41*$D33))))),0)","v":0},{"$f":"IFERROR(IF(R$4=\"\",0,IF($E33=\"kWh\",VLOOKUP(R$4,'4. Billing Determinants'!$B$19:$O$41,4,0)/'4. Billing Determinants'!$E$41*$D33,IF($E33=\"kW\",VLOOKUP(R$4,'4. Billing Determinants'!$B$19:$O$41,5,0)/'4. Billing Determinants'!$F$41*$D33,IF($E33=\"Non-RPP kWh\",VLOOKUP(R$4,'4. Billing Determinants'!$B$19:$O$41,6,0)/'4. Billing Determinants'!$G$41*$D33,IF($E33=\"Distribution Rev.\",VLOOKUP(R$4,'4. Billing Determinants'!$B$19:$O$41,8,0)/'4. Billing Determinants'!$I$41*$D33, VLOOKUP(R$4,'4. Billing Determinants'!$B$19:$O$41,3,0)/'4. Billing Determinants'!$D$41*$D33))))),0)","v":0},{"$f":"IFERROR(IF(S$4=\"\",0,IF($E33=\"kWh\",VLOOKUP(S$4,'4. Billing Determinants'!$B$19:$O$41,4,0)/'4. Billing Determinants'!$E$41*$D33,IF($E33=\"kW\",VLOOKUP(S$4,'4. Billing Determinants'!$B$19:$O$41,5,0)/'4. Billing Determinants'!$F$41*$D33,IF($E33=\"Non-RPP kWh\",VLOOKUP(S$4,'4. Billing Determinants'!$B$19:$O$41,6,0)/'4. Billing Determinants'!$G$41*$D33,IF($E33=\"Distribution Rev.\",VLOOKUP(S$4,'4. Billing Determinants'!$B$19:$O$41,8,0)/'4. Billing Determinants'!$I$41*$D33, VLOOKUP(S$4,'4. Billing Determinants'!$B$19:$O$41,3,0)/'4. Billing Determinants'!$D$41*$D33))))),0)","v":0},{"$f":"IFERROR(IF(T$4=\"\",0,IF($E33=\"kWh\",VLOOKUP(T$4,'4. Billing Determinants'!$B$19:$O$41,4,0)/'4. Billing Determinants'!$E$41*$D33,IF($E33=\"kW\",VLOOKUP(T$4,'4. Billing Determinants'!$B$19:$O$41,5,0)/'4. Billing Determinants'!$F$41*$D33,IF($E33=\"Non-RPP kWh\",VLOOKUP(T$4,'4. Billing Determinants'!$B$19:$O$41,6,0)/'4. Billing Determinants'!$G$41*$D33,IF($E33=\"Distribution Rev.\",VLOOKUP(T$4,'4. Billing Determinants'!$B$19:$O$41,8,0)/'4. Billing Determinants'!$I$41*$D33, VLOOKUP(T$4,'4. Billing Determinants'!$B$19:$O$41,3,0)/'4. Billing Determinants'!$D$41*$D33))))),0)","v":0},{"$f":"IFERROR(IF(U$4=\"\",0,IF($E33=\"kWh\",VLOOKUP(U$4,'4. Billing Determinants'!$B$19:$O$41,4,0)/'4. Billing Determinants'!$E$41*$D33,IF($E33=\"kW\",VLOOKUP(U$4,'4. Billing Determinants'!$B$19:$O$41,5,0)/'4. Billing Determinants'!$F$41*$D33,IF($E33=\"Non-RPP kWh\",VLOOKUP(U$4,'4. Billing Determinants'!$B$19:$O$41,6,0)/'4. Billing Determinants'!$G$41*$D33,IF($E33=\"Distribution Rev.\",VLOOKUP(U$4,'4. Billing Determinants'!$B$19:$O$41,8,0)/'4. Billing Determinants'!$I$41*$D33, VLOOKUP(U$4,'4. Billing Determinants'!$B$19:$O$41,3,0)/'4. Billing Determinants'!$D$41*$D33))))),0)","v":0},{"$f":"IFERROR(IF(V$4=\"\",0,IF($E33=\"kWh\",VLOOKUP(V$4,'4. Billing Determinants'!$B$19:$O$41,4,0)/'4. Billing Determinants'!$E$41*$D33,IF($E33=\"kW\",VLOOKUP(V$4,'4. Billing Determinants'!$B$19:$O$41,5,0)/'4. Billing Determinants'!$F$41*$D33,IF($E33=\"Non-RPP kWh\",VLOOKUP(V$4,'4. Billing Determinants'!$B$19:$O$41,6,0)/'4. Billing Determinants'!$G$41*$D33,IF($E33=\"Distribution Rev.\",VLOOKUP(V$4,'4. Billing Determinants'!$B$19:$O$41,8,0)/'4. Billing Determinants'!$I$41*$D33, VLOOKUP(V$4,'4. Billing Determinants'!$B$19:$O$41,3,0)/'4. Billing Determinants'!$D$41*$D33))))),0)","v":0},{"$f":"IFERROR(IF(W$4=\"\",0,IF($E33=\"kWh\",VLOOKUP(W$4,'4. Billing Determinants'!$B$19:$O$41,4,0)/'4. Billing Determinants'!$E$41*$D33,IF($E33=\"kW\",VLOOKUP(W$4,'4. Billing Determinants'!$B$19:$O$41,5,0)/'4. Billing Determinants'!$F$41*$D33,IF($E33=\"Non-RPP kWh\",VLOOKUP(W$4,'4. Billing Determinants'!$B$19:$O$41,6,0)/'4. Billing Determinants'!$G$41*$D33,IF($E33=\"Distribution Rev.\",VLOOKUP(W$4,'4. Billing Determinants'!$B$19:$O$41,8,0)/'4. Billing Determinants'!$I$41*$D33, VLOOKUP(W$4,'4. Billing Determinants'!$B$19:$O$41,3,0)/'4. Billing Determinants'!$D$41*$D33))))),0)","v":0},{"$f":"IFERROR(IF(X$4=\"\",0,IF($E33=\"kWh\",VLOOKUP(X$4,'4. Billing Determinants'!$B$19:$O$41,4,0)/'4. Billing Determinants'!$E$41*$D33,IF($E33=\"kW\",VLOOKUP(X$4,'4. Billing Determinants'!$B$19:$O$41,5,0)/'4. Billing Determinants'!$F$41*$D33,IF($E33=\"Non-RPP kWh\",VLOOKUP(X$4,'4. Billing Determinants'!$B$19:$O$41,6,0)/'4. Billing Determinants'!$G$41*$D33,IF($E33=\"Distribution Rev.\",VLOOKUP(X$4,'4. Billing Determinants'!$B$19:$O$41,8,0)/'4. Billing Determinants'!$I$41*$D33, VLOOKUP(X$4,'4. Billing Determinants'!$B$19:$O$41,3,0)/'4. Billing Determinants'!$D$41*$D33))))),0)","v":0},{"$f":"IFERROR(IF(Y$4=\"\",0,IF($E33=\"kWh\",VLOOKUP(Y$4,'4. Billing Determinants'!$B$19:$O$41,4,0)/'4. Billing Determinants'!$E$41*$D33,IF($E33=\"kW\",VLOOKUP(Y$4,'4. Billing Determinants'!$B$19:$O$41,5,0)/'4. Billing Determinants'!$F$41*$D33,IF($E33=\"Non-RPP kWh\",VLOOKUP(Y$4,'4. Billing Determinants'!$B$19:$O$41,6,0)/'4. Billing Determinants'!$G$41*$D33,IF($E33=\"Distribution Rev.\",VLOOKUP(Y$4,'4. Billing Determinants'!$B$19:$O$41,8,0)/'4. Billing Determinants'!$I$41*$D33, VLOOKUP(Y$4,'4. Billing Determinants'!$B$19:$O$41,3,0)/'4. Billing Determinants'!$D$41*$D33))))),0)","v":0}]
[null,"Board-Approved CDM Variance Account",1567,{"$f":"'2. 2013 Continuity Schedule'!CP57","v":0},null,{"$f":"IFERROR(IF(F$4=\"\",0,IF($E34=\"kWh\",VLOOKUP(F$4,'4. Billing Determinants'!$B$19:$O$41,4,0)/'4. Billing Determinants'!$E$41*$D34,IF($E34=\"kW\",VLOOKUP(F$4,'4. Billing Determinants'!$B$19:$O$41,5,0)/'4. Billing Determinants'!$F$41*$D34,IF($E34=\"Non-RPP kWh\",VLOOKUP(F$4,'4. Billing Determinants'!$B$19:$O$41,6,0)/'4. Billing Determinants'!$G$41*$D34,IF($E34=\"Distribution Rev.\",VLOOKUP(F$4,'4. Billing Determinants'!$B$19:$O$41,8,0)/'4. Billing Determinants'!$I$41*$D34, VLOOKUP(F$4,'4. Billing Determinants'!$B$19:$O$41,3,0)/'4. Billing Determinants'!$D$41*$D34))))),0)","v":0},{"$f":"IFERROR(IF(G$4=\"\",0,IF($E34=\"kWh\",VLOOKUP(G$4,'4. Billing Determinants'!$B$19:$O$41,4,0)/'4. Billing Determinants'!$E$41*$D34,IF($E34=\"kW\",VLOOKUP(G$4,'4. Billing Determinants'!$B$19:$O$41,5,0)/'4. Billing Determinants'!$F$41*$D34,IF($E34=\"Non-RPP kWh\",VLOOKUP(G$4,'4. Billing Determinants'!$B$19:$O$41,6,0)/'4. Billing Determinants'!$G$41*$D34,IF($E34=\"Distribution Rev.\",VLOOKUP(G$4,'4. Billing Determinants'!$B$19:$O$41,8,0)/'4. Billing Determinants'!$I$41*$D34, VLOOKUP(G$4,'4. Billing Determinants'!$B$19:$O$41,3,0)/'4. Billing Determinants'!$D$41*$D34))))),0)","v":0},{"$f":"IFERROR(IF(H$4=\"\",0,IF($E34=\"kWh\",VLOOKUP(H$4,'4. Billing Determinants'!$B$19:$O$41,4,0)/'4. Billing Determinants'!$E$41*$D34,IF($E34=\"kW\",VLOOKUP(H$4,'4. Billing Determinants'!$B$19:$O$41,5,0)/'4. Billing Determinants'!$F$41*$D34,IF($E34=\"Non-RPP kWh\",VLOOKUP(H$4,'4. Billing Determinants'!$B$19:$O$41,6,0)/'4. Billing Determinants'!$G$41*$D34,IF($E34=\"Distribution Rev.\",VLOOKUP(H$4,'4. Billing Determinants'!$B$19:$O$41,8,0)/'4. Billing Determinants'!$I$41*$D34, VLOOKUP(H$4,'4. Billing Determinants'!$B$19:$O$41,3,0)/'4. Billing Determinants'!$D$41*$D34))))),0)","v":0},{"$f":"IFERROR(IF(I$4=\"\",0,IF($E34=\"kWh\",VLOOKUP(I$4,'4. Billing Determinants'!$B$19:$O$41,4,0)/'4. Billing Determinants'!$E$41*$D34,IF($E34=\"kW\",VLOOKUP(I$4,'4. Billing Determinants'!$B$19:$O$41,5,0)/'4. Billing Determinants'!$F$41*$D34,IF($E34=\"Non-RPP kWh\",VLOOKUP(I$4,'4. Billing Determinants'!$B$19:$O$41,6,0)/'4. Billing Determinants'!$G$41*$D34,IF($E34=\"Distribution Rev.\",VLOOKUP(I$4,'4. Billing Determinants'!$B$19:$O$41,8,0)/'4. Billing Determinants'!$I$41*$D34, VLOOKUP(I$4,'4. Billing Determinants'!$B$19:$O$41,3,0)/'4. Billing Determinants'!$D$41*$D34))))),0)","v":0},{"$f":"IFERROR(IF(J$4=\"\",0,IF($E34=\"kWh\",VLOOKUP(J$4,'4. Billing Determinants'!$B$19:$O$41,4,0)/'4. Billing Determinants'!$E$41*$D34,IF($E34=\"kW\",VLOOKUP(J$4,'4. Billing Determinants'!$B$19:$O$41,5,0)/'4. Billing Determinants'!$F$41*$D34,IF($E34=\"Non-RPP kWh\",VLOOKUP(J$4,'4. Billing Determinants'!$B$19:$O$41,6,0)/'4. Billing Determinants'!$G$41*$D34,IF($E34=\"Distribution Rev.\",VLOOKUP(J$4,'4. Billing Determinants'!$B$19:$O$41,8,0)/'4. Billing Determinants'!$I$41*$D34, VLOOKUP(J$4,'4. Billing Determinants'!$B$19:$O$41,3,0)/'4. Billing Determinants'!$D$41*$D34))))),0)","v":0},{"$f":"IFERROR(IF(K$4=\"\",0,IF($E34=\"kWh\",VLOOKUP(K$4,'4. Billing Determinants'!$B$19:$O$41,4,0)/'4. Billing Determinants'!$E$41*$D34,IF($E34=\"kW\",VLOOKUP(K$4,'4. Billing Determinants'!$B$19:$O$41,5,0)/'4. Billing Determinants'!$F$41*$D34,IF($E34=\"Non-RPP kWh\",VLOOKUP(K$4,'4. Billing Determinants'!$B$19:$O$41,6,0)/'4. Billing Determinants'!$G$41*$D34,IF($E34=\"Distribution Rev.\",VLOOKUP(K$4,'4. Billing Determinants'!$B$19:$O$41,8,0)/'4. Billing Determinants'!$I$41*$D34, VLOOKUP(K$4,'4. Billing Determinants'!$B$19:$O$41,3,0)/'4. Billing Determinants'!$D$41*$D34))))),0)","v":0},{"$f":"IFERROR(IF(L$4=\"\",0,IF($E34=\"kWh\",VLOOKUP(L$4,'4. Billing Determinants'!$B$19:$O$41,4,0)/'4. Billing Determinants'!$E$41*$D34,IF($E34=\"kW\",VLOOKUP(L$4,'4. Billing Determinants'!$B$19:$O$41,5,0)/'4. Billing Determinants'!$F$41*$D34,IF($E34=\"Non-RPP kWh\",VLOOKUP(L$4,'4. Billing Determinants'!$B$19:$O$41,6,0)/'4. Billing Determinants'!$G$41*$D34,IF($E34=\"Distribution Rev.\",VLOOKUP(L$4,'4. Billing Determinants'!$B$19:$O$41,8,0)/'4. Billing Determinants'!$I$41*$D34, VLOOKUP(L$4,'4. Billing Determinants'!$B$19:$O$41,3,0)/'4. Billing Determinants'!$D$41*$D34))))),0)","v":0},{"$f":"IFERROR(IF(M$4=\"\",0,IF($E34=\"kWh\",VLOOKUP(M$4,'4. Billing Determinants'!$B$19:$O$41,4,0)/'4. Billing Determinants'!$E$41*$D34,IF($E34=\"kW\",VLOOKUP(M$4,'4. Billing Determinants'!$B$19:$O$41,5,0)/'4. Billing Determinants'!$F$41*$D34,IF($E34=\"Non-RPP kWh\",VLOOKUP(M$4,'4. Billing Determinants'!$B$19:$O$41,6,0)/'4. Billing Determinants'!$G$41*$D34,IF($E34=\"Distribution Rev.\",VLOOKUP(M$4,'4. Billing Determinants'!$B$19:$O$41,8,0)/'4. Billing Determinants'!$I$41*$D34, VLOOKUP(M$4,'4. Billing Determinants'!$B$19:$O$41,3,0)/'4. Billing Determinants'!$D$41*$D34))))),0)","v":0},{"$f":"IFERROR(IF(N$4=\"\",0,IF($E34=\"kWh\",VLOOKUP(N$4,'4. Billing Determinants'!$B$19:$O$41,4,0)/'4. Billing Determinants'!$E$41*$D34,IF($E34=\"kW\",VLOOKUP(N$4,'4. Billing Determinants'!$B$19:$O$41,5,0)/'4. Billing Determinants'!$F$41*$D34,IF($E34=\"Non-RPP kWh\",VLOOKUP(N$4,'4. Billing Determinants'!$B$19:$O$41,6,0)/'4. Billing Determinants'!$G$41*$D34,IF($E34=\"Distribution Rev.\",VLOOKUP(N$4,'4. Billing Determinants'!$B$19:$O$41,8,0)/'4. Billing Determinants'!$I$41*$D34, VLOOKUP(N$4,'4. Billing Determinants'!$B$19:$O$41,3,0)/'4. Billing Determinants'!$D$41*$D34))))),0)","v":0},{"$f":"IFERROR(IF(O$4=\"\",0,IF($E34=\"kWh\",VLOOKUP(O$4,'4. Billing Determinants'!$B$19:$O$41,4,0)/'4. Billing Determinants'!$E$41*$D34,IF($E34=\"kW\",VLOOKUP(O$4,'4. Billing Determinants'!$B$19:$O$41,5,0)/'4. Billing Determinants'!$F$41*$D34,IF($E34=\"Non-RPP kWh\",VLOOKUP(O$4,'4. Billing Determinants'!$B$19:$O$41,6,0)/'4. Billing Determinants'!$G$41*$D34,IF($E34=\"Distribution Rev.\",VLOOKUP(O$4,'4. Billing Determinants'!$B$19:$O$41,8,0)/'4. Billing Determinants'!$I$41*$D34, VLOOKUP(O$4,'4. Billing Determinants'!$B$19:$O$41,3,0)/'4. Billing Determinants'!$D$41*$D34))))),0)","v":0},{"$f":"IFERROR(IF(P$4=\"\",0,IF($E34=\"kWh\",VLOOKUP(P$4,'4. Billing Determinants'!$B$19:$O$41,4,0)/'4. Billing Determinants'!$E$41*$D34,IF($E34=\"kW\",VLOOKUP(P$4,'4. Billing Determinants'!$B$19:$O$41,5,0)/'4. Billing Determinants'!$F$41*$D34,IF($E34=\"Non-RPP kWh\",VLOOKUP(P$4,'4. Billing Determinants'!$B$19:$O$41,6,0)/'4. Billing Determinants'!$G$41*$D34,IF($E34=\"Distribution Rev.\",VLOOKUP(P$4,'4. Billing Determinants'!$B$19:$O$41,8,0)/'4. Billing Determinants'!$I$41*$D34, VLOOKUP(P$4,'4. Billing Determinants'!$B$19:$O$41,3,0)/'4. Billing Determinants'!$D$41*$D34))))),0)","v":0},{"$f":"IFERROR(IF(Q$4=\"\",0,IF($E34=\"kWh\",VLOOKUP(Q$4,'4. Billing Determinants'!$B$19:$O$41,4,0)/'4. Billing Determinants'!$E$41*$D34,IF($E34=\"kW\",VLOOKUP(Q$4,'4. Billing Determinants'!$B$19:$O$41,5,0)/'4. Billing Determinants'!$F$41*$D34,IF($E34=\"Non-RPP kWh\",VLOOKUP(Q$4,'4. Billing Determinants'!$B$19:$O$41,6,0)/'4. Billing Determinants'!$G$41*$D34,IF($E34=\"Distribution Rev.\",VLOOKUP(Q$4,'4. Billing Determinants'!$B$19:$O$41,8,0)/'4. Billing Determinants'!$I$41*$D34, VLOOKUP(Q$4,'4. Billing Determinants'!$B$19:$O$41,3,0)/'4. Billing Determinants'!$D$41*$D34))))),0)","v":0},{"$f":"IFERROR(IF(R$4=\"\",0,IF($E34=\"kWh\",VLOOKUP(R$4,'4. Billing Determinants'!$B$19:$O$41,4,0)/'4. Billing Determinants'!$E$41*$D34,IF($E34=\"kW\",VLOOKUP(R$4,'4. Billing Determinants'!$B$19:$O$41,5,0)/'4. Billing Determinants'!$F$41*$D34,IF($E34=\"Non-RPP kWh\",VLOOKUP(R$4,'4. Billing Determinants'!$B$19:$O$41,6,0)/'4. Billing Determinants'!$G$41*$D34,IF($E34=\"Distribution Rev.\",VLOOKUP(R$4,'4. Billing Determinants'!$B$19:$O$41,8,0)/'4. Billing Determinants'!$I$41*$D34, VLOOKUP(R$4,'4. Billing Determinants'!$B$19:$O$41,3,0)/'4. Billing Determinants'!$D$41*$D34))))),0)","v":0},{"$f":"IFERROR(IF(S$4=\"\",0,IF($E34=\"kWh\",VLOOKUP(S$4,'4. Billing Determinants'!$B$19:$O$41,4,0)/'4. Billing Determinants'!$E$41*$D34,IF($E34=\"kW\",VLOOKUP(S$4,'4. Billing Determinants'!$B$19:$O$41,5,0)/'4. Billing Determinants'!$F$41*$D34,IF($E34=\"Non-RPP kWh\",VLOOKUP(S$4,'4. Billing Determinants'!$B$19:$O$41,6,0)/'4. Billing Determinants'!$G$41*$D34,IF($E34=\"Distribution Rev.\",VLOOKUP(S$4,'4. Billing Determinants'!$B$19:$O$41,8,0)/'4. Billing Determinants'!$I$41*$D34, VLOOKUP(S$4,'4. Billing Determinants'!$B$19:$O$41,3,0)/'4. Billing Determinants'!$D$41*$D34))))),0)","v":0},{"$f":"IFERROR(IF(T$4=\"\",0,IF($E34=\"kWh\",VLOOKUP(T$4,'4. Billing Determinants'!$B$19:$O$41,4,0)/'4. Billing Determinants'!$E$41*$D34,IF($E34=\"kW\",VLOOKUP(T$4,'4. Billing Determinants'!$B$19:$O$41,5,0)/'4. Billing Determinants'!$F$41*$D34,IF($E34=\"Non-RPP kWh\",VLOOKUP(T$4,'4. Billing Determinants'!$B$19:$O$41,6,0)/'4. Billing Determinants'!$G$41*$D34,IF($E34=\"Distribution Rev.\",VLOOKUP(T$4,'4. Billing Determinants'!$B$19:$O$41,8,0)/'4. Billing Determinants'!$I$41*$D34, VLOOKUP(T$4,'4. Billing Determinants'!$B$19:$O$41,3,0)/'4. Billing Determinants'!$D$41*$D34))))),0)","v":0},{"$f":"IFERROR(IF(U$4=\"\",0,IF($E34=\"kWh\",VLOOKUP(U$4,'4. Billing Determinants'!$B$19:$O$41,4,0)/'4. Billing Determinants'!$E$41*$D34,IF($E34=\"kW\",VLOOKUP(U$4,'4. Billing Determinants'!$B$19:$O$41,5,0)/'4. Billing Determinants'!$F$41*$D34,IF($E34=\"Non-RPP kWh\",VLOOKUP(U$4,'4. Billing Determinants'!$B$19:$O$41,6,0)/'4. Billing Determinants'!$G$41*$D34,IF($E34=\"Distribution Rev.\",VLOOKUP(U$4,'4. Billing Determinants'!$B$19:$O$41,8,0)/'4. Billing Determinants'!$I$41*$D34, VLOOKUP(U$4,'4. Billing Determinants'!$B$19:$O$41,3,0)/'4. Billing Determinants'!$D$41*$D34))))),0)","v":0},{"$f":"IFERROR(IF(V$4=\"\",0,IF($E34=\"kWh\",VLOOKUP(V$4,'4. Billing Determinants'!$B$19:$O$41,4,0)/'4. Billing Determinants'!$E$41*$D34,IF($E34=\"kW\",VLOOKUP(V$4,'4. Billing Determinants'!$B$19:$O$41,5,0)/'4. Billing Determinants'!$F$41*$D34,IF($E34=\"Non-RPP kWh\",VLOOKUP(V$4,'4. Billing Determinants'!$B$19:$O$41,6,0)/'4. Billing Determinants'!$G$41*$D34,IF($E34=\"Distribution Rev.\",VLOOKUP(V$4,'4. Billing Determinants'!$B$19:$O$41,8,0)/'4. Billing Determinants'!$I$41*$D34, VLOOKUP(V$4,'4. Billing Determinants'!$B$19:$O$41,3,0)/'4. Billing Determinants'!$D$41*$D34))))),0)","v":0},{"$f":"IFERROR(IF(W$4=\"\",0,IF($E34=\"kWh\",VLOOKUP(W$4,'4. Billing Determinants'!$B$19:$O$41,4,0)/'4. Billing Determinants'!$E$41*$D34,IF($E34=\"kW\",VLOOKUP(W$4,'4. Billing Determinants'!$B$19:$O$41,5,0)/'4. Billing Determinants'!$F$41*$D34,IF($E34=\"Non-RPP kWh\",VLOOKUP(W$4,'4. Billing Determinants'!$B$19:$O$41,6,0)/'4. Billing Determinants'!$G$41*$D34,IF($E34=\"Distribution Rev.\",VLOOKUP(W$4,'4. Billing Determinants'!$B$19:$O$41,8,0)/'4. Billing Determinants'!$I$41*$D34, VLOOKUP(W$4,'4. Billing Determinants'!$B$19:$O$41,3,0)/'4. Billing Determinants'!$D$41*$D34))))),0)","v":0},{"$f":"IFERROR(IF(X$4=\"\",0,IF($E34=\"kWh\",VLOOKUP(X$4,'4. Billing Determinants'!$B$19:$O$41,4,0)/'4. Billing Determinants'!$E$41*$D34,IF($E34=\"kW\",VLOOKUP(X$4,'4. Billing Determinants'!$B$19:$O$41,5,0)/'4. Billing Determinants'!$F$41*$D34,IF($E34=\"Non-RPP kWh\",VLOOKUP(X$4,'4. Billing Determinants'!$B$19:$O$41,6,0)/'4. Billing Determinants'!$G$41*$D34,IF($E34=\"Distribution Rev.\",VLOOKUP(X$4,'4. Billing Determinants'!$B$19:$O$41,8,0)/'4. Billing Determinants'!$I$41*$D34, VLOOKUP(X$4,'4. Billing Determinants'!$B$19:$O$41,3,0)/'4. Billing Determinants'!$D$41*$D34))))),0)","v":0},{"$f":"IFERROR(IF(Y$4=\"\",0,IF($E34=\"kWh\",VLOOKUP(Y$4,'4. Billing Determinants'!$B$19:$O$41,4,0)/'4. Billing Determinants'!$E$41*$D34,IF($E34=\"kW\",VLOOKUP(Y$4,'4. Billing Determinants'!$B$19:$O$41,5,0)/'4. Billing Determinants'!$F$41*$D34,IF($E34=\"Non-RPP kWh\",VLOOKUP(Y$4,'4. Billing Determinants'!$B$19:$O$41,6,0)/'4. Billing Determinants'!$G$41*$D34,IF($E34=\"Distribution Rev.\",VLOOKUP(Y$4,'4. Billing Determinants'!$B$19:$O$41,8,0)/'4. Billing Determinants'!$I$41*$D34, VLOOKUP(Y$4,'4. Billing Determinants'!$B$19:$O$41,3,0)/'4. Billing Determinants'!$D$41*$D34))))),0)","v":0}]
[null,"Extra-Ordinary Event Costs",1572,{"$f":"'2. 2013 Continuity Schedule'!CP58","v":0},null,{"$f":"IFERROR(IF(F$4=\"\",0,IF($E35=\"kWh\",VLOOKUP(F$4,'4. Billing Determinants'!$B$19:$O$41,4,0)/'4. Billing Determinants'!$E$41*$D35,IF($E35=\"kW\",VLOOKUP(F$4,'4. Billing Determinants'!$B$19:$O$41,5,0)/'4. Billing Determinants'!$F$41*$D35,IF($E35=\"Non-RPP kWh\",VLOOKUP(F$4,'4. Billing Determinants'!$B$19:$O$41,6,0)/'4. Billing Determinants'!$G$41*$D35,IF($E35=\"Distribution Rev.\",VLOOKUP(F$4,'4. Billing Determinants'!$B$19:$O$41,8,0)/'4. Billing Determinants'!$I$41*$D35, VLOOKUP(F$4,'4. Billing Determinants'!$B$19:$O$41,3,0)/'4. Billing Determinants'!$D$41*$D35))))),0)","v":0},{"$f":"IFERROR(IF(G$4=\"\",0,IF($E35=\"kWh\",VLOOKUP(G$4,'4. Billing Determinants'!$B$19:$O$41,4,0)/'4. Billing Determinants'!$E$41*$D35,IF($E35=\"kW\",VLOOKUP(G$4,'4. Billing Determinants'!$B$19:$O$41,5,0)/'4. Billing Determinants'!$F$41*$D35,IF($E35=\"Non-RPP kWh\",VLOOKUP(G$4,'4. Billing Determinants'!$B$19:$O$41,6,0)/'4. Billing Determinants'!$G$41*$D35,IF($E35=\"Distribution Rev.\",VLOOKUP(G$4,'4. Billing Determinants'!$B$19:$O$41,8,0)/'4. Billing Determinants'!$I$41*$D35, VLOOKUP(G$4,'4. Billing Determinants'!$B$19:$O$41,3,0)/'4. Billing Determinants'!$D$41*$D35))))),0)","v":0},{"$f":"IFERROR(IF(H$4=\"\",0,IF($E35=\"kWh\",VLOOKUP(H$4,'4. Billing Determinants'!$B$19:$O$41,4,0)/'4. Billing Determinants'!$E$41*$D35,IF($E35=\"kW\",VLOOKUP(H$4,'4. Billing Determinants'!$B$19:$O$41,5,0)/'4. Billing Determinants'!$F$41*$D35,IF($E35=\"Non-RPP kWh\",VLOOKUP(H$4,'4. Billing Determinants'!$B$19:$O$41,6,0)/'4. Billing Determinants'!$G$41*$D35,IF($E35=\"Distribution Rev.\",VLOOKUP(H$4,'4. Billing Determinants'!$B$19:$O$41,8,0)/'4. Billing Determinants'!$I$41*$D35, VLOOKUP(H$4,'4. Billing Determinants'!$B$19:$O$41,3,0)/'4. Billing Determinants'!$D$41*$D35))))),0)","v":0},{"$f":"IFERROR(IF(I$4=\"\",0,IF($E35=\"kWh\",VLOOKUP(I$4,'4. Billing Determinants'!$B$19:$O$41,4,0)/'4. Billing Determinants'!$E$41*$D35,IF($E35=\"kW\",VLOOKUP(I$4,'4. Billing Determinants'!$B$19:$O$41,5,0)/'4. Billing Determinants'!$F$41*$D35,IF($E35=\"Non-RPP kWh\",VLOOKUP(I$4,'4. Billing Determinants'!$B$19:$O$41,6,0)/'4. Billing Determinants'!$G$41*$D35,IF($E35=\"Distribution Rev.\",VLOOKUP(I$4,'4. Billing Determinants'!$B$19:$O$41,8,0)/'4. Billing Determinants'!$I$41*$D35, VLOOKUP(I$4,'4. Billing Determinants'!$B$19:$O$41,3,0)/'4. Billing Determinants'!$D$41*$D35))))),0)","v":0},{"$f":"IFERROR(IF(J$4=\"\",0,IF($E35=\"kWh\",VLOOKUP(J$4,'4. Billing Determinants'!$B$19:$O$41,4,0)/'4. Billing Determinants'!$E$41*$D35,IF($E35=\"kW\",VLOOKUP(J$4,'4. Billing Determinants'!$B$19:$O$41,5,0)/'4. Billing Determinants'!$F$41*$D35,IF($E35=\"Non-RPP kWh\",VLOOKUP(J$4,'4. Billing Determinants'!$B$19:$O$41,6,0)/'4. Billing Determinants'!$G$41*$D35,IF($E35=\"Distribution Rev.\",VLOOKUP(J$4,'4. Billing Determinants'!$B$19:$O$41,8,0)/'4. Billing Determinants'!$I$41*$D35, VLOOKUP(J$4,'4. Billing Determinants'!$B$19:$O$41,3,0)/'4. Billing Determinants'!$D$41*$D35))))),0)","v":0},{"$f":"IFERROR(IF(K$4=\"\",0,IF($E35=\"kWh\",VLOOKUP(K$4,'4. Billing Determinants'!$B$19:$O$41,4,0)/'4. Billing Determinants'!$E$41*$D35,IF($E35=\"kW\",VLOOKUP(K$4,'4. Billing Determinants'!$B$19:$O$41,5,0)/'4. Billing Determinants'!$F$41*$D35,IF($E35=\"Non-RPP kWh\",VLOOKUP(K$4,'4. Billing Determinants'!$B$19:$O$41,6,0)/'4. Billing Determinants'!$G$41*$D35,IF($E35=\"Distribution Rev.\",VLOOKUP(K$4,'4. Billing Determinants'!$B$19:$O$41,8,0)/'4. Billing Determinants'!$I$41*$D35, VLOOKUP(K$4,'4. Billing Determinants'!$B$19:$O$41,3,0)/'4. Billing Determinants'!$D$41*$D35))))),0)","v":0},{"$f":"IFERROR(IF(L$4=\"\",0,IF($E35=\"kWh\",VLOOKUP(L$4,'4. Billing Determinants'!$B$19:$O$41,4,0)/'4. Billing Determinants'!$E$41*$D35,IF($E35=\"kW\",VLOOKUP(L$4,'4. Billing Determinants'!$B$19:$O$41,5,0)/'4. Billing Determinants'!$F$41*$D35,IF($E35=\"Non-RPP kWh\",VLOOKUP(L$4,'4. Billing Determinants'!$B$19:$O$41,6,0)/'4. Billing Determinants'!$G$41*$D35,IF($E35=\"Distribution Rev.\",VLOOKUP(L$4,'4. Billing Determinants'!$B$19:$O$41,8,0)/'4. Billing Determinants'!$I$41*$D35, VLOOKUP(L$4,'4. Billing Determinants'!$B$19:$O$41,3,0)/'4. Billing Determinants'!$D$41*$D35))))),0)","v":0},{"$f":"IFERROR(IF(M$4=\"\",0,IF($E35=\"kWh\",VLOOKUP(M$4,'4. Billing Determinants'!$B$19:$O$41,4,0)/'4. Billing Determinants'!$E$41*$D35,IF($E35=\"kW\",VLOOKUP(M$4,'4. Billing Determinants'!$B$19:$O$41,5,0)/'4. Billing Determinants'!$F$41*$D35,IF($E35=\"Non-RPP kWh\",VLOOKUP(M$4,'4. Billing Determinants'!$B$19:$O$41,6,0)/'4. Billing Determinants'!$G$41*$D35,IF($E35=\"Distribution Rev.\",VLOOKUP(M$4,'4. Billing Determinants'!$B$19:$O$41,8,0)/'4. Billing Determinants'!$I$41*$D35, VLOOKUP(M$4,'4. Billing Determinants'!$B$19:$O$41,3,0)/'4. Billing Determinants'!$D$41*$D35))))),0)","v":0},{"$f":"IFERROR(IF(N$4=\"\",0,IF($E35=\"kWh\",VLOOKUP(N$4,'4. Billing Determinants'!$B$19:$O$41,4,0)/'4. Billing Determinants'!$E$41*$D35,IF($E35=\"kW\",VLOOKUP(N$4,'4. Billing Determinants'!$B$19:$O$41,5,0)/'4. Billing Determinants'!$F$41*$D35,IF($E35=\"Non-RPP kWh\",VLOOKUP(N$4,'4. Billing Determinants'!$B$19:$O$41,6,0)/'4. Billing Determinants'!$G$41*$D35,IF($E35=\"Distribution Rev.\",VLOOKUP(N$4,'4. Billing Determinants'!$B$19:$O$41,8,0)/'4. Billing Determinants'!$I$41*$D35, VLOOKUP(N$4,'4. Billing Determinants'!$B$19:$O$41,3,0)/'4. Billing Determinants'!$D$41*$D35))))),0)","v":0},{"$f":"IFERROR(IF(O$4=\"\",0,IF($E35=\"kWh\",VLOOKUP(O$4,'4. Billing Determinants'!$B$19:$O$41,4,0)/'4. Billing Determinants'!$E$41*$D35,IF($E35=\"kW\",VLOOKUP(O$4,'4. Billing Determinants'!$B$19:$O$41,5,0)/'4. Billing Determinants'!$F$41*$D35,IF($E35=\"Non-RPP kWh\",VLOOKUP(O$4,'4. Billing Determinants'!$B$19:$O$41,6,0)/'4. Billing Determinants'!$G$41*$D35,IF($E35=\"Distribution Rev.\",VLOOKUP(O$4,'4. Billing Determinants'!$B$19:$O$41,8,0)/'4. Billing Determinants'!$I$41*$D35, VLOOKUP(O$4,'4. Billing Determinants'!$B$19:$O$41,3,0)/'4. Billing Determinants'!$D$41*$D35))))),0)","v":0},{"$f":"IFERROR(IF(P$4=\"\",0,IF($E35=\"kWh\",VLOOKUP(P$4,'4. Billing Determinants'!$B$19:$O$41,4,0)/'4. Billing Determinants'!$E$41*$D35,IF($E35=\"kW\",VLOOKUP(P$4,'4. Billing Determinants'!$B$19:$O$41,5,0)/'4. Billing Determinants'!$F$41*$D35,IF($E35=\"Non-RPP kWh\",VLOOKUP(P$4,'4. Billing Determinants'!$B$19:$O$41,6,0)/'4. Billing Determinants'!$G$41*$D35,IF($E35=\"Distribution Rev.\",VLOOKUP(P$4,'4. Billing Determinants'!$B$19:$O$41,8,0)/'4. Billing Determinants'!$I$41*$D35, VLOOKUP(P$4,'4. Billing Determinants'!$B$19:$O$41,3,0)/'4. Billing Determinants'!$D$41*$D35))))),0)","v":0},{"$f":"IFERROR(IF(Q$4=\"\",0,IF($E35=\"kWh\",VLOOKUP(Q$4,'4. Billing Determinants'!$B$19:$O$41,4,0)/'4. Billing Determinants'!$E$41*$D35,IF($E35=\"kW\",VLOOKUP(Q$4,'4. Billing Determinants'!$B$19:$O$41,5,0)/'4. Billing Determinants'!$F$41*$D35,IF($E35=\"Non-RPP kWh\",VLOOKUP(Q$4,'4. Billing Determinants'!$B$19:$O$41,6,0)/'4. Billing Determinants'!$G$41*$D35,IF($E35=\"Distribution Rev.\",VLOOKUP(Q$4,'4. Billing Determinants'!$B$19:$O$41,8,0)/'4. Billing Determinants'!$I$41*$D35, VLOOKUP(Q$4,'4. Billing Determinants'!$B$19:$O$41,3,0)/'4. Billing Determinants'!$D$41*$D35))))),0)","v":0},{"$f":"IFERROR(IF(R$4=\"\",0,IF($E35=\"kWh\",VLOOKUP(R$4,'4. Billing Determinants'!$B$19:$O$41,4,0)/'4. Billing Determinants'!$E$41*$D35,IF($E35=\"kW\",VLOOKUP(R$4,'4. Billing Determinants'!$B$19:$O$41,5,0)/'4. Billing Determinants'!$F$41*$D35,IF($E35=\"Non-RPP kWh\",VLOOKUP(R$4,'4. Billing Determinants'!$B$19:$O$41,6,0)/'4. Billing Determinants'!$G$41*$D35,IF($E35=\"Distribution Rev.\",VLOOKUP(R$4,'4. Billing Determinants'!$B$19:$O$41,8,0)/'4. Billing Determinants'!$I$41*$D35, VLOOKUP(R$4,'4. Billing Determinants'!$B$19:$O$41,3,0)/'4. Billing Determinants'!$D$41*$D35))))),0)","v":0},{"$f":"IFERROR(IF(S$4=\"\",0,IF($E35=\"kWh\",VLOOKUP(S$4,'4. Billing Determinants'!$B$19:$O$41,4,0)/'4. Billing Determinants'!$E$41*$D35,IF($E35=\"kW\",VLOOKUP(S$4,'4. Billing Determinants'!$B$19:$O$41,5,0)/'4. Billing Determinants'!$F$41*$D35,IF($E35=\"Non-RPP kWh\",VLOOKUP(S$4,'4. Billing Determinants'!$B$19:$O$41,6,0)/'4. Billing Determinants'!$G$41*$D35,IF($E35=\"Distribution Rev.\",VLOOKUP(S$4,'4. Billing Determinants'!$B$19:$O$41,8,0)/'4. Billing Determinants'!$I$41*$D35, VLOOKUP(S$4,'4. Billing Determinants'!$B$19:$O$41,3,0)/'4. Billing Determinants'!$D$41*$D35))))),0)","v":0},{"$f":"IFERROR(IF(T$4=\"\",0,IF($E35=\"kWh\",VLOOKUP(T$4,'4. Billing Determinants'!$B$19:$O$41,4,0)/'4. Billing Determinants'!$E$41*$D35,IF($E35=\"kW\",VLOOKUP(T$4,'4. Billing Determinants'!$B$19:$O$41,5,0)/'4. Billing Determinants'!$F$41*$D35,IF($E35=\"Non-RPP kWh\",VLOOKUP(T$4,'4. Billing Determinants'!$B$19:$O$41,6,0)/'4. Billing Determinants'!$G$41*$D35,IF($E35=\"Distribution Rev.\",VLOOKUP(T$4,'4. Billing Determinants'!$B$19:$O$41,8,0)/'4. Billing Determinants'!$I$41*$D35, VLOOKUP(T$4,'4. Billing Determinants'!$B$19:$O$41,3,0)/'4. Billing Determinants'!$D$41*$D35))))),0)","v":0},{"$f":"IFERROR(IF(U$4=\"\",0,IF($E35=\"kWh\",VLOOKUP(U$4,'4. Billing Determinants'!$B$19:$O$41,4,0)/'4. Billing Determinants'!$E$41*$D35,IF($E35=\"kW\",VLOOKUP(U$4,'4. Billing Determinants'!$B$19:$O$41,5,0)/'4. Billing Determinants'!$F$41*$D35,IF($E35=\"Non-RPP kWh\",VLOOKUP(U$4,'4. Billing Determinants'!$B$19:$O$41,6,0)/'4. Billing Determinants'!$G$41*$D35,IF($E35=\"Distribution Rev.\",VLOOKUP(U$4,'4. Billing Determinants'!$B$19:$O$41,8,0)/'4. Billing Determinants'!$I$41*$D35, VLOOKUP(U$4,'4. Billing Determinants'!$B$19:$O$41,3,0)/'4. Billing Determinants'!$D$41*$D35))))),0)","v":0},{"$f":"IFERROR(IF(V$4=\"\",0,IF($E35=\"kWh\",VLOOKUP(V$4,'4. Billing Determinants'!$B$19:$O$41,4,0)/'4. Billing Determinants'!$E$41*$D35,IF($E35=\"kW\",VLOOKUP(V$4,'4. Billing Determinants'!$B$19:$O$41,5,0)/'4. Billing Determinants'!$F$41*$D35,IF($E35=\"Non-RPP kWh\",VLOOKUP(V$4,'4. Billing Determinants'!$B$19:$O$41,6,0)/'4. Billing Determinants'!$G$41*$D35,IF($E35=\"Distribution Rev.\",VLOOKUP(V$4,'4. Billing Determinants'!$B$19:$O$41,8,0)/'4. Billing Determinants'!$I$41*$D35, VLOOKUP(V$4,'4. Billing Determinants'!$B$19:$O$41,3,0)/'4. Billing Determinants'!$D$41*$D35))))),0)","v":0},{"$f":"IFERROR(IF(W$4=\"\",0,IF($E35=\"kWh\",VLOOKUP(W$4,'4. Billing Determinants'!$B$19:$O$41,4,0)/'4. Billing Determinants'!$E$41*$D35,IF($E35=\"kW\",VLOOKUP(W$4,'4. Billing Determinants'!$B$19:$O$41,5,0)/'4. Billing Determinants'!$F$41*$D35,IF($E35=\"Non-RPP kWh\",VLOOKUP(W$4,'4. Billing Determinants'!$B$19:$O$41,6,0)/'4. Billing Determinants'!$G$41*$D35,IF($E35=\"Distribution Rev.\",VLOOKUP(W$4,'4. Billing Determinants'!$B$19:$O$41,8,0)/'4. Billing Determinants'!$I$41*$D35, VLOOKUP(W$4,'4. Billing Determinants'!$B$19:$O$41,3,0)/'4. Billing Determinants'!$D$41*$D35))))),0)","v":0},{"$f":"IFERROR(IF(X$4=\"\",0,IF($E35=\"kWh\",VLOOKUP(X$4,'4. Billing Determinants'!$B$19:$O$41,4,0)/'4. Billing Determinants'!$E$41*$D35,IF($E35=\"kW\",VLOOKUP(X$4,'4. Billing Determinants'!$B$19:$O$41,5,0)/'4. Billing Determinants'!$F$41*$D35,IF($E35=\"Non-RPP kWh\",VLOOKUP(X$4,'4. Billing Determinants'!$B$19:$O$41,6,0)/'4. Billing Determinants'!$G$41*$D35,IF($E35=\"Distribution Rev.\",VLOOKUP(X$4,'4. Billing Determinants'!$B$19:$O$41,8,0)/'4. Billing Determinants'!$I$41*$D35, VLOOKUP(X$4,'4. Billing Determinants'!$B$19:$O$41,3,0)/'4. Billing Determinants'!$D$41*$D35))))),0)","v":0},{"$f":"IFERROR(IF(Y$4=\"\",0,IF($E35=\"kWh\",VLOOKUP(Y$4,'4. Billing Determinants'!$B$19:$O$41,4,0)/'4. Billing Determinants'!$E$41*$D35,IF($E35=\"kW\",VLOOKUP(Y$4,'4. Billing Determinants'!$B$19:$O$41,5,0)/'4. Billing Determinants'!$F$41*$D35,IF($E35=\"Non-RPP kWh\",VLOOKUP(Y$4,'4. Billing Determinants'!$B$19:$O$41,6,0)/'4. Billing Determinants'!$G$41*$D35,IF($E35=\"Distribution Rev.\",VLOOKUP(Y$4,'4. Billing Determinants'!$B$19:$O$41,8,0)/'4. Billing Determinants'!$I$41*$D35, VLOOKUP(Y$4,'4. Billing Determinants'!$B$19:$O$41,3,0)/'4. Billing Determinants'!$D$41*$D35))))),0)","v":0}]
[null,"Deferred Rate Impact Amounts",1574,{"$f":"'2. 2013 Continuity Schedule'!CP59","v":0},null,{"$f":"IFERROR(IF(F$4=\"\",0,IF($E36=\"kWh\",VLOOKUP(F$4,'4. Billing Determinants'!$B$19:$O$41,4,0)/'4. Billing Determinants'!$E$41*$D36,IF($E36=\"kW\",VLOOKUP(F$4,'4. Billing Determinants'!$B$19:$O$41,5,0)/'4. Billing Determinants'!$F$41*$D36,IF($E36=\"Non-RPP kWh\",VLOOKUP(F$4,'4. Billing Determinants'!$B$19:$O$41,6,0)/'4. Billing Determinants'!$G$41*$D36,IF($E36=\"Distribution Rev.\",VLOOKUP(F$4,'4. Billing Determinants'!$B$19:$O$41,8,0)/'4. Billing Determinants'!$I$41*$D36, VLOOKUP(F$4,'4. Billing Determinants'!$B$19:$O$41,3,0)/'4. Billing Determinants'!$D$41*$D36))))),0)","v":0},{"$f":"IFERROR(IF(G$4=\"\",0,IF($E36=\"kWh\",VLOOKUP(G$4,'4. Billing Determinants'!$B$19:$O$41,4,0)/'4. Billing Determinants'!$E$41*$D36,IF($E36=\"kW\",VLOOKUP(G$4,'4. Billing Determinants'!$B$19:$O$41,5,0)/'4. Billing Determinants'!$F$41*$D36,IF($E36=\"Non-RPP kWh\",VLOOKUP(G$4,'4. Billing Determinants'!$B$19:$O$41,6,0)/'4. Billing Determinants'!$G$41*$D36,IF($E36=\"Distribution Rev.\",VLOOKUP(G$4,'4. Billing Determinants'!$B$19:$O$41,8,0)/'4. Billing Determinants'!$I$41*$D36, VLOOKUP(G$4,'4. Billing Determinants'!$B$19:$O$41,3,0)/'4. Billing Determinants'!$D$41*$D36))))),0)","v":0},{"$f":"IFERROR(IF(H$4=\"\",0,IF($E36=\"kWh\",VLOOKUP(H$4,'4. Billing Determinants'!$B$19:$O$41,4,0)/'4. Billing Determinants'!$E$41*$D36,IF($E36=\"kW\",VLOOKUP(H$4,'4. Billing Determinants'!$B$19:$O$41,5,0)/'4. Billing Determinants'!$F$41*$D36,IF($E36=\"Non-RPP kWh\",VLOOKUP(H$4,'4. Billing Determinants'!$B$19:$O$41,6,0)/'4. Billing Determinants'!$G$41*$D36,IF($E36=\"Distribution Rev.\",VLOOKUP(H$4,'4. Billing Determinants'!$B$19:$O$41,8,0)/'4. Billing Determinants'!$I$41*$D36, VLOOKUP(H$4,'4. Billing Determinants'!$B$19:$O$41,3,0)/'4. Billing Determinants'!$D$41*$D36))))),0)","v":0},{"$f":"IFERROR(IF(I$4=\"\",0,IF($E36=\"kWh\",VLOOKUP(I$4,'4. Billing Determinants'!$B$19:$O$41,4,0)/'4. Billing Determinants'!$E$41*$D36,IF($E36=\"kW\",VLOOKUP(I$4,'4. Billing Determinants'!$B$19:$O$41,5,0)/'4. Billing Determinants'!$F$41*$D36,IF($E36=\"Non-RPP kWh\",VLOOKUP(I$4,'4. Billing Determinants'!$B$19:$O$41,6,0)/'4. Billing Determinants'!$G$41*$D36,IF($E36=\"Distribution Rev.\",VLOOKUP(I$4,'4. Billing Determinants'!$B$19:$O$41,8,0)/'4. Billing Determinants'!$I$41*$D36, VLOOKUP(I$4,'4. Billing Determinants'!$B$19:$O$41,3,0)/'4. Billing Determinants'!$D$41*$D36))))),0)","v":0},{"$f":"IFERROR(IF(J$4=\"\",0,IF($E36=\"kWh\",VLOOKUP(J$4,'4. Billing Determinants'!$B$19:$O$41,4,0)/'4. Billing Determinants'!$E$41*$D36,IF($E36=\"kW\",VLOOKUP(J$4,'4. Billing Determinants'!$B$19:$O$41,5,0)/'4. Billing Determinants'!$F$41*$D36,IF($E36=\"Non-RPP kWh\",VLOOKUP(J$4,'4. Billing Determinants'!$B$19:$O$41,6,0)/'4. Billing Determinants'!$G$41*$D36,IF($E36=\"Distribution Rev.\",VLOOKUP(J$4,'4. Billing Determinants'!$B$19:$O$41,8,0)/'4. Billing Determinants'!$I$41*$D36, VLOOKUP(J$4,'4. Billing Determinants'!$B$19:$O$41,3,0)/'4. Billing Determinants'!$D$41*$D36))))),0)","v":0},{"$f":"IFERROR(IF(K$4=\"\",0,IF($E36=\"kWh\",VLOOKUP(K$4,'4. Billing Determinants'!$B$19:$O$41,4,0)/'4. Billing Determinants'!$E$41*$D36,IF($E36=\"kW\",VLOOKUP(K$4,'4. Billing Determinants'!$B$19:$O$41,5,0)/'4. Billing Determinants'!$F$41*$D36,IF($E36=\"Non-RPP kWh\",VLOOKUP(K$4,'4. Billing Determinants'!$B$19:$O$41,6,0)/'4. Billing Determinants'!$G$41*$D36,IF($E36=\"Distribution Rev.\",VLOOKUP(K$4,'4. Billing Determinants'!$B$19:$O$41,8,0)/'4. Billing Determinants'!$I$41*$D36, VLOOKUP(K$4,'4. Billing Determinants'!$B$19:$O$41,3,0)/'4. Billing Determinants'!$D$41*$D36))))),0)","v":0},{"$f":"IFERROR(IF(L$4=\"\",0,IF($E36=\"kWh\",VLOOKUP(L$4,'4. Billing Determinants'!$B$19:$O$41,4,0)/'4. Billing Determinants'!$E$41*$D36,IF($E36=\"kW\",VLOOKUP(L$4,'4. Billing Determinants'!$B$19:$O$41,5,0)/'4. Billing Determinants'!$F$41*$D36,IF($E36=\"Non-RPP kWh\",VLOOKUP(L$4,'4. Billing Determinants'!$B$19:$O$41,6,0)/'4. Billing Determinants'!$G$41*$D36,IF($E36=\"Distribution Rev.\",VLOOKUP(L$4,'4. Billing Determinants'!$B$19:$O$41,8,0)/'4. Billing Determinants'!$I$41*$D36, VLOOKUP(L$4,'4. Billing Determinants'!$B$19:$O$41,3,0)/'4. Billing Determinants'!$D$41*$D36))))),0)","v":0},{"$f":"IFERROR(IF(M$4=\"\",0,IF($E36=\"kWh\",VLOOKUP(M$4,'4. Billing Determinants'!$B$19:$O$41,4,0)/'4. Billing Determinants'!$E$41*$D36,IF($E36=\"kW\",VLOOKUP(M$4,'4. Billing Determinants'!$B$19:$O$41,5,0)/'4. Billing Determinants'!$F$41*$D36,IF($E36=\"Non-RPP kWh\",VLOOKUP(M$4,'4. Billing Determinants'!$B$19:$O$41,6,0)/'4. Billing Determinants'!$G$41*$D36,IF($E36=\"Distribution Rev.\",VLOOKUP(M$4,'4. Billing Determinants'!$B$19:$O$41,8,0)/'4. Billing Determinants'!$I$41*$D36, VLOOKUP(M$4,'4. Billing Determinants'!$B$19:$O$41,3,0)/'4. Billing Determinants'!$D$41*$D36))))),0)","v":0},{"$f":"IFERROR(IF(N$4=\"\",0,IF($E36=\"kWh\",VLOOKUP(N$4,'4. Billing Determinants'!$B$19:$O$41,4,0)/'4. Billing Determinants'!$E$41*$D36,IF($E36=\"kW\",VLOOKUP(N$4,'4. Billing Determinants'!$B$19:$O$41,5,0)/'4. Billing Determinants'!$F$41*$D36,IF($E36=\"Non-RPP kWh\",VLOOKUP(N$4,'4. Billing Determinants'!$B$19:$O$41,6,0)/'4. Billing Determinants'!$G$41*$D36,IF($E36=\"Distribution Rev.\",VLOOKUP(N$4,'4. Billing Determinants'!$B$19:$O$41,8,0)/'4. Billing Determinants'!$I$41*$D36, VLOOKUP(N$4,'4. Billing Determinants'!$B$19:$O$41,3,0)/'4. Billing Determinants'!$D$41*$D36))))),0)","v":0},{"$f":"IFERROR(IF(O$4=\"\",0,IF($E36=\"kWh\",VLOOKUP(O$4,'4. Billing Determinants'!$B$19:$O$41,4,0)/'4. Billing Determinants'!$E$41*$D36,IF($E36=\"kW\",VLOOKUP(O$4,'4. Billing Determinants'!$B$19:$O$41,5,0)/'4. Billing Determinants'!$F$41*$D36,IF($E36=\"Non-RPP kWh\",VLOOKUP(O$4,'4. Billing Determinants'!$B$19:$O$41,6,0)/'4. Billing Determinants'!$G$41*$D36,IF($E36=\"Distribution Rev.\",VLOOKUP(O$4,'4. Billing Determinants'!$B$19:$O$41,8,0)/'4. Billing Determinants'!$I$41*$D36, VLOOKUP(O$4,'4. Billing Determinants'!$B$19:$O$41,3,0)/'4. Billing Determinants'!$D$41*$D36))))),0)","v":0},{"$f":"IFERROR(IF(P$4=\"\",0,IF($E36=\"kWh\",VLOOKUP(P$4,'4. Billing Determinants'!$B$19:$O$41,4,0)/'4. Billing Determinants'!$E$41*$D36,IF($E36=\"kW\",VLOOKUP(P$4,'4. Billing Determinants'!$B$19:$O$41,5,0)/'4. Billing Determinants'!$F$41*$D36,IF($E36=\"Non-RPP kWh\",VLOOKUP(P$4,'4. Billing Determinants'!$B$19:$O$41,6,0)/'4. Billing Determinants'!$G$41*$D36,IF($E36=\"Distribution Rev.\",VLOOKUP(P$4,'4. Billing Determinants'!$B$19:$O$41,8,0)/'4. Billing Determinants'!$I$41*$D36, VLOOKUP(P$4,'4. Billing Determinants'!$B$19:$O$41,3,0)/'4. Billing Determinants'!$D$41*$D36))))),0)","v":0},{"$f":"IFERROR(IF(Q$4=\"\",0,IF($E36=\"kWh\",VLOOKUP(Q$4,'4. Billing Determinants'!$B$19:$O$41,4,0)/'4. Billing Determinants'!$E$41*$D36,IF($E36=\"kW\",VLOOKUP(Q$4,'4. Billing Determinants'!$B$19:$O$41,5,0)/'4. Billing Determinants'!$F$41*$D36,IF($E36=\"Non-RPP kWh\",VLOOKUP(Q$4,'4. Billing Determinants'!$B$19:$O$41,6,0)/'4. Billing Determinants'!$G$41*$D36,IF($E36=\"Distribution Rev.\",VLOOKUP(Q$4,'4. Billing Determinants'!$B$19:$O$41,8,0)/'4. Billing Determinants'!$I$41*$D36, VLOOKUP(Q$4,'4. Billing Determinants'!$B$19:$O$41,3,0)/'4. Billing Determinants'!$D$41*$D36))))),0)","v":0},{"$f":"IFERROR(IF(R$4=\"\",0,IF($E36=\"kWh\",VLOOKUP(R$4,'4. Billing Determinants'!$B$19:$O$41,4,0)/'4. Billing Determinants'!$E$41*$D36,IF($E36=\"kW\",VLOOKUP(R$4,'4. Billing Determinants'!$B$19:$O$41,5,0)/'4. Billing Determinants'!$F$41*$D36,IF($E36=\"Non-RPP kWh\",VLOOKUP(R$4,'4. Billing Determinants'!$B$19:$O$41,6,0)/'4. Billing Determinants'!$G$41*$D36,IF($E36=\"Distribution Rev.\",VLOOKUP(R$4,'4. Billing Determinants'!$B$19:$O$41,8,0)/'4. Billing Determinants'!$I$41*$D36, VLOOKUP(R$4,'4. Billing Determinants'!$B$19:$O$41,3,0)/'4. Billing Determinants'!$D$41*$D36))))),0)","v":0},{"$f":"IFERROR(IF(S$4=\"\",0,IF($E36=\"kWh\",VLOOKUP(S$4,'4. Billing Determinants'!$B$19:$O$41,4,0)/'4. Billing Determinants'!$E$41*$D36,IF($E36=\"kW\",VLOOKUP(S$4,'4. Billing Determinants'!$B$19:$O$41,5,0)/'4. Billing Determinants'!$F$41*$D36,IF($E36=\"Non-RPP kWh\",VLOOKUP(S$4,'4. Billing Determinants'!$B$19:$O$41,6,0)/'4. Billing Determinants'!$G$41*$D36,IF($E36=\"Distribution Rev.\",VLOOKUP(S$4,'4. Billing Determinants'!$B$19:$O$41,8,0)/'4. Billing Determinants'!$I$41*$D36, VLOOKUP(S$4,'4. Billing Determinants'!$B$19:$O$41,3,0)/'4. Billing Determinants'!$D$41*$D36))))),0)","v":0},{"$f":"IFERROR(IF(T$4=\"\",0,IF($E36=\"kWh\",VLOOKUP(T$4,'4. Billing Determinants'!$B$19:$O$41,4,0)/'4. Billing Determinants'!$E$41*$D36,IF($E36=\"kW\",VLOOKUP(T$4,'4. Billing Determinants'!$B$19:$O$41,5,0)/'4. Billing Determinants'!$F$41*$D36,IF($E36=\"Non-RPP kWh\",VLOOKUP(T$4,'4. Billing Determinants'!$B$19:$O$41,6,0)/'4. Billing Determinants'!$G$41*$D36,IF($E36=\"Distribution Rev.\",VLOOKUP(T$4,'4. Billing Determinants'!$B$19:$O$41,8,0)/'4. Billing Determinants'!$I$41*$D36, VLOOKUP(T$4,'4. Billing Determinants'!$B$19:$O$41,3,0)/'4. Billing Determinants'!$D$41*$D36))))),0)","v":0},{"$f":"IFERROR(IF(U$4=\"\",0,IF($E36=\"kWh\",VLOOKUP(U$4,'4. Billing Determinants'!$B$19:$O$41,4,0)/'4. Billing Determinants'!$E$41*$D36,IF($E36=\"kW\",VLOOKUP(U$4,'4. Billing Determinants'!$B$19:$O$41,5,0)/'4. Billing Determinants'!$F$41*$D36,IF($E36=\"Non-RPP kWh\",VLOOKUP(U$4,'4. Billing Determinants'!$B$19:$O$41,6,0)/'4. Billing Determinants'!$G$41*$D36,IF($E36=\"Distribution Rev.\",VLOOKUP(U$4,'4. Billing Determinants'!$B$19:$O$41,8,0)/'4. Billing Determinants'!$I$41*$D36, VLOOKUP(U$4,'4. Billing Determinants'!$B$19:$O$41,3,0)/'4. Billing Determinants'!$D$41*$D36))))),0)","v":0},{"$f":"IFERROR(IF(V$4=\"\",0,IF($E36=\"kWh\",VLOOKUP(V$4,'4. Billing Determinants'!$B$19:$O$41,4,0)/'4. Billing Determinants'!$E$41*$D36,IF($E36=\"kW\",VLOOKUP(V$4,'4. Billing Determinants'!$B$19:$O$41,5,0)/'4. Billing Determinants'!$F$41*$D36,IF($E36=\"Non-RPP kWh\",VLOOKUP(V$4,'4. Billing Determinants'!$B$19:$O$41,6,0)/'4. Billing Determinants'!$G$41*$D36,IF($E36=\"Distribution Rev.\",VLOOKUP(V$4,'4. Billing Determinants'!$B$19:$O$41,8,0)/'4. Billing Determinants'!$I$41*$D36, VLOOKUP(V$4,'4. Billing Determinants'!$B$19:$O$41,3,0)/'4. Billing Determinants'!$D$41*$D36))))),0)","v":0},{"$f":"IFERROR(IF(W$4=\"\",0,IF($E36=\"kWh\",VLOOKUP(W$4,'4. Billing Determinants'!$B$19:$O$41,4,0)/'4. Billing Determinants'!$E$41*$D36,IF($E36=\"kW\",VLOOKUP(W$4,'4. Billing Determinants'!$B$19:$O$41,5,0)/'4. Billing Determinants'!$F$41*$D36,IF($E36=\"Non-RPP kWh\",VLOOKUP(W$4,'4. Billing Determinants'!$B$19:$O$41,6,0)/'4. Billing Determinants'!$G$41*$D36,IF($E36=\"Distribution Rev.\",VLOOKUP(W$4,'4. Billing Determinants'!$B$19:$O$41,8,0)/'4. Billing Determinants'!$I$41*$D36, VLOOKUP(W$4,'4. Billing Determinants'!$B$19:$O$41,3,0)/'4. Billing Determinants'!$D$41*$D36))))),0)","v":0},{"$f":"IFERROR(IF(X$4=\"\",0,IF($E36=\"kWh\",VLOOKUP(X$4,'4. Billing Determinants'!$B$19:$O$41,4,0)/'4. Billing Determinants'!$E$41*$D36,IF($E36=\"kW\",VLOOKUP(X$4,'4. Billing Determinants'!$B$19:$O$41,5,0)/'4. Billing Determinants'!$F$41*$D36,IF($E36=\"Non-RPP kWh\",VLOOKUP(X$4,'4. Billing Determinants'!$B$19:$O$41,6,0)/'4. Billing Determinants'!$G$41*$D36,IF($E36=\"Distribution Rev.\",VLOOKUP(X$4,'4. Billing Determinants'!$B$19:$O$41,8,0)/'4. Billing Determinants'!$I$41*$D36, VLOOKUP(X$4,'4. Billing Determinants'!$B$19:$O$41,3,0)/'4. Billing Determinants'!$D$41*$D36))))),0)","v":0},{"$f":"IFERROR(IF(Y$4=\"\",0,IF($E36=\"kWh\",VLOOKUP(Y$4,'4. Billing Determinants'!$B$19:$O$41,4,0)/'4. Billing Determinants'!$E$41*$D36,IF($E36=\"kW\",VLOOKUP(Y$4,'4. Billing Determinants'!$B$19:$O$41,5,0)/'4. Billing Determinants'!$F$41*$D36,IF($E36=\"Non-RPP kWh\",VLOOKUP(Y$4,'4. Billing Determinants'!$B$19:$O$41,6,0)/'4. Billing Determinants'!$G$41*$D36,IF($E36=\"Distribution Rev.\",VLOOKUP(Y$4,'4. Billing Determinants'!$B$19:$O$41,8,0)/'4. Billing Determinants'!$I$41*$D36, VLOOKUP(Y$4,'4. Billing Determinants'!$B$19:$O$41,3,0)/'4. Billing Determinants'!$D$41*$D36))))),0)","v":0}]
[null,"RSVA - One-time",1582,{"$f":"'2. 2013 Continuity Schedule'!CP60","v":0},null,{"$f":"IFERROR(IF(F$4=\"\",0,IF($E37=\"kWh\",VLOOKUP(F$4,'4. Billing Determinants'!$B$19:$O$41,4,0)/'4. Billing Determinants'!$E$41*$D37,IF($E37=\"kW\",VLOOKUP(F$4,'4. Billing Determinants'!$B$19:$O$41,5,0)/'4. Billing Determinants'!$F$41*$D37,IF($E37=\"Non-RPP kWh\",VLOOKUP(F$4,'4. Billing Determinants'!$B$19:$O$41,6,0)/'4. Billing Determinants'!$G$41*$D37,IF($E37=\"Distribution Rev.\",VLOOKUP(F$4,'4. Billing Determinants'!$B$19:$O$41,8,0)/'4. Billing Determinants'!$I$41*$D37, VLOOKUP(F$4,'4. Billing Determinants'!$B$19:$O$41,3,0)/'4. Billing Determinants'!$D$41*$D37))))),0)","v":0},{"$f":"IFERROR(IF(G$4=\"\",0,IF($E37=\"kWh\",VLOOKUP(G$4,'4. Billing Determinants'!$B$19:$O$41,4,0)/'4. Billing Determinants'!$E$41*$D37,IF($E37=\"kW\",VLOOKUP(G$4,'4. Billing Determinants'!$B$19:$O$41,5,0)/'4. Billing Determinants'!$F$41*$D37,IF($E37=\"Non-RPP kWh\",VLOOKUP(G$4,'4. Billing Determinants'!$B$19:$O$41,6,0)/'4. Billing Determinants'!$G$41*$D37,IF($E37=\"Distribution Rev.\",VLOOKUP(G$4,'4. Billing Determinants'!$B$19:$O$41,8,0)/'4. Billing Determinants'!$I$41*$D37, VLOOKUP(G$4,'4. Billing Determinants'!$B$19:$O$41,3,0)/'4. Billing Determinants'!$D$41*$D37))))),0)","v":0},{"$f":"IFERROR(IF(H$4=\"\",0,IF($E37=\"kWh\",VLOOKUP(H$4,'4. Billing Determinants'!$B$19:$O$41,4,0)/'4. Billing Determinants'!$E$41*$D37,IF($E37=\"kW\",VLOOKUP(H$4,'4. Billing Determinants'!$B$19:$O$41,5,0)/'4. Billing Determinants'!$F$41*$D37,IF($E37=\"Non-RPP kWh\",VLOOKUP(H$4,'4. Billing Determinants'!$B$19:$O$41,6,0)/'4. Billing Determinants'!$G$41*$D37,IF($E37=\"Distribution Rev.\",VLOOKUP(H$4,'4. Billing Determinants'!$B$19:$O$41,8,0)/'4. Billing Determinants'!$I$41*$D37, VLOOKUP(H$4,'4. Billing Determinants'!$B$19:$O$41,3,0)/'4. Billing Determinants'!$D$41*$D37))))),0)","v":0},{"$f":"IFERROR(IF(I$4=\"\",0,IF($E37=\"kWh\",VLOOKUP(I$4,'4. Billing Determinants'!$B$19:$O$41,4,0)/'4. Billing Determinants'!$E$41*$D37,IF($E37=\"kW\",VLOOKUP(I$4,'4. Billing Determinants'!$B$19:$O$41,5,0)/'4. Billing Determinants'!$F$41*$D37,IF($E37=\"Non-RPP kWh\",VLOOKUP(I$4,'4. Billing Determinants'!$B$19:$O$41,6,0)/'4. Billing Determinants'!$G$41*$D37,IF($E37=\"Distribution Rev.\",VLOOKUP(I$4,'4. Billing Determinants'!$B$19:$O$41,8,0)/'4. Billing Determinants'!$I$41*$D37, VLOOKUP(I$4,'4. Billing Determinants'!$B$19:$O$41,3,0)/'4. Billing Determinants'!$D$41*$D37))))),0)","v":0},{"$f":"IFERROR(IF(J$4=\"\",0,IF($E37=\"kWh\",VLOOKUP(J$4,'4. Billing Determinants'!$B$19:$O$41,4,0)/'4. Billing Determinants'!$E$41*$D37,IF($E37=\"kW\",VLOOKUP(J$4,'4. Billing Determinants'!$B$19:$O$41,5,0)/'4. Billing Determinants'!$F$41*$D37,IF($E37=\"Non-RPP kWh\",VLOOKUP(J$4,'4. Billing Determinants'!$B$19:$O$41,6,0)/'4. Billing Determinants'!$G$41*$D37,IF($E37=\"Distribution Rev.\",VLOOKUP(J$4,'4. Billing Determinants'!$B$19:$O$41,8,0)/'4. Billing Determinants'!$I$41*$D37, VLOOKUP(J$4,'4. Billing Determinants'!$B$19:$O$41,3,0)/'4. Billing Determinants'!$D$41*$D37))))),0)","v":0},{"$f":"IFERROR(IF(K$4=\"\",0,IF($E37=\"kWh\",VLOOKUP(K$4,'4. Billing Determinants'!$B$19:$O$41,4,0)/'4. Billing Determinants'!$E$41*$D37,IF($E37=\"kW\",VLOOKUP(K$4,'4. Billing Determinants'!$B$19:$O$41,5,0)/'4. Billing Determinants'!$F$41*$D37,IF($E37=\"Non-RPP kWh\",VLOOKUP(K$4,'4. Billing Determinants'!$B$19:$O$41,6,0)/'4. Billing Determinants'!$G$41*$D37,IF($E37=\"Distribution Rev.\",VLOOKUP(K$4,'4. Billing Determinants'!$B$19:$O$41,8,0)/'4. Billing Determinants'!$I$41*$D37, VLOOKUP(K$4,'4. Billing Determinants'!$B$19:$O$41,3,0)/'4. Billing Determinants'!$D$41*$D37))))),0)","v":0},{"$f":"IFERROR(IF(L$4=\"\",0,IF($E37=\"kWh\",VLOOKUP(L$4,'4. Billing Determinants'!$B$19:$O$41,4,0)/'4. Billing Determinants'!$E$41*$D37,IF($E37=\"kW\",VLOOKUP(L$4,'4. Billing Determinants'!$B$19:$O$41,5,0)/'4. Billing Determinants'!$F$41*$D37,IF($E37=\"Non-RPP kWh\",VLOOKUP(L$4,'4. Billing Determinants'!$B$19:$O$41,6,0)/'4. Billing Determinants'!$G$41*$D37,IF($E37=\"Distribution Rev.\",VLOOKUP(L$4,'4. Billing Determinants'!$B$19:$O$41,8,0)/'4. Billing Determinants'!$I$41*$D37, VLOOKUP(L$4,'4. Billing Determinants'!$B$19:$O$41,3,0)/'4. Billing Determinants'!$D$41*$D37))))),0)","v":0},{"$f":"IFERROR(IF(M$4=\"\",0,IF($E37=\"kWh\",VLOOKUP(M$4,'4. Billing Determinants'!$B$19:$O$41,4,0)/'4. Billing Determinants'!$E$41*$D37,IF($E37=\"kW\",VLOOKUP(M$4,'4. Billing Determinants'!$B$19:$O$41,5,0)/'4. Billing Determinants'!$F$41*$D37,IF($E37=\"Non-RPP kWh\",VLOOKUP(M$4,'4. Billing Determinants'!$B$19:$O$41,6,0)/'4. Billing Determinants'!$G$41*$D37,IF($E37=\"Distribution Rev.\",VLOOKUP(M$4,'4. Billing Determinants'!$B$19:$O$41,8,0)/'4. Billing Determinants'!$I$41*$D37, VLOOKUP(M$4,'4. Billing Determinants'!$B$19:$O$41,3,0)/'4. Billing Determinants'!$D$41*$D37))))),0)","v":0},{"$f":"IFERROR(IF(N$4=\"\",0,IF($E37=\"kWh\",VLOOKUP(N$4,'4. Billing Determinants'!$B$19:$O$41,4,0)/'4. Billing Determinants'!$E$41*$D37,IF($E37=\"kW\",VLOOKUP(N$4,'4. Billing Determinants'!$B$19:$O$41,5,0)/'4. Billing Determinants'!$F$41*$D37,IF($E37=\"Non-RPP kWh\",VLOOKUP(N$4,'4. Billing Determinants'!$B$19:$O$41,6,0)/'4. Billing Determinants'!$G$41*$D37,IF($E37=\"Distribution Rev.\",VLOOKUP(N$4,'4. Billing Determinants'!$B$19:$O$41,8,0)/'4. Billing Determinants'!$I$41*$D37, VLOOKUP(N$4,'4. Billing Determinants'!$B$19:$O$41,3,0)/'4. Billing Determinants'!$D$41*$D37))))),0)","v":0},{"$f":"IFERROR(IF(O$4=\"\",0,IF($E37=\"kWh\",VLOOKUP(O$4,'4. Billing Determinants'!$B$19:$O$41,4,0)/'4. Billing Determinants'!$E$41*$D37,IF($E37=\"kW\",VLOOKUP(O$4,'4. Billing Determinants'!$B$19:$O$41,5,0)/'4. Billing Determinants'!$F$41*$D37,IF($E37=\"Non-RPP kWh\",VLOOKUP(O$4,'4. Billing Determinants'!$B$19:$O$41,6,0)/'4. Billing Determinants'!$G$41*$D37,IF($E37=\"Distribution Rev.\",VLOOKUP(O$4,'4. Billing Determinants'!$B$19:$O$41,8,0)/'4. Billing Determinants'!$I$41*$D37, VLOOKUP(O$4,'4. Billing Determinants'!$B$19:$O$41,3,0)/'4. Billing Determinants'!$D$41*$D37))))),0)","v":0},{"$f":"IFERROR(IF(P$4=\"\",0,IF($E37=\"kWh\",VLOOKUP(P$4,'4. Billing Determinants'!$B$19:$O$41,4,0)/'4. Billing Determinants'!$E$41*$D37,IF($E37=\"kW\",VLOOKUP(P$4,'4. Billing Determinants'!$B$19:$O$41,5,0)/'4. Billing Determinants'!$F$41*$D37,IF($E37=\"Non-RPP kWh\",VLOOKUP(P$4,'4. Billing Determinants'!$B$19:$O$41,6,0)/'4. Billing Determinants'!$G$41*$D37,IF($E37=\"Distribution Rev.\",VLOOKUP(P$4,'4. Billing Determinants'!$B$19:$O$41,8,0)/'4. Billing Determinants'!$I$41*$D37, VLOOKUP(P$4,'4. Billing Determinants'!$B$19:$O$41,3,0)/'4. Billing Determinants'!$D$41*$D37))))),0)","v":0},{"$f":"IFERROR(IF(Q$4=\"\",0,IF($E37=\"kWh\",VLOOKUP(Q$4,'4. Billing Determinants'!$B$19:$O$41,4,0)/'4. Billing Determinants'!$E$41*$D37,IF($E37=\"kW\",VLOOKUP(Q$4,'4. Billing Determinants'!$B$19:$O$41,5,0)/'4. Billing Determinants'!$F$41*$D37,IF($E37=\"Non-RPP kWh\",VLOOKUP(Q$4,'4. Billing Determinants'!$B$19:$O$41,6,0)/'4. Billing Determinants'!$G$41*$D37,IF($E37=\"Distribution Rev.\",VLOOKUP(Q$4,'4. Billing Determinants'!$B$19:$O$41,8,0)/'4. Billing Determinants'!$I$41*$D37, VLOOKUP(Q$4,'4. Billing Determinants'!$B$19:$O$41,3,0)/'4. Billing Determinants'!$D$41*$D37))))),0)","v":0},{"$f":"IFERROR(IF(R$4=\"\",0,IF($E37=\"kWh\",VLOOKUP(R$4,'4. Billing Determinants'!$B$19:$O$41,4,0)/'4. Billing Determinants'!$E$41*$D37,IF($E37=\"kW\",VLOOKUP(R$4,'4. Billing Determinants'!$B$19:$O$41,5,0)/'4. Billing Determinants'!$F$41*$D37,IF($E37=\"Non-RPP kWh\",VLOOKUP(R$4,'4. Billing Determinants'!$B$19:$O$41,6,0)/'4. Billing Determinants'!$G$41*$D37,IF($E37=\"Distribution Rev.\",VLOOKUP(R$4,'4. Billing Determinants'!$B$19:$O$41,8,0)/'4. Billing Determinants'!$I$41*$D37, VLOOKUP(R$4,'4. Billing Determinants'!$B$19:$O$41,3,0)/'4. Billing Determinants'!$D$41*$D37))))),0)","v":0},{"$f":"IFERROR(IF(S$4=\"\",0,IF($E37=\"kWh\",VLOOKUP(S$4,'4. Billing Determinants'!$B$19:$O$41,4,0)/'4. Billing Determinants'!$E$41*$D37,IF($E37=\"kW\",VLOOKUP(S$4,'4. Billing Determinants'!$B$19:$O$41,5,0)/'4. Billing Determinants'!$F$41*$D37,IF($E37=\"Non-RPP kWh\",VLOOKUP(S$4,'4. Billing Determinants'!$B$19:$O$41,6,0)/'4. Billing Determinants'!$G$41*$D37,IF($E37=\"Distribution Rev.\",VLOOKUP(S$4,'4. Billing Determinants'!$B$19:$O$41,8,0)/'4. Billing Determinants'!$I$41*$D37, VLOOKUP(S$4,'4. Billing Determinants'!$B$19:$O$41,3,0)/'4. Billing Determinants'!$D$41*$D37))))),0)","v":0},{"$f":"IFERROR(IF(T$4=\"\",0,IF($E37=\"kWh\",VLOOKUP(T$4,'4. Billing Determinants'!$B$19:$O$41,4,0)/'4. Billing Determinants'!$E$41*$D37,IF($E37=\"kW\",VLOOKUP(T$4,'4. Billing Determinants'!$B$19:$O$41,5,0)/'4. Billing Determinants'!$F$41*$D37,IF($E37=\"Non-RPP kWh\",VLOOKUP(T$4,'4. Billing Determinants'!$B$19:$O$41,6,0)/'4. Billing Determinants'!$G$41*$D37,IF($E37=\"Distribution Rev.\",VLOOKUP(T$4,'4. Billing Determinants'!$B$19:$O$41,8,0)/'4. Billing Determinants'!$I$41*$D37, VLOOKUP(T$4,'4. Billing Determinants'!$B$19:$O$41,3,0)/'4. Billing Determinants'!$D$41*$D37))))),0)","v":0},{"$f":"IFERROR(IF(U$4=\"\",0,IF($E37=\"kWh\",VLOOKUP(U$4,'4. Billing Determinants'!$B$19:$O$41,4,0)/'4. Billing Determinants'!$E$41*$D37,IF($E37=\"kW\",VLOOKUP(U$4,'4. Billing Determinants'!$B$19:$O$41,5,0)/'4. Billing Determinants'!$F$41*$D37,IF($E37=\"Non-RPP kWh\",VLOOKUP(U$4,'4. Billing Determinants'!$B$19:$O$41,6,0)/'4. Billing Determinants'!$G$41*$D37,IF($E37=\"Distribution Rev.\",VLOOKUP(U$4,'4. Billing Determinants'!$B$19:$O$41,8,0)/'4. Billing Determinants'!$I$41*$D37, VLOOKUP(U$4,'4. Billing Determinants'!$B$19:$O$41,3,0)/'4. Billing Determinants'!$D$41*$D37))))),0)","v":0},{"$f":"IFERROR(IF(V$4=\"\",0,IF($E37=\"kWh\",VLOOKUP(V$4,'4. Billing Determinants'!$B$19:$O$41,4,0)/'4. Billing Determinants'!$E$41*$D37,IF($E37=\"kW\",VLOOKUP(V$4,'4. Billing Determinants'!$B$19:$O$41,5,0)/'4. Billing Determinants'!$F$41*$D37,IF($E37=\"Non-RPP kWh\",VLOOKUP(V$4,'4. Billing Determinants'!$B$19:$O$41,6,0)/'4. Billing Determinants'!$G$41*$D37,IF($E37=\"Distribution Rev.\",VLOOKUP(V$4,'4. Billing Determinants'!$B$19:$O$41,8,0)/'4. Billing Determinants'!$I$41*$D37, VLOOKUP(V$4,'4. Billing Determinants'!$B$19:$O$41,3,0)/'4. Billing Determinants'!$D$41*$D37))))),0)","v":0},{"$f":"IFERROR(IF(W$4=\"\",0,IF($E37=\"kWh\",VLOOKUP(W$4,'4. Billing Determinants'!$B$19:$O$41,4,0)/'4. Billing Determinants'!$E$41*$D37,IF($E37=\"kW\",VLOOKUP(W$4,'4. Billing Determinants'!$B$19:$O$41,5,0)/'4. Billing Determinants'!$F$41*$D37,IF($E37=\"Non-RPP kWh\",VLOOKUP(W$4,'4. Billing Determinants'!$B$19:$O$41,6,0)/'4. Billing Determinants'!$G$41*$D37,IF($E37=\"Distribution Rev.\",VLOOKUP(W$4,'4. Billing Determinants'!$B$19:$O$41,8,0)/'4. Billing Determinants'!$I$41*$D37, VLOOKUP(W$4,'4. Billing Determinants'!$B$19:$O$41,3,0)/'4. Billing Determinants'!$D$41*$D37))))),0)","v":0},{"$f":"IFERROR(IF(X$4=\"\",0,IF($E37=\"kWh\",VLOOKUP(X$4,'4. Billing Determinants'!$B$19:$O$41,4,0)/'4. Billing Determinants'!$E$41*$D37,IF($E37=\"kW\",VLOOKUP(X$4,'4. Billing Determinants'!$B$19:$O$41,5,0)/'4. Billing Determinants'!$F$41*$D37,IF($E37=\"Non-RPP kWh\",VLOOKUP(X$4,'4. Billing Determinants'!$B$19:$O$41,6,0)/'4. Billing Determinants'!$G$41*$D37,IF($E37=\"Distribution Rev.\",VLOOKUP(X$4,'4. Billing Determinants'!$B$19:$O$41,8,0)/'4. Billing Determinants'!$I$41*$D37, VLOOKUP(X$4,'4. Billing Determinants'!$B$19:$O$41,3,0)/'4. Billing Determinants'!$D$41*$D37))))),0)","v":0},{"$f":"IFERROR(IF(Y$4=\"\",0,IF($E37=\"kWh\",VLOOKUP(Y$4,'4. Billing Determinants'!$B$19:$O$41,4,0)/'4. Billing Determinants'!$E$41*$D37,IF($E37=\"kW\",VLOOKUP(Y$4,'4. Billing Determinants'!$B$19:$O$41,5,0)/'4. Billing Determinants'!$F$41*$D37,IF($E37=\"Non-RPP kWh\",VLOOKUP(Y$4,'4. Billing Determinants'!$B$19:$O$41,6,0)/'4. Billing Determinants'!$G$41*$D37,IF($E37=\"Distribution Rev.\",VLOOKUP(Y$4,'4. Billing Determinants'!$B$19:$O$41,8,0)/'4. Billing Determinants'!$I$41*$D37, VLOOKUP(Y$4,'4. Billing Determinants'!$B$19:$O$41,3,0)/'4. Billing Determinants'!$D$41*$D37))))),0)","v":0}]
[null,"Other Deferred Credits",2425,{"$f":"'2. 2013 Continuity Schedule'!CP61","v":0},null,{"$f":"IFERROR(IF(F$4=\"\",0,IF($E38=\"kWh\",VLOOKUP(F$4,'4. Billing Determinants'!$B$19:$O$41,4,0)/'4. Billing Determinants'!$E$41*$D38,IF($E38=\"kW\",VLOOKUP(F$4,'4. Billing Determinants'!$B$19:$O$41,5,0)/'4. Billing Determinants'!$F$41*$D38,IF($E38=\"Non-RPP kWh\",VLOOKUP(F$4,'4. Billing Determinants'!$B$19:$O$41,6,0)/'4. Billing Determinants'!$G$41*$D38,IF($E38=\"Distribution Rev.\",VLOOKUP(F$4,'4. Billing Determinants'!$B$19:$O$41,8,0)/'4. Billing Determinants'!$I$41*$D38, VLOOKUP(F$4,'4. Billing Determinants'!$B$19:$O$41,3,0)/'4. Billing Determinants'!$D$41*$D38))))),0)","v":0},{"$f":"IFERROR(IF(G$4=\"\",0,IF($E38=\"kWh\",VLOOKUP(G$4,'4. Billing Determinants'!$B$19:$O$41,4,0)/'4. Billing Determinants'!$E$41*$D38,IF($E38=\"kW\",VLOOKUP(G$4,'4. Billing Determinants'!$B$19:$O$41,5,0)/'4. Billing Determinants'!$F$41*$D38,IF($E38=\"Non-RPP kWh\",VLOOKUP(G$4,'4. Billing Determinants'!$B$19:$O$41,6,0)/'4. Billing Determinants'!$G$41*$D38,IF($E38=\"Distribution Rev.\",VLOOKUP(G$4,'4. Billing Determinants'!$B$19:$O$41,8,0)/'4. Billing Determinants'!$I$41*$D38, VLOOKUP(G$4,'4. Billing Determinants'!$B$19:$O$41,3,0)/'4. Billing Determinants'!$D$41*$D38))))),0)","v":0},{"$f":"IFERROR(IF(H$4=\"\",0,IF($E38=\"kWh\",VLOOKUP(H$4,'4. Billing Determinants'!$B$19:$O$41,4,0)/'4. Billing Determinants'!$E$41*$D38,IF($E38=\"kW\",VLOOKUP(H$4,'4. Billing Determinants'!$B$19:$O$41,5,0)/'4. Billing Determinants'!$F$41*$D38,IF($E38=\"Non-RPP kWh\",VLOOKUP(H$4,'4. Billing Determinants'!$B$19:$O$41,6,0)/'4. Billing Determinants'!$G$41*$D38,IF($E38=\"Distribution Rev.\",VLOOKUP(H$4,'4. Billing Determinants'!$B$19:$O$41,8,0)/'4. Billing Determinants'!$I$41*$D38, VLOOKUP(H$4,'4. Billing Determinants'!$B$19:$O$41,3,0)/'4. Billing Determinants'!$D$41*$D38))))),0)","v":0},{"$f":"IFERROR(IF(I$4=\"\",0,IF($E38=\"kWh\",VLOOKUP(I$4,'4. Billing Determinants'!$B$19:$O$41,4,0)/'4. Billing Determinants'!$E$41*$D38,IF($E38=\"kW\",VLOOKUP(I$4,'4. Billing Determinants'!$B$19:$O$41,5,0)/'4. Billing Determinants'!$F$41*$D38,IF($E38=\"Non-RPP kWh\",VLOOKUP(I$4,'4. Billing Determinants'!$B$19:$O$41,6,0)/'4. Billing Determinants'!$G$41*$D38,IF($E38=\"Distribution Rev.\",VLOOKUP(I$4,'4. Billing Determinants'!$B$19:$O$41,8,0)/'4. Billing Determinants'!$I$41*$D38, VLOOKUP(I$4,'4. Billing Determinants'!$B$19:$O$41,3,0)/'4. Billing Determinants'!$D$41*$D38))))),0)","v":0},{"$f":"IFERROR(IF(J$4=\"\",0,IF($E38=\"kWh\",VLOOKUP(J$4,'4. Billing Determinants'!$B$19:$O$41,4,0)/'4. Billing Determinants'!$E$41*$D38,IF($E38=\"kW\",VLOOKUP(J$4,'4. Billing Determinants'!$B$19:$O$41,5,0)/'4. Billing Determinants'!$F$41*$D38,IF($E38=\"Non-RPP kWh\",VLOOKUP(J$4,'4. Billing Determinants'!$B$19:$O$41,6,0)/'4. Billing Determinants'!$G$41*$D38,IF($E38=\"Distribution Rev.\",VLOOKUP(J$4,'4. Billing Determinants'!$B$19:$O$41,8,0)/'4. Billing Determinants'!$I$41*$D38, VLOOKUP(J$4,'4. Billing Determinants'!$B$19:$O$41,3,0)/'4. Billing Determinants'!$D$41*$D38))))),0)","v":0},{"$f":"IFERROR(IF(K$4=\"\",0,IF($E38=\"kWh\",VLOOKUP(K$4,'4. Billing Determinants'!$B$19:$O$41,4,0)/'4. Billing Determinants'!$E$41*$D38,IF($E38=\"kW\",VLOOKUP(K$4,'4. Billing Determinants'!$B$19:$O$41,5,0)/'4. Billing Determinants'!$F$41*$D38,IF($E38=\"Non-RPP kWh\",VLOOKUP(K$4,'4. Billing Determinants'!$B$19:$O$41,6,0)/'4. Billing Determinants'!$G$41*$D38,IF($E38=\"Distribution Rev.\",VLOOKUP(K$4,'4. Billing Determinants'!$B$19:$O$41,8,0)/'4. Billing Determinants'!$I$41*$D38, VLOOKUP(K$4,'4. Billing Determinants'!$B$19:$O$41,3,0)/'4. Billing Determinants'!$D$41*$D38))))),0)","v":0},{"$f":"IFERROR(IF(L$4=\"\",0,IF($E38=\"kWh\",VLOOKUP(L$4,'4. Billing Determinants'!$B$19:$O$41,4,0)/'4. Billing Determinants'!$E$41*$D38,IF($E38=\"kW\",VLOOKUP(L$4,'4. Billing Determinants'!$B$19:$O$41,5,0)/'4. Billing Determinants'!$F$41*$D38,IF($E38=\"Non-RPP kWh\",VLOOKUP(L$4,'4. Billing Determinants'!$B$19:$O$41,6,0)/'4. Billing Determinants'!$G$41*$D38,IF($E38=\"Distribution Rev.\",VLOOKUP(L$4,'4. Billing Determinants'!$B$19:$O$41,8,0)/'4. Billing Determinants'!$I$41*$D38, VLOOKUP(L$4,'4. Billing Determinants'!$B$19:$O$41,3,0)/'4. Billing Determinants'!$D$41*$D38))))),0)","v":0},{"$f":"IFERROR(IF(M$4=\"\",0,IF($E38=\"kWh\",VLOOKUP(M$4,'4. Billing Determinants'!$B$19:$O$41,4,0)/'4. Billing Determinants'!$E$41*$D38,IF($E38=\"kW\",VLOOKUP(M$4,'4. Billing Determinants'!$B$19:$O$41,5,0)/'4. Billing Determinants'!$F$41*$D38,IF($E38=\"Non-RPP kWh\",VLOOKUP(M$4,'4. Billing Determinants'!$B$19:$O$41,6,0)/'4. Billing Determinants'!$G$41*$D38,IF($E38=\"Distribution Rev.\",VLOOKUP(M$4,'4. Billing Determinants'!$B$19:$O$41,8,0)/'4. Billing Determinants'!$I$41*$D38, VLOOKUP(M$4,'4. Billing Determinants'!$B$19:$O$41,3,0)/'4. Billing Determinants'!$D$41*$D38))))),0)","v":0},{"$f":"IFERROR(IF(N$4=\"\",0,IF($E38=\"kWh\",VLOOKUP(N$4,'4. Billing Determinants'!$B$19:$O$41,4,0)/'4. Billing Determinants'!$E$41*$D38,IF($E38=\"kW\",VLOOKUP(N$4,'4. Billing Determinants'!$B$19:$O$41,5,0)/'4. Billing Determinants'!$F$41*$D38,IF($E38=\"Non-RPP kWh\",VLOOKUP(N$4,'4. Billing Determinants'!$B$19:$O$41,6,0)/'4. Billing Determinants'!$G$41*$D38,IF($E38=\"Distribution Rev.\",VLOOKUP(N$4,'4. Billing Determinants'!$B$19:$O$41,8,0)/'4. Billing Determinants'!$I$41*$D38, VLOOKUP(N$4,'4. Billing Determinants'!$B$19:$O$41,3,0)/'4. Billing Determinants'!$D$41*$D38))))),0)","v":0},{"$f":"IFERROR(IF(O$4=\"\",0,IF($E38=\"kWh\",VLOOKUP(O$4,'4. Billing Determinants'!$B$19:$O$41,4,0)/'4. Billing Determinants'!$E$41*$D38,IF($E38=\"kW\",VLOOKUP(O$4,'4. Billing Determinants'!$B$19:$O$41,5,0)/'4. Billing Determinants'!$F$41*$D38,IF($E38=\"Non-RPP kWh\",VLOOKUP(O$4,'4. Billing Determinants'!$B$19:$O$41,6,0)/'4. Billing Determinants'!$G$41*$D38,IF($E38=\"Distribution Rev.\",VLOOKUP(O$4,'4. Billing Determinants'!$B$19:$O$41,8,0)/'4. Billing Determinants'!$I$41*$D38, VLOOKUP(O$4,'4. Billing Determinants'!$B$19:$O$41,3,0)/'4. Billing Determinants'!$D$41*$D38))))),0)","v":0},{"$f":"IFERROR(IF(P$4=\"\",0,IF($E38=\"kWh\",VLOOKUP(P$4,'4. Billing Determinants'!$B$19:$O$41,4,0)/'4. Billing Determinants'!$E$41*$D38,IF($E38=\"kW\",VLOOKUP(P$4,'4. Billing Determinants'!$B$19:$O$41,5,0)/'4. Billing Determinants'!$F$41*$D38,IF($E38=\"Non-RPP kWh\",VLOOKUP(P$4,'4. Billing Determinants'!$B$19:$O$41,6,0)/'4. Billing Determinants'!$G$41*$D38,IF($E38=\"Distribution Rev.\",VLOOKUP(P$4,'4. Billing Determinants'!$B$19:$O$41,8,0)/'4. Billing Determinants'!$I$41*$D38, VLOOKUP(P$4,'4. Billing Determinants'!$B$19:$O$41,3,0)/'4. Billing Determinants'!$D$41*$D38))))),0)","v":0},{"$f":"IFERROR(IF(Q$4=\"\",0,IF($E38=\"kWh\",VLOOKUP(Q$4,'4. Billing Determinants'!$B$19:$O$41,4,0)/'4. Billing Determinants'!$E$41*$D38,IF($E38=\"kW\",VLOOKUP(Q$4,'4. Billing Determinants'!$B$19:$O$41,5,0)/'4. Billing Determinants'!$F$41*$D38,IF($E38=\"Non-RPP kWh\",VLOOKUP(Q$4,'4. Billing Determinants'!$B$19:$O$41,6,0)/'4. Billing Determinants'!$G$41*$D38,IF($E38=\"Distribution Rev.\",VLOOKUP(Q$4,'4. Billing Determinants'!$B$19:$O$41,8,0)/'4. Billing Determinants'!$I$41*$D38, VLOOKUP(Q$4,'4. Billing Determinants'!$B$19:$O$41,3,0)/'4. Billing Determinants'!$D$41*$D38))))),0)","v":0},{"$f":"IFERROR(IF(R$4=\"\",0,IF($E38=\"kWh\",VLOOKUP(R$4,'4. Billing Determinants'!$B$19:$O$41,4,0)/'4. Billing Determinants'!$E$41*$D38,IF($E38=\"kW\",VLOOKUP(R$4,'4. Billing Determinants'!$B$19:$O$41,5,0)/'4. Billing Determinants'!$F$41*$D38,IF($E38=\"Non-RPP kWh\",VLOOKUP(R$4,'4. Billing Determinants'!$B$19:$O$41,6,0)/'4. Billing Determinants'!$G$41*$D38,IF($E38=\"Distribution Rev.\",VLOOKUP(R$4,'4. Billing Determinants'!$B$19:$O$41,8,0)/'4. Billing Determinants'!$I$41*$D38, VLOOKUP(R$4,'4. Billing Determinants'!$B$19:$O$41,3,0)/'4. Billing Determinants'!$D$41*$D38))))),0)","v":0},{"$f":"IFERROR(IF(S$4=\"\",0,IF($E38=\"kWh\",VLOOKUP(S$4,'4. Billing Determinants'!$B$19:$O$41,4,0)/'4. Billing Determinants'!$E$41*$D38,IF($E38=\"kW\",VLOOKUP(S$4,'4. Billing Determinants'!$B$19:$O$41,5,0)/'4. Billing Determinants'!$F$41*$D38,IF($E38=\"Non-RPP kWh\",VLOOKUP(S$4,'4. Billing Determinants'!$B$19:$O$41,6,0)/'4. Billing Determinants'!$G$41*$D38,IF($E38=\"Distribution Rev.\",VLOOKUP(S$4,'4. Billing Determinants'!$B$19:$O$41,8,0)/'4. Billing Determinants'!$I$41*$D38, VLOOKUP(S$4,'4. Billing Determinants'!$B$19:$O$41,3,0)/'4. Billing Determinants'!$D$41*$D38))))),0)","v":0},{"$f":"IFERROR(IF(T$4=\"\",0,IF($E38=\"kWh\",VLOOKUP(T$4,'4. Billing Determinants'!$B$19:$O$41,4,0)/'4. Billing Determinants'!$E$41*$D38,IF($E38=\"kW\",VLOOKUP(T$4,'4. Billing Determinants'!$B$19:$O$41,5,0)/'4. Billing Determinants'!$F$41*$D38,IF($E38=\"Non-RPP kWh\",VLOOKUP(T$4,'4. Billing Determinants'!$B$19:$O$41,6,0)/'4. Billing Determinants'!$G$41*$D38,IF($E38=\"Distribution Rev.\",VLOOKUP(T$4,'4. Billing Determinants'!$B$19:$O$41,8,0)/'4. Billing Determinants'!$I$41*$D38, VLOOKUP(T$4,'4. Billing Determinants'!$B$19:$O$41,3,0)/'4. Billing Determinants'!$D$41*$D38))))),0)","v":0},{"$f":"IFERROR(IF(U$4=\"\",0,IF($E38=\"kWh\",VLOOKUP(U$4,'4. Billing Determinants'!$B$19:$O$41,4,0)/'4. Billing Determinants'!$E$41*$D38,IF($E38=\"kW\",VLOOKUP(U$4,'4. Billing Determinants'!$B$19:$O$41,5,0)/'4. Billing Determinants'!$F$41*$D38,IF($E38=\"Non-RPP kWh\",VLOOKUP(U$4,'4. Billing Determinants'!$B$19:$O$41,6,0)/'4. Billing Determinants'!$G$41*$D38,IF($E38=\"Distribution Rev.\",VLOOKUP(U$4,'4. Billing Determinants'!$B$19:$O$41,8,0)/'4. Billing Determinants'!$I$41*$D38, VLOOKUP(U$4,'4. Billing Determinants'!$B$19:$O$41,3,0)/'4. Billing Determinants'!$D$41*$D38))))),0)","v":0},{"$f":"IFERROR(IF(V$4=\"\",0,IF($E38=\"kWh\",VLOOKUP(V$4,'4. Billing Determinants'!$B$19:$O$41,4,0)/'4. Billing Determinants'!$E$41*$D38,IF($E38=\"kW\",VLOOKUP(V$4,'4. Billing Determinants'!$B$19:$O$41,5,0)/'4. Billing Determinants'!$F$41*$D38,IF($E38=\"Non-RPP kWh\",VLOOKUP(V$4,'4. Billing Determinants'!$B$19:$O$41,6,0)/'4. Billing Determinants'!$G$41*$D38,IF($E38=\"Distribution Rev.\",VLOOKUP(V$4,'4. Billing Determinants'!$B$19:$O$41,8,0)/'4. Billing Determinants'!$I$41*$D38, VLOOKUP(V$4,'4. Billing Determinants'!$B$19:$O$41,3,0)/'4. Billing Determinants'!$D$41*$D38))))),0)","v":0},{"$f":"IFERROR(IF(W$4=\"\",0,IF($E38=\"kWh\",VLOOKUP(W$4,'4. Billing Determinants'!$B$19:$O$41,4,0)/'4. Billing Determinants'!$E$41*$D38,IF($E38=\"kW\",VLOOKUP(W$4,'4. Billing Determinants'!$B$19:$O$41,5,0)/'4. Billing Determinants'!$F$41*$D38,IF($E38=\"Non-RPP kWh\",VLOOKUP(W$4,'4. Billing Determinants'!$B$19:$O$41,6,0)/'4. Billing Determinants'!$G$41*$D38,IF($E38=\"Distribution Rev.\",VLOOKUP(W$4,'4. Billing Determinants'!$B$19:$O$41,8,0)/'4. Billing Determinants'!$I$41*$D38, VLOOKUP(W$4,'4. Billing Determinants'!$B$19:$O$41,3,0)/'4. Billing Determinants'!$D$41*$D38))))),0)","v":0},{"$f":"IFERROR(IF(X$4=\"\",0,IF($E38=\"kWh\",VLOOKUP(X$4,'4. Billing Determinants'!$B$19:$O$41,4,0)/'4. Billing Determinants'!$E$41*$D38,IF($E38=\"kW\",VLOOKUP(X$4,'4. Billing Determinants'!$B$19:$O$41,5,0)/'4. Billing Determinants'!$F$41*$D38,IF($E38=\"Non-RPP kWh\",VLOOKUP(X$4,'4. Billing Determinants'!$B$19:$O$41,6,0)/'4. Billing Determinants'!$G$41*$D38,IF($E38=\"Distribution Rev.\",VLOOKUP(X$4,'4. Billing Determinants'!$B$19:$O$41,8,0)/'4. Billing Determinants'!$I$41*$D38, VLOOKUP(X$4,'4. Billing Determinants'!$B$19:$O$41,3,0)/'4. Billing Determinants'!$D$41*$D38))))),0)","v":0},{"$f":"IFERROR(IF(Y$4=\"\",0,IF($E38=\"kWh\",VLOOKUP(Y$4,'4. Billing Determinants'!$B$19:$O$41,4,0)/'4. Billing Determinants'!$E$41*$D38,IF($E38=\"kW\",VLOOKUP(Y$4,'4. Billing Determinants'!$B$19:$O$41,5,0)/'4. Billing Determinants'!$F$41*$D38,IF($E38=\"Non-RPP kWh\",VLOOKUP(Y$4,'4. Billing Determinants'!$B$19:$O$41,6,0)/'4. Billing Determinants'!$G$41*$D38,IF($E38=\"Distribution Rev.\",VLOOKUP(Y$4,'4. Billing Determinants'!$B$19:$O$41,8,0)/'4. Billing Determinants'!$I$41*$D38, VLOOKUP(Y$4,'4. Billing Determinants'!$B$19:$O$41,3,0)/'4. Billing Determinants'!$D$41*$D38))))),0)","v":0}]
[null,"Total of Group 2 Accounts",null,{"$f":"SUM(D18:D38)","v":0},null,{"$f":"SUM(F18:F38)","v":0},{"$f":"SUM(G18:G38)","v":0},0,0,0,0,0,0,0,0,0,0,0,0,0,0,0,0,0,0]
[]
[null,"Deferred Payments in Lieu of Taxes",1562,{"$f":"'2. 2013 Continuity Schedule'!CP65","v":0},null,{"$f":"IFERROR(IF(F$4=\"\",0,IF($E41=\"kWh\",VLOOKUP(F$4,'4. Billing Determinants'!$B$19:$O$41,4,0)/'4. Billing Determinants'!$E$41*$D41,IF($E41=\"kW\",VLOOKUP(F$4,'4. Billing Determinants'!$B$19:$O$41,5,0)/'4. Billing Determinants'!$F$41*$D41,IF($E41=\"Non-RPP kWh\",VLOOKUP(F$4,'4. Billing Determinants'!$B$19:$O$41,6,0)/'4. Billing Determinants'!$G$41*$D41,IF($E41=\"Distribution Rev.\",VLOOKUP(F$4,'4. Billing Determinants'!$B$19:$O$41,8,0)/'4. Billing Determinants'!$I$41*$D41, VLOOKUP(F$4,'4. Billing Determinants'!$B$19:$O$41,3,0)/'4. Billing Determinants'!$D$41*$D41))))),0)","v":0},{"$f":"IFERROR(IF(G$4=\"\",0,IF($E41=\"kWh\",VLOOKUP(G$4,'4. Billing Determinants'!$B$19:$O$41,4,0)/'4. Billing Determinants'!$E$41*$D41,IF($E41=\"kW\",VLOOKUP(G$4,'4. Billing Determinants'!$B$19:$O$41,5,0)/'4. Billing Determinants'!$F$41*$D41,IF($E41=\"Non-RPP kWh\",VLOOKUP(G$4,'4. Billing Determinants'!$B$19:$O$41,6,0)/'4. Billing Determinants'!$G$41*$D41,IF($E41=\"Distribution Rev.\",VLOOKUP(G$4,'4. Billing Determinants'!$B$19:$O$41,8,0)/'4. Billing Determinants'!$I$41*$D41, VLOOKUP(G$4,'4. Billing Determinants'!$B$19:$O$41,3,0)/'4. Billing Determinants'!$D$41*$D41))))),0)","v":0},{"$f":"IFERROR(IF(H$4=\"\",0,IF($E41=\"kWh\",VLOOKUP(H$4,'4. Billing Determinants'!$B$19:$O$41,4,0)/'4. Billing Determinants'!$E$41*$D41,IF($E41=\"kW\",VLOOKUP(H$4,'4. Billing Determinants'!$B$19:$O$41,5,0)/'4. Billing Determinants'!$F$41*$D41,IF($E41=\"Non-RPP kWh\",VLOOKUP(H$4,'4. Billing Determinants'!$B$19:$O$41,6,0)/'4. Billing Determinants'!$G$41*$D41,IF($E41=\"Distribution Rev.\",VLOOKUP(H$4,'4. Billing Determinants'!$B$19:$O$41,8,0)/'4. Billing Determinants'!$I$41*$D41, VLOOKUP(H$4,'4. Billing Determinants'!$B$19:$O$41,3,0)/'4. Billing Determinants'!$D$41*$D41))))),0)","v":0},{"$f":"IFERROR(IF(I$4=\"\",0,IF($E41=\"kWh\",VLOOKUP(I$4,'4. Billing Determinants'!$B$19:$O$41,4,0)/'4. Billing Determinants'!$E$41*$D41,IF($E41=\"kW\",VLOOKUP(I$4,'4. Billing Determinants'!$B$19:$O$41,5,0)/'4. Billing Determinants'!$F$41*$D41,IF($E41=\"Non-RPP kWh\",VLOOKUP(I$4,'4. Billing Determinants'!$B$19:$O$41,6,0)/'4. Billing Determinants'!$G$41*$D41,IF($E41=\"Distribution Rev.\",VLOOKUP(I$4,'4. Billing Determinants'!$B$19:$O$41,8,0)/'4. Billing Determinants'!$I$41*$D41, VLOOKUP(I$4,'4. Billing Determinants'!$B$19:$O$41,3,0)/'4. Billing Determinants'!$D$41*$D41))))),0)","v":0},{"$f":"IFERROR(IF(J$4=\"\",0,IF($E41=\"kWh\",VLOOKUP(J$4,'4. Billing Determinants'!$B$19:$O$41,4,0)/'4. Billing Determinants'!$E$41*$D41,IF($E41=\"kW\",VLOOKUP(J$4,'4. Billing Determinants'!$B$19:$O$41,5,0)/'4. Billing Determinants'!$F$41*$D41,IF($E41=\"Non-RPP kWh\",VLOOKUP(J$4,'4. Billing Determinants'!$B$19:$O$41,6,0)/'4. Billing Determinants'!$G$41*$D41,IF($E41=\"Distribution Rev.\",VLOOKUP(J$4,'4. Billing Determinants'!$B$19:$O$41,8,0)/'4. Billing Determinants'!$I$41*$D41, VLOOKUP(J$4,'4. Billing Determinants'!$B$19:$O$41,3,0)/'4. Billing Determinants'!$D$41*$D41))))),0)","v":0},{"$f":"IFERROR(IF(K$4=\"\",0,IF($E41=\"kWh\",VLOOKUP(K$4,'4. Billing Determinants'!$B$19:$O$41,4,0)/'4. Billing Determinants'!$E$41*$D41,IF($E41=\"kW\",VLOOKUP(K$4,'4. Billing Determinants'!$B$19:$O$41,5,0)/'4. Billing Determinants'!$F$41*$D41,IF($E41=\"Non-RPP kWh\",VLOOKUP(K$4,'4. Billing Determinants'!$B$19:$O$41,6,0)/'4. Billing Determinants'!$G$41*$D41,IF($E41=\"Distribution Rev.\",VLOOKUP(K$4,'4. Billing Determinants'!$B$19:$O$41,8,0)/'4. Billing Determinants'!$I$41*$D41, VLOOKUP(K$4,'4. Billing Determinants'!$B$19:$O$41,3,0)/'4. Billing Determinants'!$D$41*$D41))))),0)","v":0},{"$f":"IFERROR(IF(L$4=\"\",0,IF($E41=\"kWh\",VLOOKUP(L$4,'4. Billing Determinants'!$B$19:$O$41,4,0)/'4. Billing Determinants'!$E$41*$D41,IF($E41=\"kW\",VLOOKUP(L$4,'4. Billing Determinants'!$B$19:$O$41,5,0)/'4. Billing Determinants'!$F$41*$D41,IF($E41=\"Non-RPP kWh\",VLOOKUP(L$4,'4. Billing Determinants'!$B$19:$O$41,6,0)/'4. Billing Determinants'!$G$41*$D41,IF($E41=\"Distribution Rev.\",VLOOKUP(L$4,'4. Billing Determinants'!$B$19:$O$41,8,0)/'4. Billing Determinants'!$I$41*$D41, VLOOKUP(L$4,'4. Billing Determinants'!$B$19:$O$41,3,0)/'4. Billing Determinants'!$D$41*$D41))))),0)","v":0},{"$f":"IFERROR(IF(M$4=\"\",0,IF($E41=\"kWh\",VLOOKUP(M$4,'4. Billing Determinants'!$B$19:$O$41,4,0)/'4. Billing Determinants'!$E$41*$D41,IF($E41=\"kW\",VLOOKUP(M$4,'4. Billing Determinants'!$B$19:$O$41,5,0)/'4. Billing Determinants'!$F$41*$D41,IF($E41=\"Non-RPP kWh\",VLOOKUP(M$4,'4. Billing Determinants'!$B$19:$O$41,6,0)/'4. Billing Determinants'!$G$41*$D41,IF($E41=\"Distribution Rev.\",VLOOKUP(M$4,'4. Billing Determinants'!$B$19:$O$41,8,0)/'4. Billing Determinants'!$I$41*$D41, VLOOKUP(M$4,'4. Billing Determinants'!$B$19:$O$41,3,0)/'4. Billing Determinants'!$D$41*$D41))))),0)","v":0},{"$f":"IFERROR(IF(N$4=\"\",0,IF($E41=\"kWh\",VLOOKUP(N$4,'4. Billing Determinants'!$B$19:$O$41,4,0)/'4. Billing Determinants'!$E$41*$D41,IF($E41=\"kW\",VLOOKUP(N$4,'4. Billing Determinants'!$B$19:$O$41,5,0)/'4. Billing Determinants'!$F$41*$D41,IF($E41=\"Non-RPP kWh\",VLOOKUP(N$4,'4. Billing Determinants'!$B$19:$O$41,6,0)/'4. Billing Determinants'!$G$41*$D41,IF($E41=\"Distribution Rev.\",VLOOKUP(N$4,'4. Billing Determinants'!$B$19:$O$41,8,0)/'4. Billing Determinants'!$I$41*$D41, VLOOKUP(N$4,'4. Billing Determinants'!$B$19:$O$41,3,0)/'4. Billing Determinants'!$D$41*$D41))))),0)","v":0},{"$f":"IFERROR(IF(O$4=\"\",0,IF($E41=\"kWh\",VLOOKUP(O$4,'4. Billing Determinants'!$B$19:$O$41,4,0)/'4. Billing Determinants'!$E$41*$D41,IF($E41=\"kW\",VLOOKUP(O$4,'4. Billing Determinants'!$B$19:$O$41,5,0)/'4. Billing Determinants'!$F$41*$D41,IF($E41=\"Non-RPP kWh\",VLOOKUP(O$4,'4. Billing Determinants'!$B$19:$O$41,6,0)/'4. Billing Determinants'!$G$41*$D41,IF($E41=\"Distribution Rev.\",VLOOKUP(O$4,'4. Billing Determinants'!$B$19:$O$41,8,0)/'4. Billing Determinants'!$I$41*$D41, VLOOKUP(O$4,'4. Billing Determinants'!$B$19:$O$41,3,0)/'4. Billing Determinants'!$D$41*$D41))))),0)","v":0},{"$f":"IFERROR(IF(P$4=\"\",0,IF($E41=\"kWh\",VLOOKUP(P$4,'4. Billing Determinants'!$B$19:$O$41,4,0)/'4. Billing Determinants'!$E$41*$D41,IF($E41=\"kW\",VLOOKUP(P$4,'4. Billing Determinants'!$B$19:$O$41,5,0)/'4. Billing Determinants'!$F$41*$D41,IF($E41=\"Non-RPP kWh\",VLOOKUP(P$4,'4. Billing Determinants'!$B$19:$O$41,6,0)/'4. Billing Determinants'!$G$41*$D41,IF($E41=\"Distribution Rev.\",VLOOKUP(P$4,'4. Billing Determinants'!$B$19:$O$41,8,0)/'4. Billing Determinants'!$I$41*$D41, VLOOKUP(P$4,'4. Billing Determinants'!$B$19:$O$41,3,0)/'4. Billing Determinants'!$D$41*$D41))))),0)","v":0},{"$f":"IFERROR(IF(Q$4=\"\",0,IF($E41=\"kWh\",VLOOKUP(Q$4,'4. Billing Determinants'!$B$19:$O$41,4,0)/'4. Billing Determinants'!$E$41*$D41,IF($E41=\"kW\",VLOOKUP(Q$4,'4. Billing Determinants'!$B$19:$O$41,5,0)/'4. Billing Determinants'!$F$41*$D41,IF($E41=\"Non-RPP kWh\",VLOOKUP(Q$4,'4. Billing Determinants'!$B$19:$O$41,6,0)/'4. Billing Determinants'!$G$41*$D41,IF($E41=\"Distribution Rev.\",VLOOKUP(Q$4,'4. Billing Determinants'!$B$19:$O$41,8,0)/'4. Billing Determinants'!$I$41*$D41, VLOOKUP(Q$4,'4. Billing Determinants'!$B$19:$O$41,3,0)/'4. Billing Determinants'!$D$41*$D41))))),0)","v":0},{"$f":"IFERROR(IF(R$4=\"\",0,IF($E41=\"kWh\",VLOOKUP(R$4,'4. Billing Determinants'!$B$19:$O$41,4,0)/'4. Billing Determinants'!$E$41*$D41,IF($E41=\"kW\",VLOOKUP(R$4,'4. Billing Determinants'!$B$19:$O$41,5,0)/'4. Billing Determinants'!$F$41*$D41,IF($E41=\"Non-RPP kWh\",VLOOKUP(R$4,'4. Billing Determinants'!$B$19:$O$41,6,0)/'4. Billing Determinants'!$G$41*$D41,IF($E41=\"Distribution Rev.\",VLOOKUP(R$4,'4. Billing Determinants'!$B$19:$O$41,8,0)/'4. Billing Determinants'!$I$41*$D41, VLOOKUP(R$4,'4. Billing Determinants'!$B$19:$O$41,3,0)/'4. Billing Determinants'!$D$41*$D41))))),0)","v":0},{"$f":"IFERROR(IF(S$4=\"\",0,IF($E41=\"kWh\",VLOOKUP(S$4,'4. Billing Determinants'!$B$19:$O$41,4,0)/'4. Billing Determinants'!$E$41*$D41,IF($E41=\"kW\",VLOOKUP(S$4,'4. Billing Determinants'!$B$19:$O$41,5,0)/'4. Billing Determinants'!$F$41*$D41,IF($E41=\"Non-RPP kWh\",VLOOKUP(S$4,'4. Billing Determinants'!$B$19:$O$41,6,0)/'4. Billing Determinants'!$G$41*$D41,IF($E41=\"Distribution Rev.\",VLOOKUP(S$4,'4. Billing Determinants'!$B$19:$O$41,8,0)/'4. Billing Determinants'!$I$41*$D41, VLOOKUP(S$4,'4. Billing Determinants'!$B$19:$O$41,3,0)/'4. Billing Determinants'!$D$41*$D41))))),0)","v":0},{"$f":"IFERROR(IF(T$4=\"\",0,IF($E41=\"kWh\",VLOOKUP(T$4,'4. Billing Determinants'!$B$19:$O$41,4,0)/'4. Billing Determinants'!$E$41*$D41,IF($E41=\"kW\",VLOOKUP(T$4,'4. Billing Determinants'!$B$19:$O$41,5,0)/'4. Billing Determinants'!$F$41*$D41,IF($E41=\"Non-RPP kWh\",VLOOKUP(T$4,'4. Billing Determinants'!$B$19:$O$41,6,0)/'4. Billing Determinants'!$G$41*$D41,IF($E41=\"Distribution Rev.\",VLOOKUP(T$4,'4. Billing Determinants'!$B$19:$O$41,8,0)/'4. Billing Determinants'!$I$41*$D41, VLOOKUP(T$4,'4. Billing Determinants'!$B$19:$O$41,3,0)/'4. Billing Determinants'!$D$41*$D41))))),0)","v":0},{"$f":"IFERROR(IF(U$4=\"\",0,IF($E41=\"kWh\",VLOOKUP(U$4,'4. Billing Determinants'!$B$19:$O$41,4,0)/'4. Billing Determinants'!$E$41*$D41,IF($E41=\"kW\",VLOOKUP(U$4,'4. Billing Determinants'!$B$19:$O$41,5,0)/'4. Billing Determinants'!$F$41*$D41,IF($E41=\"Non-RPP kWh\",VLOOKUP(U$4,'4. Billing Determinants'!$B$19:$O$41,6,0)/'4. Billing Determinants'!$G$41*$D41,IF($E41=\"Distribution Rev.\",VLOOKUP(U$4,'4. Billing Determinants'!$B$19:$O$41,8,0)/'4. Billing Determinants'!$I$41*$D41, VLOOKUP(U$4,'4. Billing Determinants'!$B$19:$O$41,3,0)/'4. Billing Determinants'!$D$41*$D41))))),0)","v":0},{"$f":"IFERROR(IF(V$4=\"\",0,IF($E41=\"kWh\",VLOOKUP(V$4,'4. Billing Determinants'!$B$19:$O$41,4,0)/'4. Billing Determinants'!$E$41*$D41,IF($E41=\"kW\",VLOOKUP(V$4,'4. Billing Determinants'!$B$19:$O$41,5,0)/'4. Billing Determinants'!$F$41*$D41,IF($E41=\"Non-RPP kWh\",VLOOKUP(V$4,'4. Billing Determinants'!$B$19:$O$41,6,0)/'4. Billing Determinants'!$G$41*$D41,IF($E41=\"Distribution Rev.\",VLOOKUP(V$4,'4. Billing Determinants'!$B$19:$O$41,8,0)/'4. Billing Determinants'!$I$41*$D41, VLOOKUP(V$4,'4. Billing Determinants'!$B$19:$O$41,3,0)/'4. Billing Determinants'!$D$41*$D41))))),0)","v":0},{"$f":"IFERROR(IF(W$4=\"\",0,IF($E41=\"kWh\",VLOOKUP(W$4,'4. Billing Determinants'!$B$19:$O$41,4,0)/'4. Billing Determinants'!$E$41*$D41,IF($E41=\"kW\",VLOOKUP(W$4,'4. Billing Determinants'!$B$19:$O$41,5,0)/'4. Billing Determinants'!$F$41*$D41,IF($E41=\"Non-RPP kWh\",VLOOKUP(W$4,'4. Billing Determinants'!$B$19:$O$41,6,0)/'4. Billing Determinants'!$G$41*$D41,IF($E41=\"Distribution Rev.\",VLOOKUP(W$4,'4. Billing Determinants'!$B$19:$O$41,8,0)/'4. Billing Determinants'!$I$41*$D41, VLOOKUP(W$4,'4. Billing Determinants'!$B$19:$O$41,3,0)/'4. Billing Determinants'!$D$41*$D41))))),0)","v":0},{"$f":"IFERROR(IF(X$4=\"\",0,IF($E41=\"kWh\",VLOOKUP(X$4,'4. Billing Determinants'!$B$19:$O$41,4,0)/'4. Billing Determinants'!$E$41*$D41,IF($E41=\"kW\",VLOOKUP(X$4,'4. Billing Determinants'!$B$19:$O$41,5,0)/'4. Billing Determinants'!$F$41*$D41,IF($E41=\"Non-RPP kWh\",VLOOKUP(X$4,'4. Billing Determinants'!$B$19:$O$41,6,0)/'4. Billing Determinants'!$G$41*$D41,IF($E41=\"Distribution Rev.\",VLOOKUP(X$4,'4. Billing Determinants'!$B$19:$O$41,8,0)/'4. Billing Determinants'!$I$41*$D41, VLOOKUP(X$4,'4. Billing Determinants'!$B$19:$O$41,3,0)/'4. Billing Determinants'!$D$41*$D41))))),0)","v":0},{"$f":"IFERROR(IF(Y$4=\"\",0,IF($E41=\"kWh\",VLOOKUP(Y$4,'4. Billing Determinants'!$B$19:$O$41,4,0)/'4. Billing Determinants'!$E$41*$D41,IF($E41=\"kW\",VLOOKUP(Y$4,'4. Billing Determinants'!$B$19:$O$41,5,0)/'4. Billing Determinants'!$F$41*$D41,IF($E41=\"Non-RPP kWh\",VLOOKUP(Y$4,'4. Billing Determinants'!$B$19:$O$41,6,0)/'4. Billing Determinants'!$G$41*$D41,IF($E41=\"Distribution Rev.\",VLOOKUP(Y$4,'4. Billing Determinants'!$B$19:$O$41,8,0)/'4. Billing Determinants'!$I$41*$D41, VLOOKUP(Y$4,'4. Billing Determinants'!$B$19:$O$41,3,0)/'4. Billing Determinants'!$D$41*$D41))))),0)","v":0}]
[null,"PILs and Tax Variance for 2006 and Subsequent Years \n      (excludes sub-account and contra account)",1592,{"$f":"'2. 2013 Continuity Schedule'!CP66","v":0},null,{"$f":"IFERROR(IF(F$4=\"\",0,IF($E42=\"kWh\",VLOOKUP(F$4,'4. Billing Determinants'!$B$19:$O$41,4,0)/'4. Billing Determinants'!$E$41*$D42,IF($E42=\"kW\",VLOOKUP(F$4,'4. Billing Determinants'!$B$19:$O$41,5,0)/'4. Billing Determinants'!$F$41*$D42,IF($E42=\"Non-RPP kWh\",VLOOKUP(F$4,'4. Billing Determinants'!$B$19:$O$41,6,0)/'4. Billing Determinants'!$G$41*$D42,IF($E42=\"Distribution Rev.\",VLOOKUP(F$4,'4. Billing Determinants'!$B$19:$O$41,8,0)/'4. Billing Determinants'!$I$41*$D42, VLOOKUP(F$4,'4. Billing Determinants'!$B$19:$O$41,3,0)/'4. Billing Determinants'!$D$41*$D42))))),0)","v":0},{"$f":"IFERROR(IF(G$4=\"\",0,IF($E42=\"kWh\",VLOOKUP(G$4,'4. Billing Determinants'!$B$19:$O$41,4,0)/'4. Billing Determinants'!$E$41*$D42,IF($E42=\"kW\",VLOOKUP(G$4,'4. Billing Determinants'!$B$19:$O$41,5,0)/'4. Billing Determinants'!$F$41*$D42,IF($E42=\"Non-RPP kWh\",VLOOKUP(G$4,'4. Billing Determinants'!$B$19:$O$41,6,0)/'4. Billing Determinants'!$G$41*$D42,IF($E42=\"Distribution Rev.\",VLOOKUP(G$4,'4. Billing Determinants'!$B$19:$O$41,8,0)/'4. Billing Determinants'!$I$41*$D42, VLOOKUP(G$4,'4. Billing Determinants'!$B$19:$O$41,3,0)/'4. Billing Determinants'!$D$41*$D42))))),0)","v":0},{"$f":"IFERROR(IF(H$4=\"\",0,IF($E42=\"kWh\",VLOOKUP(H$4,'4. Billing Determinants'!$B$19:$O$41,4,0)/'4. Billing Determinants'!$E$41*$D42,IF($E42=\"kW\",VLOOKUP(H$4,'4. Billing Determinants'!$B$19:$O$41,5,0)/'4. Billing Determinants'!$F$41*$D42,IF($E42=\"Non-RPP kWh\",VLOOKUP(H$4,'4. Billing Determinants'!$B$19:$O$41,6,0)/'4. Billing Determinants'!$G$41*$D42,IF($E42=\"Distribution Rev.\",VLOOKUP(H$4,'4. Billing Determinants'!$B$19:$O$41,8,0)/'4. Billing Determinants'!$I$41*$D42, VLOOKUP(H$4,'4. Billing Determinants'!$B$19:$O$41,3,0)/'4. Billing Determinants'!$D$41*$D42))))),0)","v":0},{"$f":"IFERROR(IF(I$4=\"\",0,IF($E42=\"kWh\",VLOOKUP(I$4,'4. Billing Determinants'!$B$19:$O$41,4,0)/'4. Billing Determinants'!$E$41*$D42,IF($E42=\"kW\",VLOOKUP(I$4,'4. Billing Determinants'!$B$19:$O$41,5,0)/'4. Billing Determinants'!$F$41*$D42,IF($E42=\"Non-RPP kWh\",VLOOKUP(I$4,'4. Billing Determinants'!$B$19:$O$41,6,0)/'4. Billing Determinants'!$G$41*$D42,IF($E42=\"Distribution Rev.\",VLOOKUP(I$4,'4. Billing Determinants'!$B$19:$O$41,8,0)/'4. Billing Determinants'!$I$41*$D42, VLOOKUP(I$4,'4. Billing Determinants'!$B$19:$O$41,3,0)/'4. Billing Determinants'!$D$41*$D42))))),0)","v":0},{"$f":"IFERROR(IF(J$4=\"\",0,IF($E42=\"kWh\",VLOOKUP(J$4,'4. Billing Determinants'!$B$19:$O$41,4,0)/'4. Billing Determinants'!$E$41*$D42,IF($E42=\"kW\",VLOOKUP(J$4,'4. Billing Determinants'!$B$19:$O$41,5,0)/'4. Billing Determinants'!$F$41*$D42,IF($E42=\"Non-RPP kWh\",VLOOKUP(J$4,'4. Billing Determinants'!$B$19:$O$41,6,0)/'4. Billing Determinants'!$G$41*$D42,IF($E42=\"Distribution Rev.\",VLOOKUP(J$4,'4. Billing Determinants'!$B$19:$O$41,8,0)/'4. Billing Determinants'!$I$41*$D42, VLOOKUP(J$4,'4. Billing Determinants'!$B$19:$O$41,3,0)/'4. Billing Determinants'!$D$41*$D42))))),0)","v":0},{"$f":"IFERROR(IF(K$4=\"\",0,IF($E42=\"kWh\",VLOOKUP(K$4,'4. Billing Determinants'!$B$19:$O$41,4,0)/'4. Billing Determinants'!$E$41*$D42,IF($E42=\"kW\",VLOOKUP(K$4,'4. Billing Determinants'!$B$19:$O$41,5,0)/'4. Billing Determinants'!$F$41*$D42,IF($E42=\"Non-RPP kWh\",VLOOKUP(K$4,'4. Billing Determinants'!$B$19:$O$41,6,0)/'4. Billing Determinants'!$G$41*$D42,IF($E42=\"Distribution Rev.\",VLOOKUP(K$4,'4. Billing Determinants'!$B$19:$O$41,8,0)/'4. Billing Determinants'!$I$41*$D42, VLOOKUP(K$4,'4. Billing Determinants'!$B$19:$O$41,3,0)/'4. Billing Determinants'!$D$41*$D42))))),0)","v":0},{"$f":"IFERROR(IF(L$4=\"\",0,IF($E42=\"kWh\",VLOOKUP(L$4,'4. Billing Determinants'!$B$19:$O$41,4,0)/'4. Billing Determinants'!$E$41*$D42,IF($E42=\"kW\",VLOOKUP(L$4,'4. Billing Determinants'!$B$19:$O$41,5,0)/'4. Billing Determinants'!$F$41*$D42,IF($E42=\"Non-RPP kWh\",VLOOKUP(L$4,'4. Billing Determinants'!$B$19:$O$41,6,0)/'4. Billing Determinants'!$G$41*$D42,IF($E42=\"Distribution Rev.\",VLOOKUP(L$4,'4. Billing Determinants'!$B$19:$O$41,8,0)/'4. Billing Determinants'!$I$41*$D42, VLOOKUP(L$4,'4. Billing Determinants'!$B$19:$O$41,3,0)/'4. Billing Determinants'!$D$41*$D42))))),0)","v":0},{"$f":"IFERROR(IF(M$4=\"\",0,IF($E42=\"kWh\",VLOOKUP(M$4,'4. Billing Determinants'!$B$19:$O$41,4,0)/'4. Billing Determinants'!$E$41*$D42,IF($E42=\"kW\",VLOOKUP(M$4,'4. Billing Determinants'!$B$19:$O$41,5,0)/'4. Billing Determinants'!$F$41*$D42,IF($E42=\"Non-RPP kWh\",VLOOKUP(M$4,'4. Billing Determinants'!$B$19:$O$41,6,0)/'4. Billing Determinants'!$G$41*$D42,IF($E42=\"Distribution Rev.\",VLOOKUP(M$4,'4. Billing Determinants'!$B$19:$O$41,8,0)/'4. Billing Determinants'!$I$41*$D42, VLOOKUP(M$4,'4. Billing Determinants'!$B$19:$O$41,3,0)/'4. Billing Determinants'!$D$41*$D42))))),0)","v":0},{"$f":"IFERROR(IF(N$4=\"\",0,IF($E42=\"kWh\",VLOOKUP(N$4,'4. Billing Determinants'!$B$19:$O$41,4,0)/'4. Billing Determinants'!$E$41*$D42,IF($E42=\"kW\",VLOOKUP(N$4,'4. Billing Determinants'!$B$19:$O$41,5,0)/'4. Billing Determinants'!$F$41*$D42,IF($E42=\"Non-RPP kWh\",VLOOKUP(N$4,'4. Billing Determinants'!$B$19:$O$41,6,0)/'4. Billing Determinants'!$G$41*$D42,IF($E42=\"Distribution Rev.\",VLOOKUP(N$4,'4. Billing Determinants'!$B$19:$O$41,8,0)/'4. Billing Determinants'!$I$41*$D42, VLOOKUP(N$4,'4. Billing Determinants'!$B$19:$O$41,3,0)/'4. Billing Determinants'!$D$41*$D42))))),0)","v":0},{"$f":"IFERROR(IF(O$4=\"\",0,IF($E42=\"kWh\",VLOOKUP(O$4,'4. Billing Determinants'!$B$19:$O$41,4,0)/'4. Billing Determinants'!$E$41*$D42,IF($E42=\"kW\",VLOOKUP(O$4,'4. Billing Determinants'!$B$19:$O$41,5,0)/'4. Billing Determinants'!$F$41*$D42,IF($E42=\"Non-RPP kWh\",VLOOKUP(O$4,'4. Billing Determinants'!$B$19:$O$41,6,0)/'4. Billing Determinants'!$G$41*$D42,IF($E42=\"Distribution Rev.\",VLOOKUP(O$4,'4. Billing Determinants'!$B$19:$O$41,8,0)/'4. Billing Determinants'!$I$41*$D42, VLOOKUP(O$4,'4. Billing Determinants'!$B$19:$O$41,3,0)/'4. Billing Determinants'!$D$41*$D42))))),0)","v":0},{"$f":"IFERROR(IF(P$4=\"\",0,IF($E42=\"kWh\",VLOOKUP(P$4,'4. Billing Determinants'!$B$19:$O$41,4,0)/'4. Billing Determinants'!$E$41*$D42,IF($E42=\"kW\",VLOOKUP(P$4,'4. Billing Determinants'!$B$19:$O$41,5,0)/'4. Billing Determinants'!$F$41*$D42,IF($E42=\"Non-RPP kWh\",VLOOKUP(P$4,'4. Billing Determinants'!$B$19:$O$41,6,0)/'4. Billing Determinants'!$G$41*$D42,IF($E42=\"Distribution Rev.\",VLOOKUP(P$4,'4. Billing Determinants'!$B$19:$O$41,8,0)/'4. Billing Determinants'!$I$41*$D42, VLOOKUP(P$4,'4. Billing Determinants'!$B$19:$O$41,3,0)/'4. Billing Determinants'!$D$41*$D42))))),0)","v":0},{"$f":"IFERROR(IF(Q$4=\"\",0,IF($E42=\"kWh\",VLOOKUP(Q$4,'4. Billing Determinants'!$B$19:$O$41,4,0)/'4. Billing Determinants'!$E$41*$D42,IF($E42=\"kW\",VLOOKUP(Q$4,'4. Billing Determinants'!$B$19:$O$41,5,0)/'4. Billing Determinants'!$F$41*$D42,IF($E42=\"Non-RPP kWh\",VLOOKUP(Q$4,'4. Billing Determinants'!$B$19:$O$41,6,0)/'4. Billing Determinants'!$G$41*$D42,IF($E42=\"Distribution Rev.\",VLOOKUP(Q$4,'4. Billing Determinants'!$B$19:$O$41,8,0)/'4. Billing Determinants'!$I$41*$D42, VLOOKUP(Q$4,'4. Billing Determinants'!$B$19:$O$41,3,0)/'4. Billing Determinants'!$D$41*$D42))))),0)","v":0},{"$f":"IFERROR(IF(R$4=\"\",0,IF($E42=\"kWh\",VLOOKUP(R$4,'4. Billing Determinants'!$B$19:$O$41,4,0)/'4. Billing Determinants'!$E$41*$D42,IF($E42=\"kW\",VLOOKUP(R$4,'4. Billing Determinants'!$B$19:$O$41,5,0)/'4. Billing Determinants'!$F$41*$D42,IF($E42=\"Non-RPP kWh\",VLOOKUP(R$4,'4. Billing Determinants'!$B$19:$O$41,6,0)/'4. Billing Determinants'!$G$41*$D42,IF($E42=\"Distribution Rev.\",VLOOKUP(R$4,'4. Billing Determinants'!$B$19:$O$41,8,0)/'4. Billing Determinants'!$I$41*$D42, VLOOKUP(R$4,'4. Billing Determinants'!$B$19:$O$41,3,0)/'4. Billing Determinants'!$D$41*$D42))))),0)","v":0},{"$f":"IFERROR(IF(S$4=\"\",0,IF($E42=\"kWh\",VLOOKUP(S$4,'4. Billing Determinants'!$B$19:$O$41,4,0)/'4. Billing Determinants'!$E$41*$D42,IF($E42=\"kW\",VLOOKUP(S$4,'4. Billing Determinants'!$B$19:$O$41,5,0)/'4. Billing Determinants'!$F$41*$D42,IF($E42=\"Non-RPP kWh\",VLOOKUP(S$4,'4. Billing Determinants'!$B$19:$O$41,6,0)/'4. Billing Determinants'!$G$41*$D42,IF($E42=\"Distribution Rev.\",VLOOKUP(S$4,'4. Billing Determinants'!$B$19:$O$41,8,0)/'4. Billing Determinants'!$I$41*$D42, VLOOKUP(S$4,'4. Billing Determinants'!$B$19:$O$41,3,0)/'4. Billing Determinants'!$D$41*$D42))))),0)","v":0},{"$f":"IFERROR(IF(T$4=\"\",0,IF($E42=\"kWh\",VLOOKUP(T$4,'4. Billing Determinants'!$B$19:$O$41,4,0)/'4. Billing Determinants'!$E$41*$D42,IF($E42=\"kW\",VLOOKUP(T$4,'4. Billing Determinants'!$B$19:$O$41,5,0)/'4. Billing Determinants'!$F$41*$D42,IF($E42=\"Non-RPP kWh\",VLOOKUP(T$4,'4. Billing Determinants'!$B$19:$O$41,6,0)/'4. Billing Determinants'!$G$41*$D42,IF($E42=\"Distribution Rev.\",VLOOKUP(T$4,'4. Billing Determinants'!$B$19:$O$41,8,0)/'4. Billing Determinants'!$I$41*$D42, VLOOKUP(T$4,'4. Billing Determinants'!$B$19:$O$41,3,0)/'4. Billing Determinants'!$D$41*$D42))))),0)","v":0},{"$f":"IFERROR(IF(U$4=\"\",0,IF($E42=\"kWh\",VLOOKUP(U$4,'4. Billing Determinants'!$B$19:$O$41,4,0)/'4. Billing Determinants'!$E$41*$D42,IF($E42=\"kW\",VLOOKUP(U$4,'4. Billing Determinants'!$B$19:$O$41,5,0)/'4. Billing Determinants'!$F$41*$D42,IF($E42=\"Non-RPP kWh\",VLOOKUP(U$4,'4. Billing Determinants'!$B$19:$O$41,6,0)/'4. Billing Determinants'!$G$41*$D42,IF($E42=\"Distribution Rev.\",VLOOKUP(U$4,'4. Billing Determinants'!$B$19:$O$41,8,0)/'4. Billing Determinants'!$I$41*$D42, VLOOKUP(U$4,'4. Billing Determinants'!$B$19:$O$41,3,0)/'4. Billing Determinants'!$D$41*$D42))))),0)","v":0},{"$f":"IFERROR(IF(V$4=\"\",0,IF($E42=\"kWh\",VLOOKUP(V$4,'4. Billing Determinants'!$B$19:$O$41,4,0)/'4. Billing Determinants'!$E$41*$D42,IF($E42=\"kW\",VLOOKUP(V$4,'4. Billing Determinants'!$B$19:$O$41,5,0)/'4. Billing Determinants'!$F$41*$D42,IF($E42=\"Non-RPP kWh\",VLOOKUP(V$4,'4. Billing Determinants'!$B$19:$O$41,6,0)/'4. Billing Determinants'!$G$41*$D42,IF($E42=\"Distribution Rev.\",VLOOKUP(V$4,'4. Billing Determinants'!$B$19:$O$41,8,0)/'4. Billing Determinants'!$I$41*$D42, VLOOKUP(V$4,'4. Billing Determinants'!$B$19:$O$41,3,0)/'4. Billing Determinants'!$D$41*$D42))))),0)","v":0},{"$f":"IFERROR(IF(W$4=\"\",0,IF($E42=\"kWh\",VLOOKUP(W$4,'4. Billing Determinants'!$B$19:$O$41,4,0)/'4. Billing Determinants'!$E$41*$D42,IF($E42=\"kW\",VLOOKUP(W$4,'4. Billing Determinants'!$B$19:$O$41,5,0)/'4. Billing Determinants'!$F$41*$D42,IF($E42=\"Non-RPP kWh\",VLOOKUP(W$4,'4. Billing Determinants'!$B$19:$O$41,6,0)/'4. Billing Determinants'!$G$41*$D42,IF($E42=\"Distribution Rev.\",VLOOKUP(W$4,'4. Billing Determinants'!$B$19:$O$41,8,0)/'4. Billing Determinants'!$I$41*$D42, VLOOKUP(W$4,'4. Billing Determinants'!$B$19:$O$41,3,0)/'4. Billing Determinants'!$D$41*$D42))))),0)","v":0},{"$f":"IFERROR(IF(X$4=\"\",0,IF($E42=\"kWh\",VLOOKUP(X$4,'4. Billing Determinants'!$B$19:$O$41,4,0)/'4. Billing Determinants'!$E$41*$D42,IF($E42=\"kW\",VLOOKUP(X$4,'4. Billing Determinants'!$B$19:$O$41,5,0)/'4. Billing Determinants'!$F$41*$D42,IF($E42=\"Non-RPP kWh\",VLOOKUP(X$4,'4. Billing Determinants'!$B$19:$O$41,6,0)/'4. Billing Determinants'!$G$41*$D42,IF($E42=\"Distribution Rev.\",VLOOKUP(X$4,'4. Billing Determinants'!$B$19:$O$41,8,0)/'4. Billing Determinants'!$I$41*$D42, VLOOKUP(X$4,'4. Billing Determinants'!$B$19:$O$41,3,0)/'4. Billing Determinants'!$D$41*$D42))))),0)","v":0},{"$f":"IFERROR(IF(Y$4=\"\",0,IF($E42=\"kWh\",VLOOKUP(Y$4,'4. Billing Determinants'!$B$19:$O$41,4,0)/'4. Billing Determinants'!$E$41*$D42,IF($E42=\"kW\",VLOOKUP(Y$4,'4. Billing Determinants'!$B$19:$O$41,5,0)/'4. Billing Determinants'!$F$41*$D42,IF($E42=\"Non-RPP kWh\",VLOOKUP(Y$4,'4. Billing Determinants'!$B$19:$O$41,6,0)/'4. Billing Determinants'!$G$41*$D42,IF($E42=\"Distribution Rev.\",VLOOKUP(Y$4,'4. Billing Determinants'!$B$19:$O$41,8,0)/'4. Billing Determinants'!$I$41*$D42, VLOOKUP(Y$4,'4. Billing Determinants'!$B$19:$O$41,3,0)/'4. Billing Determinants'!$D$41*$D42))))),0)","v":0}]
[null,"PILs and Tax Variance for 2006 and Subsequent Years -\n      Sub-Account HST/OVAT Input Tax Credits (ITCs)",1592,{"$f":"'2. 2013 Continuity Schedule'!CP67","v":0},null,{"$f":"IFERROR(IF(F$4=\"\",0,IF($E43=\"kWh\",VLOOKUP(F$4,'4. Billing Determinants'!$B$19:$O$41,4,0)/'4. Billing Determinants'!$E$41*$D43,IF($E43=\"kW\",VLOOKUP(F$4,'4. Billing Determinants'!$B$19:$O$41,5,0)/'4. Billing Determinants'!$F$41*$D43,IF($E43=\"Non-RPP kWh\",VLOOKUP(F$4,'4. Billing Determinants'!$B$19:$O$41,6,0)/'4. Billing Determinants'!$G$41*$D43,IF($E43=\"Distribution Rev.\",VLOOKUP(F$4,'4. Billing Determinants'!$B$19:$O$41,8,0)/'4. Billing Determinants'!$I$41*$D43, VLOOKUP(F$4,'4. Billing Determinants'!$B$19:$O$41,3,0)/'4. Billing Determinants'!$D$41*$D43))))),0)","v":0},{"$f":"IFERROR(IF(G$4=\"\",0,IF($E43=\"kWh\",VLOOKUP(G$4,'4. Billing Determinants'!$B$19:$O$41,4,0)/'4. Billing Determinants'!$E$41*$D43,IF($E43=\"kW\",VLOOKUP(G$4,'4. Billing Determinants'!$B$19:$O$41,5,0)/'4. Billing Determinants'!$F$41*$D43,IF($E43=\"Non-RPP kWh\",VLOOKUP(G$4,'4. Billing Determinants'!$B$19:$O$41,6,0)/'4. Billing Determinants'!$G$41*$D43,IF($E43=\"Distribution Rev.\",VLOOKUP(G$4,'4. Billing Determinants'!$B$19:$O$41,8,0)/'4. Billing Determinants'!$I$41*$D43, VLOOKUP(G$4,'4. Billing Determinants'!$B$19:$O$41,3,0)/'4. Billing Determinants'!$D$41*$D43))))),0)","v":0},{"$f":"IFERROR(IF(H$4=\"\",0,IF($E43=\"kWh\",VLOOKUP(H$4,'4. Billing Determinants'!$B$19:$O$41,4,0)/'4. Billing Determinants'!$E$41*$D43,IF($E43=\"kW\",VLOOKUP(H$4,'4. Billing Determinants'!$B$19:$O$41,5,0)/'4. Billing Determinants'!$F$41*$D43,IF($E43=\"Non-RPP kWh\",VLOOKUP(H$4,'4. Billing Determinants'!$B$19:$O$41,6,0)/'4. Billing Determinants'!$G$41*$D43,IF($E43=\"Distribution Rev.\",VLOOKUP(H$4,'4. Billing Determinants'!$B$19:$O$41,8,0)/'4. Billing Determinants'!$I$41*$D43, VLOOKUP(H$4,'4. Billing Determinants'!$B$19:$O$41,3,0)/'4. Billing Determinants'!$D$41*$D43))))),0)","v":0},{"$f":"IFERROR(IF(I$4=\"\",0,IF($E43=\"kWh\",VLOOKUP(I$4,'4. Billing Determinants'!$B$19:$O$41,4,0)/'4. Billing Determinants'!$E$41*$D43,IF($E43=\"kW\",VLOOKUP(I$4,'4. Billing Determinants'!$B$19:$O$41,5,0)/'4. Billing Determinants'!$F$41*$D43,IF($E43=\"Non-RPP kWh\",VLOOKUP(I$4,'4. Billing Determinants'!$B$19:$O$41,6,0)/'4. Billing Determinants'!$G$41*$D43,IF($E43=\"Distribution Rev.\",VLOOKUP(I$4,'4. Billing Determinants'!$B$19:$O$41,8,0)/'4. Billing Determinants'!$I$41*$D43, VLOOKUP(I$4,'4. Billing Determinants'!$B$19:$O$41,3,0)/'4. Billing Determinants'!$D$41*$D43))))),0)","v":0},{"$f":"IFERROR(IF(J$4=\"\",0,IF($E43=\"kWh\",VLOOKUP(J$4,'4. Billing Determinants'!$B$19:$O$41,4,0)/'4. Billing Determinants'!$E$41*$D43,IF($E43=\"kW\",VLOOKUP(J$4,'4. Billing Determinants'!$B$19:$O$41,5,0)/'4. Billing Determinants'!$F$41*$D43,IF($E43=\"Non-RPP kWh\",VLOOKUP(J$4,'4. Billing Determinants'!$B$19:$O$41,6,0)/'4. Billing Determinants'!$G$41*$D43,IF($E43=\"Distribution Rev.\",VLOOKUP(J$4,'4. Billing Determinants'!$B$19:$O$41,8,0)/'4. Billing Determinants'!$I$41*$D43, VLOOKUP(J$4,'4. Billing Determinants'!$B$19:$O$41,3,0)/'4. Billing Determinants'!$D$41*$D43))))),0)","v":0},{"$f":"IFERROR(IF(K$4=\"\",0,IF($E43=\"kWh\",VLOOKUP(K$4,'4. Billing Determinants'!$B$19:$O$41,4,0)/'4. Billing Determinants'!$E$41*$D43,IF($E43=\"kW\",VLOOKUP(K$4,'4. Billing Determinants'!$B$19:$O$41,5,0)/'4. Billing Determinants'!$F$41*$D43,IF($E43=\"Non-RPP kWh\",VLOOKUP(K$4,'4. Billing Determinants'!$B$19:$O$41,6,0)/'4. Billing Determinants'!$G$41*$D43,IF($E43=\"Distribution Rev.\",VLOOKUP(K$4,'4. Billing Determinants'!$B$19:$O$41,8,0)/'4. Billing Determinants'!$I$41*$D43, VLOOKUP(K$4,'4. Billing Determinants'!$B$19:$O$41,3,0)/'4. Billing Determinants'!$D$41*$D43))))),0)","v":0},{"$f":"IFERROR(IF(L$4=\"\",0,IF($E43=\"kWh\",VLOOKUP(L$4,'4. Billing Determinants'!$B$19:$O$41,4,0)/'4. Billing Determinants'!$E$41*$D43,IF($E43=\"kW\",VLOOKUP(L$4,'4. Billing Determinants'!$B$19:$O$41,5,0)/'4. Billing Determinants'!$F$41*$D43,IF($E43=\"Non-RPP kWh\",VLOOKUP(L$4,'4. Billing Determinants'!$B$19:$O$41,6,0)/'4. Billing Determinants'!$G$41*$D43,IF($E43=\"Distribution Rev.\",VLOOKUP(L$4,'4. Billing Determinants'!$B$19:$O$41,8,0)/'4. Billing Determinants'!$I$41*$D43, VLOOKUP(L$4,'4. Billing Determinants'!$B$19:$O$41,3,0)/'4. Billing Determinants'!$D$41*$D43))))),0)","v":0},{"$f":"IFERROR(IF(M$4=\"\",0,IF($E43=\"kWh\",VLOOKUP(M$4,'4. Billing Determinants'!$B$19:$O$41,4,0)/'4. Billing Determinants'!$E$41*$D43,IF($E43=\"kW\",VLOOKUP(M$4,'4. Billing Determinants'!$B$19:$O$41,5,0)/'4. Billing Determinants'!$F$41*$D43,IF($E43=\"Non-RPP kWh\",VLOOKUP(M$4,'4. Billing Determinants'!$B$19:$O$41,6,0)/'4. Billing Determinants'!$G$41*$D43,IF($E43=\"Distribution Rev.\",VLOOKUP(M$4,'4. Billing Determinants'!$B$19:$O$41,8,0)/'4. Billing Determinants'!$I$41*$D43, VLOOKUP(M$4,'4. Billing Determinants'!$B$19:$O$41,3,0)/'4. Billing Determinants'!$D$41*$D43))))),0)","v":0},{"$f":"IFERROR(IF(N$4=\"\",0,IF($E43=\"kWh\",VLOOKUP(N$4,'4. Billing Determinants'!$B$19:$O$41,4,0)/'4. Billing Determinants'!$E$41*$D43,IF($E43=\"kW\",VLOOKUP(N$4,'4. Billing Determinants'!$B$19:$O$41,5,0)/'4. Billing Determinants'!$F$41*$D43,IF($E43=\"Non-RPP kWh\",VLOOKUP(N$4,'4. Billing Determinants'!$B$19:$O$41,6,0)/'4. Billing Determinants'!$G$41*$D43,IF($E43=\"Distribution Rev.\",VLOOKUP(N$4,'4. Billing Determinants'!$B$19:$O$41,8,0)/'4. Billing Determinants'!$I$41*$D43, VLOOKUP(N$4,'4. Billing Determinants'!$B$19:$O$41,3,0)/'4. Billing Determinants'!$D$41*$D43))))),0)","v":0},{"$f":"IFERROR(IF(O$4=\"\",0,IF($E43=\"kWh\",VLOOKUP(O$4,'4. Billing Determinants'!$B$19:$O$41,4,0)/'4. Billing Determinants'!$E$41*$D43,IF($E43=\"kW\",VLOOKUP(O$4,'4. Billing Determinants'!$B$19:$O$41,5,0)/'4. Billing Determinants'!$F$41*$D43,IF($E43=\"Non-RPP kWh\",VLOOKUP(O$4,'4. Billing Determinants'!$B$19:$O$41,6,0)/'4. Billing Determinants'!$G$41*$D43,IF($E43=\"Distribution Rev.\",VLOOKUP(O$4,'4. Billing Determinants'!$B$19:$O$41,8,0)/'4. Billing Determinants'!$I$41*$D43, VLOOKUP(O$4,'4. Billing Determinants'!$B$19:$O$41,3,0)/'4. Billing Determinants'!$D$41*$D43))))),0)","v":0},{"$f":"IFERROR(IF(P$4=\"\",0,IF($E43=\"kWh\",VLOOKUP(P$4,'4. Billing Determinants'!$B$19:$O$41,4,0)/'4. Billing Determinants'!$E$41*$D43,IF($E43=\"kW\",VLOOKUP(P$4,'4. Billing Determinants'!$B$19:$O$41,5,0)/'4. Billing Determinants'!$F$41*$D43,IF($E43=\"Non-RPP kWh\",VLOOKUP(P$4,'4. Billing Determinants'!$B$19:$O$41,6,0)/'4. Billing Determinants'!$G$41*$D43,IF($E43=\"Distribution Rev.\",VLOOKUP(P$4,'4. Billing Determinants'!$B$19:$O$41,8,0)/'4. Billing Determinants'!$I$41*$D43, VLOOKUP(P$4,'4. Billing Determinants'!$B$19:$O$41,3,0)/'4. Billing Determinants'!$D$41*$D43))))),0)","v":0},{"$f":"IFERROR(IF(Q$4=\"\",0,IF($E43=\"kWh\",VLOOKUP(Q$4,'4. Billing Determinants'!$B$19:$O$41,4,0)/'4. Billing Determinants'!$E$41*$D43,IF($E43=\"kW\",VLOOKUP(Q$4,'4. Billing Determinants'!$B$19:$O$41,5,0)/'4. Billing Determinants'!$F$41*$D43,IF($E43=\"Non-RPP kWh\",VLOOKUP(Q$4,'4. Billing Determinants'!$B$19:$O$41,6,0)/'4. Billing Determinants'!$G$41*$D43,IF($E43=\"Distribution Rev.\",VLOOKUP(Q$4,'4. Billing Determinants'!$B$19:$O$41,8,0)/'4. Billing Determinants'!$I$41*$D43, VLOOKUP(Q$4,'4. Billing Determinants'!$B$19:$O$41,3,0)/'4. Billing Determinants'!$D$41*$D43))))),0)","v":0},{"$f":"IFERROR(IF(R$4=\"\",0,IF($E43=\"kWh\",VLOOKUP(R$4,'4. Billing Determinants'!$B$19:$O$41,4,0)/'4. Billing Determinants'!$E$41*$D43,IF($E43=\"kW\",VLOOKUP(R$4,'4. Billing Determinants'!$B$19:$O$41,5,0)/'4. Billing Determinants'!$F$41*$D43,IF($E43=\"Non-RPP kWh\",VLOOKUP(R$4,'4. Billing Determinants'!$B$19:$O$41,6,0)/'4. Billing Determinants'!$G$41*$D43,IF($E43=\"Distribution Rev.\",VLOOKUP(R$4,'4. Billing Determinants'!$B$19:$O$41,8,0)/'4. Billing Determinants'!$I$41*$D43, VLOOKUP(R$4,'4. Billing Determinants'!$B$19:$O$41,3,0)/'4. Billing Determinants'!$D$41*$D43))))),0)","v":0},{"$f":"IFERROR(IF(S$4=\"\",0,IF($E43=\"kWh\",VLOOKUP(S$4,'4. Billing Determinants'!$B$19:$O$41,4,0)/'4. Billing Determinants'!$E$41*$D43,IF($E43=\"kW\",VLOOKUP(S$4,'4. Billing Determinants'!$B$19:$O$41,5,0)/'4. Billing Determinants'!$F$41*$D43,IF($E43=\"Non-RPP kWh\",VLOOKUP(S$4,'4. Billing Determinants'!$B$19:$O$41,6,0)/'4. Billing Determinants'!$G$41*$D43,IF($E43=\"Distribution Rev.\",VLOOKUP(S$4,'4. Billing Determinants'!$B$19:$O$41,8,0)/'4. Billing Determinants'!$I$41*$D43, VLOOKUP(S$4,'4. Billing Determinants'!$B$19:$O$41,3,0)/'4. Billing Determinants'!$D$41*$D43))))),0)","v":0},{"$f":"IFERROR(IF(T$4=\"\",0,IF($E43=\"kWh\",VLOOKUP(T$4,'4. Billing Determinants'!$B$19:$O$41,4,0)/'4. Billing Determinants'!$E$41*$D43,IF($E43=\"kW\",VLOOKUP(T$4,'4. Billing Determinants'!$B$19:$O$41,5,0)/'4. Billing Determinants'!$F$41*$D43,IF($E43=\"Non-RPP kWh\",VLOOKUP(T$4,'4. Billing Determinants'!$B$19:$O$41,6,0)/'4. Billing Determinants'!$G$41*$D43,IF($E43=\"Distribution Rev.\",VLOOKUP(T$4,'4. Billing Determinants'!$B$19:$O$41,8,0)/'4. Billing Determinants'!$I$41*$D43, VLOOKUP(T$4,'4. Billing Determinants'!$B$19:$O$41,3,0)/'4. Billing Determinants'!$D$41*$D43))))),0)","v":0},{"$f":"IFERROR(IF(U$4=\"\",0,IF($E43=\"kWh\",VLOOKUP(U$4,'4. Billing Determinants'!$B$19:$O$41,4,0)/'4. Billing Determinants'!$E$41*$D43,IF($E43=\"kW\",VLOOKUP(U$4,'4. Billing Determinants'!$B$19:$O$41,5,0)/'4. Billing Determinants'!$F$41*$D43,IF($E43=\"Non-RPP kWh\",VLOOKUP(U$4,'4. Billing Determinants'!$B$19:$O$41,6,0)/'4. Billing Determinants'!$G$41*$D43,IF($E43=\"Distribution Rev.\",VLOOKUP(U$4,'4. Billing Determinants'!$B$19:$O$41,8,0)/'4. Billing Determinants'!$I$41*$D43, VLOOKUP(U$4,'4. Billing Determinants'!$B$19:$O$41,3,0)/'4. Billing Determinants'!$D$41*$D43))))),0)","v":0},{"$f":"IFERROR(IF(V$4=\"\",0,IF($E43=\"kWh\",VLOOKUP(V$4,'4. Billing Determinants'!$B$19:$O$41,4,0)/'4. Billing Determinants'!$E$41*$D43,IF($E43=\"kW\",VLOOKUP(V$4,'4. Billing Determinants'!$B$19:$O$41,5,0)/'4. Billing Determinants'!$F$41*$D43,IF($E43=\"Non-RPP kWh\",VLOOKUP(V$4,'4. Billing Determinants'!$B$19:$O$41,6,0)/'4. Billing Determinants'!$G$41*$D43,IF($E43=\"Distribution Rev.\",VLOOKUP(V$4,'4. Billing Determinants'!$B$19:$O$41,8,0)/'4. Billing Determinants'!$I$41*$D43, VLOOKUP(V$4,'4. Billing Determinants'!$B$19:$O$41,3,0)/'4. Billing Determinants'!$D$41*$D43))))),0)","v":0},{"$f":"IFERROR(IF(W$4=\"\",0,IF($E43=\"kWh\",VLOOKUP(W$4,'4. Billing Determinants'!$B$19:$O$41,4,0)/'4. Billing Determinants'!$E$41*$D43,IF($E43=\"kW\",VLOOKUP(W$4,'4. Billing Determinants'!$B$19:$O$41,5,0)/'4. Billing Determinants'!$F$41*$D43,IF($E43=\"Non-RPP kWh\",VLOOKUP(W$4,'4. Billing Determinants'!$B$19:$O$41,6,0)/'4. Billing Determinants'!$G$41*$D43,IF($E43=\"Distribution Rev.\",VLOOKUP(W$4,'4. Billing Determinants'!$B$19:$O$41,8,0)/'4. Billing Determinants'!$I$41*$D43, VLOOKUP(W$4,'4. Billing Determinants'!$B$19:$O$41,3,0)/'4. Billing Determinants'!$D$41*$D43))))),0)","v":0},{"$f":"IFERROR(IF(X$4=\"\",0,IF($E43=\"kWh\",VLOOKUP(X$4,'4. Billing Determinants'!$B$19:$O$41,4,0)/'4. Billing Determinants'!$E$41*$D43,IF($E43=\"kW\",VLOOKUP(X$4,'4. Billing Determinants'!$B$19:$O$41,5,0)/'4. Billing Determinants'!$F$41*$D43,IF($E43=\"Non-RPP kWh\",VLOOKUP(X$4,'4. Billing Determinants'!$B$19:$O$41,6,0)/'4. Billing Determinants'!$G$41*$D43,IF($E43=\"Distribution Rev.\",VLOOKUP(X$4,'4. Billing Determinants'!$B$19:$O$41,8,0)/'4. Billing Determinants'!$I$41*$D43, VLOOKUP(X$4,'4. Billing Determinants'!$B$19:$O$41,3,0)/'4. Billing Determinants'!$D$41*$D43))))),0)","v":0},{"$f":"IFERROR(IF(Y$4=\"\",0,IF($E43=\"kWh\",VLOOKUP(Y$4,'4. Billing Determinants'!$B$19:$O$41,4,0)/'4. Billing Determinants'!$E$41*$D43,IF($E43=\"kW\",VLOOKUP(Y$4,'4. Billing Determinants'!$B$19:$O$41,5,0)/'4. Billing Determinants'!$F$41*$D43,IF($E43=\"Non-RPP kWh\",VLOOKUP(Y$4,'4. Billing Determinants'!$B$19:$O$41,6,0)/'4. Billing Determinants'!$G$41*$D43,IF($E43=\"Distribution Rev.\",VLOOKUP(Y$4,'4. Billing Determinants'!$B$19:$O$41,8,0)/'4. Billing Determinants'!$I$41*$D43, VLOOKUP(Y$4,'4. Billing Determinants'!$B$19:$O$41,3,0)/'4. Billing Determinants'!$D$41*$D43))))),0)","v":0}]
[null,"Total of Account 1562 and Account 1592",null,{"$f":"SUM(D41:D43)","v":0},null,{"$f":"SUM(F41:F43)","v":0},{"$f":"SUM(G41:G43)","v":0},0,0,0,0,0,0,0,0,0,0,0,0,0,0,0,0,0,0]
[]
[null,"LRAM Variance Account (Enter dollar amount for each class)",1568,{"$f":"'2. 2013 Continuity Schedule'!CP72","v":0}]
[null,"(Account 1568 - total amount allocated to classes)",null,{"$f":"SUM(F46:Y46)","v":0}]
[null,"Variance",null,{"$f":"D46-D47","v":0}]
[]
[null,"Total Balance Allocated to each class (excluding 1589)",null,{"$f":"SUM(F50:Y50)","v":0},null,{"$f":"SUM(F46:F46,F44,F39,F16)","v":0},0,0,0,0,0,0,0,0,0,0,0,0,0,0,0,0,0,0,0]
[null,"Total Balance Allocated to each class from Account 1589",null,{"$f":"D10","v":0},null,{"$f":"F10","v":0},0,0,0,0,0,0,0,0,0,0,0,0,0,0,0,0,0,0,0]
[null,"Total Balance Allocated to each class (including 1589)",null,{"$f":"SUM(D50:D51)","v":0},null,{"$f":"SUM(F50:F51)","v":0},0,0,0,0,0,0,0,0,0,0,0,0,0,0,0,0,0,0,0]
[]
[null,"IFRS-CGAAP Transition PP&E Amounts Balance + Return Component",1575,{"$f":"'2. 2013 Continuity Schedule'!CP82","v":0},null,{"$f":"IFERROR(IF(F$4=\"\",0,IF($E54=\"kWh\",VLOOKUP(F$4,'4. Billing Determinants'!$B$19:$O$41,4,0)/'4. Billing Determinants'!$E$41*$D54,IF($E54=\"kW\",VLOOKUP(F$4,'4. Billing Determinants'!$B$19:$O$41,5,0)/'4. Billing Determinants'!$F$41*$D54,IF($E54=\"Non-RPP kWh\",VLOOKUP(F$4,'4. Billing Determinants'!$B$19:$O$41,6,0)/'4. Billing Determinants'!$G$41*$D54,IF($E54=\"Distribution Rev.\",VLOOKUP(F$4,'4. Billing Determinants'!$B$19:$O$41,8,0)/'4. Billing Determinants'!$I$41*$D54, VLOOKUP(F$4,'4. Billing Determinants'!$B$19:$O$41,3,0)/'4. Billing Determinants'!$D$41*$D54))))),0)","v":0},{"$f":"IFERROR(IF(G$4=\"\",0,IF($E54=\"kWh\",VLOOKUP(G$4,'4. Billing Determinants'!$B$19:$O$41,4,0)/'4. Billing Determinants'!$E$41*$D54,IF($E54=\"kW\",VLOOKUP(G$4,'4. Billing Determinants'!$B$19:$O$41,5,0)/'4. Billing Determinants'!$F$41*$D54,IF($E54=\"Non-RPP kWh\",VLOOKUP(G$4,'4. Billing Determinants'!$B$19:$O$41,6,0)/'4. Billing Determinants'!$G$41*$D54,IF($E54=\"Distribution Rev.\",VLOOKUP(G$4,'4. Billing Determinants'!$B$19:$O$41,8,0)/'4. Billing Determinants'!$I$41*$D54, VLOOKUP(G$4,'4. Billing Determinants'!$B$19:$O$41,3,0)/'4. Billing Determinants'!$D$41*$D54))))),0)","v":0},{"$f":"IFERROR(IF(H$4=\"\",0,IF($E54=\"kWh\",VLOOKUP(H$4,'4. Billing Determinants'!$B$19:$O$41,4,0)/'4. Billing Determinants'!$E$41*$D54,IF($E54=\"kW\",VLOOKUP(H$4,'4. Billing Determinants'!$B$19:$O$41,5,0)/'4. Billing Determinants'!$F$41*$D54,IF($E54=\"Non-RPP kWh\",VLOOKUP(H$4,'4. Billing Determinants'!$B$19:$O$41,6,0)/'4. Billing Determinants'!$G$41*$D54,IF($E54=\"Distribution Rev.\",VLOOKUP(H$4,'4. Billing Determinants'!$B$19:$O$41,8,0)/'4. Billing Determinants'!$I$41*$D54, VLOOKUP(H$4,'4. Billing Determinants'!$B$19:$O$41,3,0)/'4. Billing Determinants'!$D$41*$D54))))),0)","v":0},{"$f":"IFERROR(IF(I$4=\"\",0,IF($E54=\"kWh\",VLOOKUP(I$4,'4. Billing Determinants'!$B$19:$O$41,4,0)/'4. Billing Determinants'!$E$41*$D54,IF($E54=\"kW\",VLOOKUP(I$4,'4. Billing Determinants'!$B$19:$O$41,5,0)/'4. Billing Determinants'!$F$41*$D54,IF($E54=\"Non-RPP kWh\",VLOOKUP(I$4,'4. Billing Determinants'!$B$19:$O$41,6,0)/'4. Billing Determinants'!$G$41*$D54,IF($E54=\"Distribution Rev.\",VLOOKUP(I$4,'4. Billing Determinants'!$B$19:$O$41,8,0)/'4. Billing Determinants'!$I$41*$D54, VLOOKUP(I$4,'4. Billing Determinants'!$B$19:$O$41,3,0)/'4. Billing Determinants'!$D$41*$D54))))),0)","v":0},{"$f":"IFERROR(IF(J$4=\"\",0,IF($E54=\"kWh\",VLOOKUP(J$4,'4. Billing Determinants'!$B$19:$O$41,4,0)/'4. Billing Determinants'!$E$41*$D54,IF($E54=\"kW\",VLOOKUP(J$4,'4. Billing Determinants'!$B$19:$O$41,5,0)/'4. Billing Determinants'!$F$41*$D54,IF($E54=\"Non-RPP kWh\",VLOOKUP(J$4,'4. Billing Determinants'!$B$19:$O$41,6,0)/'4. Billing Determinants'!$G$41*$D54,IF($E54=\"Distribution Rev.\",VLOOKUP(J$4,'4. Billing Determinants'!$B$19:$O$41,8,0)/'4. Billing Determinants'!$I$41*$D54, VLOOKUP(J$4,'4. Billing Determinants'!$B$19:$O$41,3,0)/'4. Billing Determinants'!$D$41*$D54))))),0)","v":0},{"$f":"IFERROR(IF(K$4=\"\",0,IF($E54=\"kWh\",VLOOKUP(K$4,'4. Billing Determinants'!$B$19:$O$41,4,0)/'4. Billing Determinants'!$E$41*$D54,IF($E54=\"kW\",VLOOKUP(K$4,'4. Billing Determinants'!$B$19:$O$41,5,0)/'4. Billing Determinants'!$F$41*$D54,IF($E54=\"Non-RPP kWh\",VLOOKUP(K$4,'4. Billing Determinants'!$B$19:$O$41,6,0)/'4. Billing Determinants'!$G$41*$D54,IF($E54=\"Distribution Rev.\",VLOOKUP(K$4,'4. Billing Determinants'!$B$19:$O$41,8,0)/'4. Billing Determinants'!$I$41*$D54, VLOOKUP(K$4,'4. Billing Determinants'!$B$19:$O$41,3,0)/'4. Billing Determinants'!$D$41*$D54))))),0)","v":0},{"$f":"IFERROR(IF(L$4=\"\",0,IF($E54=\"kWh\",VLOOKUP(L$4,'4. Billing Determinants'!$B$19:$O$41,4,0)/'4. Billing Determinants'!$E$41*$D54,IF($E54=\"kW\",VLOOKUP(L$4,'4. Billing Determinants'!$B$19:$O$41,5,0)/'4. Billing Determinants'!$F$41*$D54,IF($E54=\"Non-RPP kWh\",VLOOKUP(L$4,'4. Billing Determinants'!$B$19:$O$41,6,0)/'4. Billing Determinants'!$G$41*$D54,IF($E54=\"Distribution Rev.\",VLOOKUP(L$4,'4. Billing Determinants'!$B$19:$O$41,8,0)/'4. Billing Determinants'!$I$41*$D54, VLOOKUP(L$4,'4. Billing Determinants'!$B$19:$O$41,3,0)/'4. Billing Determinants'!$D$41*$D54))))),0)","v":0},{"$f":"IFERROR(IF(M$4=\"\",0,IF($E54=\"kWh\",VLOOKUP(M$4,'4. Billing Determinants'!$B$19:$O$41,4,0)/'4. Billing Determinants'!$E$41*$D54,IF($E54=\"kW\",VLOOKUP(M$4,'4. Billing Determinants'!$B$19:$O$41,5,0)/'4. Billing Determinants'!$F$41*$D54,IF($E54=\"Non-RPP kWh\",VLOOKUP(M$4,'4. Billing Determinants'!$B$19:$O$41,6,0)/'4. Billing Determinants'!$G$41*$D54,IF($E54=\"Distribution Rev.\",VLOOKUP(M$4,'4. Billing Determinants'!$B$19:$O$41,8,0)/'4. Billing Determinants'!$I$41*$D54, VLOOKUP(M$4,'4. Billing Determinants'!$B$19:$O$41,3,0)/'4. Billing Determinants'!$D$41*$D54))))),0)","v":0},{"$f":"IFERROR(IF(N$4=\"\",0,IF($E54=\"kWh\",VLOOKUP(N$4,'4. Billing Determinants'!$B$19:$O$41,4,0)/'4. Billing Determinants'!$E$41*$D54,IF($E54=\"kW\",VLOOKUP(N$4,'4. Billing Determinants'!$B$19:$O$41,5,0)/'4. Billing Determinants'!$F$41*$D54,IF($E54=\"Non-RPP kWh\",VLOOKUP(N$4,'4. Billing Determinants'!$B$19:$O$41,6,0)/'4. Billing Determinants'!$G$41*$D54,IF($E54=\"Distribution Rev.\",VLOOKUP(N$4,'4. Billing Determinants'!$B$19:$O$41,8,0)/'4. Billing Determinants'!$I$41*$D54, VLOOKUP(N$4,'4. Billing Determinants'!$B$19:$O$41,3,0)/'4. Billing Determinants'!$D$41*$D54))))),0)","v":0},{"$f":"IFERROR(IF(O$4=\"\",0,IF($E54=\"kWh\",VLOOKUP(O$4,'4. Billing Determinants'!$B$19:$O$41,4,0)/'4. Billing Determinants'!$E$41*$D54,IF($E54=\"kW\",VLOOKUP(O$4,'4. Billing Determinants'!$B$19:$O$41,5,0)/'4. Billing Determinants'!$F$41*$D54,IF($E54=\"Non-RPP kWh\",VLOOKUP(O$4,'4. Billing Determinants'!$B$19:$O$41,6,0)/'4. Billing Determinants'!$G$41*$D54,IF($E54=\"Distribution Rev.\",VLOOKUP(O$4,'4. Billing Determinants'!$B$19:$O$41,8,0)/'4. Billing Determinants'!$I$41*$D54, VLOOKUP(O$4,'4. Billing Determinants'!$B$19:$O$41,3,0)/'4. Billing Determinants'!$D$41*$D54))))),0)","v":0},{"$f":"IFERROR(IF(P$4=\"\",0,IF($E54=\"kWh\",VLOOKUP(P$4,'4. Billing Determinants'!$B$19:$O$41,4,0)/'4. Billing Determinants'!$E$41*$D54,IF($E54=\"kW\",VLOOKUP(P$4,'4. Billing Determinants'!$B$19:$O$41,5,0)/'4. Billing Determinants'!$F$41*$D54,IF($E54=\"Non-RPP kWh\",VLOOKUP(P$4,'4. Billing Determinants'!$B$19:$O$41,6,0)/'4. Billing Determinants'!$G$41*$D54,IF($E54=\"Distribution Rev.\",VLOOKUP(P$4,'4. Billing Determinants'!$B$19:$O$41,8,0)/'4. Billing Determinants'!$I$41*$D54, VLOOKUP(P$4,'4. Billing Determinants'!$B$19:$O$41,3,0)/'4. Billing Determinants'!$D$41*$D54))))),0)","v":0},{"$f":"IFERROR(IF(Q$4=\"\",0,IF($E54=\"kWh\",VLOOKUP(Q$4,'4. Billing Determinants'!$B$19:$O$41,4,0)/'4. Billing Determinants'!$E$41*$D54,IF($E54=\"kW\",VLOOKUP(Q$4,'4. Billing Determinants'!$B$19:$O$41,5,0)/'4. Billing Determinants'!$F$41*$D54,IF($E54=\"Non-RPP kWh\",VLOOKUP(Q$4,'4. Billing Determinants'!$B$19:$O$41,6,0)/'4. Billing Determinants'!$G$41*$D54,IF($E54=\"Distribution Rev.\",VLOOKUP(Q$4,'4. Billing Determinants'!$B$19:$O$41,8,0)/'4. Billing Determinants'!$I$41*$D54, VLOOKUP(Q$4,'4. Billing Determinants'!$B$19:$O$41,3,0)/'4. Billing Determinants'!$D$41*$D54))))),0)","v":0},{"$f":"IFERROR(IF(R$4=\"\",0,IF($E54=\"kWh\",VLOOKUP(R$4,'4. Billing Determinants'!$B$19:$O$41,4,0)/'4. Billing Determinants'!$E$41*$D54,IF($E54=\"kW\",VLOOKUP(R$4,'4. Billing Determinants'!$B$19:$O$41,5,0)/'4. Billing Determinants'!$F$41*$D54,IF($E54=\"Non-RPP kWh\",VLOOKUP(R$4,'4. Billing Determinants'!$B$19:$O$41,6,0)/'4. Billing Determinants'!$G$41*$D54,IF($E54=\"Distribution Rev.\",VLOOKUP(R$4,'4. Billing Determinants'!$B$19:$O$41,8,0)/'4. Billing Determinants'!$I$41*$D54, VLOOKUP(R$4,'4. Billing Determinants'!$B$19:$O$41,3,0)/'4. Billing Determinants'!$D$41*$D54))))),0)","v":0},{"$f":"IFERROR(IF(S$4=\"\",0,IF($E54=\"kWh\",VLOOKUP(S$4,'4. Billing Determinants'!$B$19:$O$41,4,0)/'4. Billing Determinants'!$E$41*$D54,IF($E54=\"kW\",VLOOKUP(S$4,'4. Billing Determinants'!$B$19:$O$41,5,0)/'4. Billing Determinants'!$F$41*$D54,IF($E54=\"Non-RPP kWh\",VLOOKUP(S$4,'4. Billing Determinants'!$B$19:$O$41,6,0)/'4. Billing Determinants'!$G$41*$D54,IF($E54=\"Distribution Rev.\",VLOOKUP(S$4,'4. Billing Determinants'!$B$19:$O$41,8,0)/'4. Billing Determinants'!$I$41*$D54, VLOOKUP(S$4,'4. Billing Determinants'!$B$19:$O$41,3,0)/'4. Billing Determinants'!$D$41*$D54))))),0)","v":0},{"$f":"IFERROR(IF(T$4=\"\",0,IF($E54=\"kWh\",VLOOKUP(T$4,'4. Billing Determinants'!$B$19:$O$41,4,0)/'4. Billing Determinants'!$E$41*$D54,IF($E54=\"kW\",VLOOKUP(T$4,'4. Billing Determinants'!$B$19:$O$41,5,0)/'4. Billing Determinants'!$F$41*$D54,IF($E54=\"Non-RPP kWh\",VLOOKUP(T$4,'4. Billing Determinants'!$B$19:$O$41,6,0)/'4. Billing Determinants'!$G$41*$D54,IF($E54=\"Distribution Rev.\",VLOOKUP(T$4,'4. Billing Determinants'!$B$19:$O$41,8,0)/'4. Billing Determinants'!$I$41*$D54, VLOOKUP(T$4,'4. Billing Determinants'!$B$19:$O$41,3,0)/'4. Billing Determinants'!$D$41*$D54))))),0)","v":0},{"$f":"IFERROR(IF(U$4=\"\",0,IF($E54=\"kWh\",VLOOKUP(U$4,'4. Billing Determinants'!$B$19:$O$41,4,0)/'4. Billing Determinants'!$E$41*$D54,IF($E54=\"kW\",VLOOKUP(U$4,'4. Billing Determinants'!$B$19:$O$41,5,0)/'4. Billing Determinants'!$F$41*$D54,IF($E54=\"Non-RPP kWh\",VLOOKUP(U$4,'4. Billing Determinants'!$B$19:$O$41,6,0)/'4. Billing Determinants'!$G$41*$D54,IF($E54=\"Distribution Rev.\",VLOOKUP(U$4,'4. Billing Determinants'!$B$19:$O$41,8,0)/'4. Billing Determinants'!$I$41*$D54, VLOOKUP(U$4,'4. Billing Determinants'!$B$19:$O$41,3,0)/'4. Billing Determinants'!$D$41*$D54))))),0)","v":0},{"$f":"IFERROR(IF(V$4=\"\",0,IF($E54=\"kWh\",VLOOKUP(V$4,'4. Billing Determinants'!$B$19:$O$41,4,0)/'4. Billing Determinants'!$E$41*$D54,IF($E54=\"kW\",VLOOKUP(V$4,'4. Billing Determinants'!$B$19:$O$41,5,0)/'4. Billing Determinants'!$F$41*$D54,IF($E54=\"Non-RPP kWh\",VLOOKUP(V$4,'4. Billing Determinants'!$B$19:$O$41,6,0)/'4. Billing Determinants'!$G$41*$D54,IF($E54=\"Distribution Rev.\",VLOOKUP(V$4,'4. Billing Determinants'!$B$19:$O$41,8,0)/'4. Billing Determinants'!$I$41*$D54, VLOOKUP(V$4,'4. Billing Determinants'!$B$19:$O$41,3,0)/'4. Billing Determinants'!$D$41*$D54))))),0)","v":0},{"$f":"IFERROR(IF(W$4=\"\",0,IF($E54=\"kWh\",VLOOKUP(W$4,'4. Billing Determinants'!$B$19:$O$41,4,0)/'4. Billing Determinants'!$E$41*$D54,IF($E54=\"kW\",VLOOKUP(W$4,'4. Billing Determinants'!$B$19:$O$41,5,0)/'4. Billing Determinants'!$F$41*$D54,IF($E54=\"Non-RPP kWh\",VLOOKUP(W$4,'4. Billing Determinants'!$B$19:$O$41,6,0)/'4. Billing Determinants'!$G$41*$D54,IF($E54=\"Distribution Rev.\",VLOOKUP(W$4,'4. Billing Determinants'!$B$19:$O$41,8,0)/'4. Billing Determinants'!$I$41*$D54, VLOOKUP(W$4,'4. Billing Determinants'!$B$19:$O$41,3,0)/'4. Billing Determinants'!$D$41*$D54))))),0)","v":0},{"$f":"IFERROR(IF(X$4=\"\",0,IF($E54=\"kWh\",VLOOKUP(X$4,'4. Billing Determinants'!$B$19:$O$41,4,0)/'4. Billing Determinants'!$E$41*$D54,IF($E54=\"kW\",VLOOKUP(X$4,'4. Billing Determinants'!$B$19:$O$41,5,0)/'4. Billing Determinants'!$F$41*$D54,IF($E54=\"Non-RPP kWh\",VLOOKUP(X$4,'4. Billing Determinants'!$B$19:$O$41,6,0)/'4. Billing Determinants'!$G$41*$D54,IF($E54=\"Distribution Rev.\",VLOOKUP(X$4,'4. Billing Determinants'!$B$19:$O$41,8,0)/'4. Billing Determinants'!$I$41*$D54, VLOOKUP(X$4,'4. Billing Determinants'!$B$19:$O$41,3,0)/'4. Billing Determinants'!$D$41*$D54))))),0)","v":0},{"$f":"IFERROR(IF(Y$4=\"\",0,IF($E54=\"kWh\",VLOOKUP(Y$4,'4. Billing Determinants'!$B$19:$O$41,4,0)/'4. Billing Determinants'!$E$41*$D54,IF($E54=\"kW\",VLOOKUP(Y$4,'4. Billing Determinants'!$B$19:$O$41,5,0)/'4. Billing Determinants'!$F$41*$D54,IF($E54=\"Non-RPP kWh\",VLOOKUP(Y$4,'4. Billing Determinants'!$B$19:$O$41,6,0)/'4. Billing Determinants'!$G$41*$D54,IF($E54=\"Distribution Rev.\",VLOOKUP(Y$4,'4. Billing Determinants'!$B$19:$O$41,8,0)/'4. Billing Determinants'!$I$41*$D54, VLOOKUP(Y$4,'4. Billing Determinants'!$B$19:$O$41,3,0)/'4. Billing Determinants'!$D$41*$D54))))),0)","v":0}]
[null,"Accounting Changes Under CGAAP Balance + Return Component",1576,{"$f":"'2. 2013 Continuity Schedule'!CP83","v":0},null,{"$f":"IFERROR(IF(F$4=\"\",0,IF($E55=\"kWh\",VLOOKUP(F$4,'4. Billing Determinants'!$B$19:$O$41,4,0)/'4. Billing Determinants'!$E$41*$D55,IF($E55=\"kW\",VLOOKUP(F$4,'4. Billing Determinants'!$B$19:$O$41,5,0)/'4. Billing Determinants'!$F$41*$D55,IF($E55=\"Non-RPP kWh\",VLOOKUP(F$4,'4. Billing Determinants'!$B$19:$O$41,6,0)/'4. Billing Determinants'!$G$41*$D55,IF($E55=\"Distribution Rev.\",VLOOKUP(F$4,'4. Billing Determinants'!$B$19:$O$41,8,0)/'4. Billing Determinants'!$I$41*$D55, VLOOKUP(F$4,'4. Billing Determinants'!$B$19:$O$41,3,0)/'4. Billing Determinants'!$D$41*$D55))))),0)","v":0},{"$f":"IFERROR(IF(G$4=\"\",0,IF($E55=\"kWh\",VLOOKUP(G$4,'4. Billing Determinants'!$B$19:$O$41,4,0)/'4. Billing Determinants'!$E$41*$D55,IF($E55=\"kW\",VLOOKUP(G$4,'4. Billing Determinants'!$B$19:$O$41,5,0)/'4. Billing Determinants'!$F$41*$D55,IF($E55=\"Non-RPP kWh\",VLOOKUP(G$4,'4. Billing Determinants'!$B$19:$O$41,6,0)/'4. Billing Determinants'!$G$41*$D55,IF($E55=\"Distribution Rev.\",VLOOKUP(G$4,'4. Billing Determinants'!$B$19:$O$41,8,0)/'4. Billing Determinants'!$I$41*$D55, VLOOKUP(G$4,'4. Billing Determinants'!$B$19:$O$41,3,0)/'4. Billing Determinants'!$D$41*$D55))))),0)","v":0},{"$f":"IFERROR(IF(H$4=\"\",0,IF($E55=\"kWh\",VLOOKUP(H$4,'4. Billing Determinants'!$B$19:$O$41,4,0)/'4. Billing Determinants'!$E$41*$D55,IF($E55=\"kW\",VLOOKUP(H$4,'4. Billing Determinants'!$B$19:$O$41,5,0)/'4. Billing Determinants'!$F$41*$D55,IF($E55=\"Non-RPP kWh\",VLOOKUP(H$4,'4. Billing Determinants'!$B$19:$O$41,6,0)/'4. Billing Determinants'!$G$41*$D55,IF($E55=\"Distribution Rev.\",VLOOKUP(H$4,'4. Billing Determinants'!$B$19:$O$41,8,0)/'4. Billing Determinants'!$I$41*$D55, VLOOKUP(H$4,'4. Billing Determinants'!$B$19:$O$41,3,0)/'4. Billing Determinants'!$D$41*$D55))))),0)","v":0},{"$f":"IFERROR(IF(I$4=\"\",0,IF($E55=\"kWh\",VLOOKUP(I$4,'4. Billing Determinants'!$B$19:$O$41,4,0)/'4. Billing Determinants'!$E$41*$D55,IF($E55=\"kW\",VLOOKUP(I$4,'4. Billing Determinants'!$B$19:$O$41,5,0)/'4. Billing Determinants'!$F$41*$D55,IF($E55=\"Non-RPP kWh\",VLOOKUP(I$4,'4. Billing Determinants'!$B$19:$O$41,6,0)/'4. Billing Determinants'!$G$41*$D55,IF($E55=\"Distribution Rev.\",VLOOKUP(I$4,'4. Billing Determinants'!$B$19:$O$41,8,0)/'4. Billing Determinants'!$I$41*$D55, VLOOKUP(I$4,'4. Billing Determinants'!$B$19:$O$41,3,0)/'4. Billing Determinants'!$D$41*$D55))))),0)","v":0},{"$f":"IFERROR(IF(J$4=\"\",0,IF($E55=\"kWh\",VLOOKUP(J$4,'4. Billing Determinants'!$B$19:$O$41,4,0)/'4. Billing Determinants'!$E$41*$D55,IF($E55=\"kW\",VLOOKUP(J$4,'4. Billing Determinants'!$B$19:$O$41,5,0)/'4. Billing Determinants'!$F$41*$D55,IF($E55=\"Non-RPP kWh\",VLOOKUP(J$4,'4. Billing Determinants'!$B$19:$O$41,6,0)/'4. Billing Determinants'!$G$41*$D55,IF($E55=\"Distribution Rev.\",VLOOKUP(J$4,'4. Billing Determinants'!$B$19:$O$41,8,0)/'4. Billing Determinants'!$I$41*$D55, VLOOKUP(J$4,'4. Billing Determinants'!$B$19:$O$41,3,0)/'4. Billing Determinants'!$D$41*$D55))))),0)","v":0},{"$f":"IFERROR(IF(K$4=\"\",0,IF($E55=\"kWh\",VLOOKUP(K$4,'4. Billing Determinants'!$B$19:$O$41,4,0)/'4. Billing Determinants'!$E$41*$D55,IF($E55=\"kW\",VLOOKUP(K$4,'4. Billing Determinants'!$B$19:$O$41,5,0)/'4. Billing Determinants'!$F$41*$D55,IF($E55=\"Non-RPP kWh\",VLOOKUP(K$4,'4. Billing Determinants'!$B$19:$O$41,6,0)/'4. Billing Determinants'!$G$41*$D55,IF($E55=\"Distribution Rev.\",VLOOKUP(K$4,'4. Billing Determinants'!$B$19:$O$41,8,0)/'4. Billing Determinants'!$I$41*$D55, VLOOKUP(K$4,'4. Billing Determinants'!$B$19:$O$41,3,0)/'4. Billing Determinants'!$D$41*$D55))))),0)","v":0},{"$f":"IFERROR(IF(L$4=\"\",0,IF($E55=\"kWh\",VLOOKUP(L$4,'4. Billing Determinants'!$B$19:$O$41,4,0)/'4. Billing Determinants'!$E$41*$D55,IF($E55=\"kW\",VLOOKUP(L$4,'4. Billing Determinants'!$B$19:$O$41,5,0)/'4. Billing Determinants'!$F$41*$D55,IF($E55=\"Non-RPP kWh\",VLOOKUP(L$4,'4. Billing Determinants'!$B$19:$O$41,6,0)/'4. Billing Determinants'!$G$41*$D55,IF($E55=\"Distribution Rev.\",VLOOKUP(L$4,'4. Billing Determinants'!$B$19:$O$41,8,0)/'4. Billing Determinants'!$I$41*$D55, VLOOKUP(L$4,'4. Billing Determinants'!$B$19:$O$41,3,0)/'4. Billing Determinants'!$D$41*$D55))))),0)","v":0},{"$f":"IFERROR(IF(M$4=\"\",0,IF($E55=\"kWh\",VLOOKUP(M$4,'4. Billing Determinants'!$B$19:$O$41,4,0)/'4. Billing Determinants'!$E$41*$D55,IF($E55=\"kW\",VLOOKUP(M$4,'4. Billing Determinants'!$B$19:$O$41,5,0)/'4. Billing Determinants'!$F$41*$D55,IF($E55=\"Non-RPP kWh\",VLOOKUP(M$4,'4. Billing Determinants'!$B$19:$O$41,6,0)/'4. Billing Determinants'!$G$41*$D55,IF($E55=\"Distribution Rev.\",VLOOKUP(M$4,'4. Billing Determinants'!$B$19:$O$41,8,0)/'4. Billing Determinants'!$I$41*$D55, VLOOKUP(M$4,'4. Billing Determinants'!$B$19:$O$41,3,0)/'4. Billing Determinants'!$D$41*$D55))))),0)","v":0},{"$f":"IFERROR(IF(N$4=\"\",0,IF($E55=\"kWh\",VLOOKUP(N$4,'4. Billing Determinants'!$B$19:$O$41,4,0)/'4. Billing Determinants'!$E$41*$D55,IF($E55=\"kW\",VLOOKUP(N$4,'4. Billing Determinants'!$B$19:$O$41,5,0)/'4. Billing Determinants'!$F$41*$D55,IF($E55=\"Non-RPP kWh\",VLOOKUP(N$4,'4. Billing Determinants'!$B$19:$O$41,6,0)/'4. Billing Determinants'!$G$41*$D55,IF($E55=\"Distribution Rev.\",VLOOKUP(N$4,'4. Billing Determinants'!$B$19:$O$41,8,0)/'4. Billing Determinants'!$I$41*$D55, VLOOKUP(N$4,'4. Billing Determinants'!$B$19:$O$41,3,0)/'4. Billing Determinants'!$D$41*$D55))))),0)","v":0},{"$f":"IFERROR(IF(O$4=\"\",0,IF($E55=\"kWh\",VLOOKUP(O$4,'4. Billing Determinants'!$B$19:$O$41,4,0)/'4. Billing Determinants'!$E$41*$D55,IF($E55=\"kW\",VLOOKUP(O$4,'4. Billing Determinants'!$B$19:$O$41,5,0)/'4. Billing Determinants'!$F$41*$D55,IF($E55=\"Non-RPP kWh\",VLOOKUP(O$4,'4. Billing Determinants'!$B$19:$O$41,6,0)/'4. Billing Determinants'!$G$41*$D55,IF($E55=\"Distribution Rev.\",VLOOKUP(O$4,'4. Billing Determinants'!$B$19:$O$41,8,0)/'4. Billing Determinants'!$I$41*$D55, VLOOKUP(O$4,'4. Billing Determinants'!$B$19:$O$41,3,0)/'4. Billing Determinants'!$D$41*$D55))))),0)","v":0},{"$f":"IFERROR(IF(P$4=\"\",0,IF($E55=\"kWh\",VLOOKUP(P$4,'4. Billing Determinants'!$B$19:$O$41,4,0)/'4. Billing Determinants'!$E$41*$D55,IF($E55=\"kW\",VLOOKUP(P$4,'4. Billing Determinants'!$B$19:$O$41,5,0)/'4. Billing Determinants'!$F$41*$D55,IF($E55=\"Non-RPP kWh\",VLOOKUP(P$4,'4. Billing Determinants'!$B$19:$O$41,6,0)/'4. Billing Determinants'!$G$41*$D55,IF($E55=\"Distribution Rev.\",VLOOKUP(P$4,'4. Billing Determinants'!$B$19:$O$41,8,0)/'4. Billing Determinants'!$I$41*$D55, VLOOKUP(P$4,'4. Billing Determinants'!$B$19:$O$41,3,0)/'4. Billing Determinants'!$D$41*$D55))))),0)","v":0},{"$f":"IFERROR(IF(Q$4=\"\",0,IF($E55=\"kWh\",VLOOKUP(Q$4,'4. Billing Determinants'!$B$19:$O$41,4,0)/'4. Billing Determinants'!$E$41*$D55,IF($E55=\"kW\",VLOOKUP(Q$4,'4. Billing Determinants'!$B$19:$O$41,5,0)/'4. Billing Determinants'!$F$41*$D55,IF($E55=\"Non-RPP kWh\",VLOOKUP(Q$4,'4. Billing Determinants'!$B$19:$O$41,6,0)/'4. Billing Determinants'!$G$41*$D55,IF($E55=\"Distribution Rev.\",VLOOKUP(Q$4,'4. Billing Determinants'!$B$19:$O$41,8,0)/'4. Billing Determinants'!$I$41*$D55, VLOOKUP(Q$4,'4. Billing Determinants'!$B$19:$O$41,3,0)/'4. Billing Determinants'!$D$41*$D55))))),0)","v":0},{"$f":"IFERROR(IF(R$4=\"\",0,IF($E55=\"kWh\",VLOOKUP(R$4,'4. Billing Determinants'!$B$19:$O$41,4,0)/'4. Billing Determinants'!$E$41*$D55,IF($E55=\"kW\",VLOOKUP(R$4,'4. Billing Determinants'!$B$19:$O$41,5,0)/'4. Billing Determinants'!$F$41*$D55,IF($E55=\"Non-RPP kWh\",VLOOKUP(R$4,'4. Billing Determinants'!$B$19:$O$41,6,0)/'4. Billing Determinants'!$G$41*$D55,IF($E55=\"Distribution Rev.\",VLOOKUP(R$4,'4. Billing Determinants'!$B$19:$O$41,8,0)/'4. Billing Determinants'!$I$41*$D55, VLOOKUP(R$4,'4. Billing Determinants'!$B$19:$O$41,3,0)/'4. Billing Determinants'!$D$41*$D55))))),0)","v":0},{"$f":"IFERROR(IF(S$4=\"\",0,IF($E55=\"kWh\",VLOOKUP(S$4,'4. Billing Determinants'!$B$19:$O$41,4,0)/'4. Billing Determinants'!$E$41*$D55,IF($E55=\"kW\",VLOOKUP(S$4,'4. Billing Determinants'!$B$19:$O$41,5,0)/'4. Billing Determinants'!$F$41*$D55,IF($E55=\"Non-RPP kWh\",VLOOKUP(S$4,'4. Billing Determinants'!$B$19:$O$41,6,0)/'4. Billing Determinants'!$G$41*$D55,IF($E55=\"Distribution Rev.\",VLOOKUP(S$4,'4. Billing Determinants'!$B$19:$O$41,8,0)/'4. Billing Determinants'!$I$41*$D55, VLOOKUP(S$4,'4. Billing Determinants'!$B$19:$O$41,3,0)/'4. Billing Determinants'!$D$41*$D55))))),0)","v":0},{"$f":"IFERROR(IF(T$4=\"\",0,IF($E55=\"kWh\",VLOOKUP(T$4,'4. Billing Determinants'!$B$19:$O$41,4,0)/'4. Billing Determinants'!$E$41*$D55,IF($E55=\"kW\",VLOOKUP(T$4,'4. Billing Determinants'!$B$19:$O$41,5,0)/'4. Billing Determinants'!$F$41*$D55,IF($E55=\"Non-RPP kWh\",VLOOKUP(T$4,'4. Billing Determinants'!$B$19:$O$41,6,0)/'4. Billing Determinants'!$G$41*$D55,IF($E55=\"Distribution Rev.\",VLOOKUP(T$4,'4. Billing Determinants'!$B$19:$O$41,8,0)/'4. Billing Determinants'!$I$41*$D55, VLOOKUP(T$4,'4. Billing Determinants'!$B$19:$O$41,3,0)/'4. Billing Determinants'!$D$41*$D55))))),0)","v":0},{"$f":"IFERROR(IF(U$4=\"\",0,IF($E55=\"kWh\",VLOOKUP(U$4,'4. Billing Determinants'!$B$19:$O$41,4,0)/'4. Billing Determinants'!$E$41*$D55,IF($E55=\"kW\",VLOOKUP(U$4,'4. Billing Determinants'!$B$19:$O$41,5,0)/'4. Billing Determinants'!$F$41*$D55,IF($E55=\"Non-RPP kWh\",VLOOKUP(U$4,'4. Billing Determinants'!$B$19:$O$41,6,0)/'4. Billing Determinants'!$G$41*$D55,IF($E55=\"Distribution Rev.\",VLOOKUP(U$4,'4. Billing Determinants'!$B$19:$O$41,8,0)/'4. Billing Determinants'!$I$41*$D55, VLOOKUP(U$4,'4. Billing Determinants'!$B$19:$O$41,3,0)/'4. Billing Determinants'!$D$41*$D55))))),0)","v":0},{"$f":"IFERROR(IF(V$4=\"\",0,IF($E55=\"kWh\",VLOOKUP(V$4,'4. Billing Determinants'!$B$19:$O$41,4,0)/'4. Billing Determinants'!$E$41*$D55,IF($E55=\"kW\",VLOOKUP(V$4,'4. Billing Determinants'!$B$19:$O$41,5,0)/'4. Billing Determinants'!$F$41*$D55,IF($E55=\"Non-RPP kWh\",VLOOKUP(V$4,'4. Billing Determinants'!$B$19:$O$41,6,0)/'4. Billing Determinants'!$G$41*$D55,IF($E55=\"Distribution Rev.\",VLOOKUP(V$4,'4. Billing Determinants'!$B$19:$O$41,8,0)/'4. Billing Determinants'!$I$41*$D55, VLOOKUP(V$4,'4. Billing Determinants'!$B$19:$O$41,3,0)/'4. Billing Determinants'!$D$41*$D55))))),0)","v":0},{"$f":"IFERROR(IF(W$4=\"\",0,IF($E55=\"kWh\",VLOOKUP(W$4,'4. Billing Determinants'!$B$19:$O$41,4,0)/'4. Billing Determinants'!$E$41*$D55,IF($E55=\"kW\",VLOOKUP(W$4,'4. Billing Determinants'!$B$19:$O$41,5,0)/'4. Billing Determinants'!$F$41*$D55,IF($E55=\"Non-RPP kWh\",VLOOKUP(W$4,'4. Billing Determinants'!$B$19:$O$41,6,0)/'4. Billing Determinants'!$G$41*$D55,IF($E55=\"Distribution Rev.\",VLOOKUP(W$4,'4. Billing Determinants'!$B$19:$O$41,8,0)/'4. Billing Determinants'!$I$41*$D55, VLOOKUP(W$4,'4. Billing Determinants'!$B$19:$O$41,3,0)/'4. Billing Determinants'!$D$41*$D55))))),0)","v":0},{"$f":"IFERROR(IF(X$4=\"\",0,IF($E55=\"kWh\",VLOOKUP(X$4,'4. Billing Determinants'!$B$19:$O$41,4,0)/'4. Billing Determinants'!$E$41*$D55,IF($E55=\"kW\",VLOOKUP(X$4,'4. Billing Determinants'!$B$19:$O$41,5,0)/'4. Billing Determinants'!$F$41*$D55,IF($E55=\"Non-RPP kWh\",VLOOKUP(X$4,'4. Billing Determinants'!$B$19:$O$41,6,0)/'4. Billing Determinants'!$G$41*$D55,IF($E55=\"Distribution Rev.\",VLOOKUP(X$4,'4. Billing Determinants'!$B$19:$O$41,8,0)/'4. Billing Determinants'!$I$41*$D55, VLOOKUP(X$4,'4. Billing Determinants'!$B$19:$O$41,3,0)/'4. Billing Determinants'!$D$41*$D55))))),0)","v":0},{"$f":"IFERROR(IF(Y$4=\"\",0,IF($E55=\"kWh\",VLOOKUP(Y$4,'4. Billing Determinants'!$B$19:$O$41,4,0)/'4. Billing Determinants'!$E$41*$D55,IF($E55=\"kW\",VLOOKUP(Y$4,'4. Billing Determinants'!$B$19:$O$41,5,0)/'4. Billing Determinants'!$F$41*$D55,IF($E55=\"Non-RPP kWh\",VLOOKUP(Y$4,'4. Billing Determinants'!$B$19:$O$41,6,0)/'4. Billing Determinants'!$G$41*$D55,IF($E55=\"Distribution Rev.\",VLOOKUP(Y$4,'4. Billing Determinants'!$B$19:$O$41,8,0)/'4. Billing Determinants'!$I$41*$D55, VLOOKUP(Y$4,'4. Billing Determinants'!$B$19:$O$41,3,0)/'4. Billing Determinants'!$D$41*$D55))))),0)","v":0}]
[null,"Total Balance Allocated to each class for Accounts 1575 and 1576",null,{"$f":"SUM(D54:D55)","v":0},null,{"$f":"SUM(F54:F55)","v":0},{"$f":"SUM(G54:G55)","v":0},0,0,0,0,0,0,0,0,0,0,0,0,0,0,0,0,0,0]

{"sheet":"6. Rate Rider Calculations","index":5,"n_rows":95,"n_cols":7,"rows_kept":95,"cut":false,"hidden":false,"merged":[[44,1,45,1],[44,2,45,2],[17,3,18,3],[17,4,18,4],[17,5,18,5],[44,4,45,4],[44,5,45,5],[44,3,45,3],[17,1,18,1],[17,2,18,2],[72,1,73,1],[72,2,73,2],[72,3,73,3],[72,4,73,4],[72,5,73,5]]}
[]
[]
[]
[]
[]
[]
[]
[]
[]
[]
[]
[]
[null," Please indicate the Rate Rider Recovery Period (in years)",null,1]
[]
[]
[null,"Rate Rider Calculation for Deferral / Variance Accounts Balances (excluding Global Adj.)"]
[]
[null,"Rate Class \n(Enter Rate Classes in cells below)","Units","kW / kWh / # of Customers","Allocated Balance (excluding 1589)","Rate Rider for Deferral/Variance Accounts"]
[]
[null,{"$f":"IF(ISBLANK('4. Billing Determinants'!B21), \"\", '4. Billing Determinants'!B21)","v":""},null,{"$f":"IF(C20=\"\", 0, IF(C20=\"kWh\", '4. Billing Determinants'!E21, IF(C20=\"kW\", '4. Billing Determinants'!F21, '4. Billing Determinants'!D21)))","v":0},{"$f":"HLOOKUP($B20, '5. Allocation of Balances'!$C$4:$Y$50, 47,FALSE)","v":0},{"$f":"IF(ISERROR(E20/D20), 0, IF(C20=\"# of Customers\", E20/D20/12/$D$13, E20/D20/$D$13))","v":0},{"$f":"IF(C20=\"\", \"\", IF(C20=\"# of Customers\", \"per customer per month\", \"$/\"&C20))","v":""}]
[null,{"$f":"IF(ISBLANK('4. Billing Determinants'!B22), \"\", '4. Billing Determinants'!B22)","v":""},null,{"$f":"IF(C21=\"\", 0, IF(C21=\"kWh\", '4. Billing Determinants'!E22, IF(C21=\"kW\", '4. Billing Determinants'!F22, '4. Billing Determinants'!D22)))","v":0},{"$f":"HLOOKUP($B21, '5. Allocation of Balances'!$C$4:$Y$50, 47,FALSE)","v":0},{"$f":"IF(ISERROR(E21/D21), 0, IF(C21=\"# of Customers\", E21/D21/12/$D$13, E21/D21/$D$13))","v":0},{"$f":"IF(C21=\"\", \"\", IF(C21=\"# of Customers\", \"per customer per month\", \"$/\"&C21))","v":""}]
[null,{"$f":"IF(ISBLANK('4. Billing Determinants'!B23), \"\", '4. Billing Determinants'!B23)","v":""},null,{"$f":"IF(C22=\"\", 0, IF(C22=\"kWh\", '4. Billing Determinants'!E23, IF(C22=\"kW\", '4. Billing Determinants'!F23, '4. Billing Determinants'!D23)))","v":0},{"$f":"HLOOKUP($B22, '5. Allocation of Balances'!$C$4:$Y$50, 47,FALSE)","v":0},0,""]
[null,{"$f":"IF(ISBLANK('4. Billing Determinants'!B24), \"\", '4. Billing Determinants'!B24)","v":""},{"$f":"IF(ISBLANK('4. Billing Determinants'!C24), \"\", '4. Billing Determinants'!C24)","v":""},{"$f":"IF(C23=\"\", 0, IF(C23=\"kWh\", '4. Billing Determinants'!E24, IF(C23=\"kW\", '4. Billing Determinants'!F24, '4. Billing Determinants'!D24)))","v":0},{"$f":"HLOOKUP($B23, '5. Allocation of Balances'!$C$4:$Y$50, 47,FALSE)","v":0},0,""]
[null,{"$f":"IF(ISBLANK('4. Billing Determinants'!B25), \"\", '4. Billing Determinants'!B25)","v":""},null,{"$f":"IF(C24=\"\", 0, IF(C24=\"kWh\", '4. Billing Determinants'!E25, IF(C24=\"kW\", '4. Billing Determinants'!F25, '4. Billing Determinants'!D25)))","v":0},{"$f":"HLOOKUP($B24, '5. Allocation of Balances'!$C$4:$Y$50, 47,FALSE)","v":0},0,""]
[null,{"$f":"IF(ISBLANK('4. Billing Determinants'!B26), \"\", '4. Billing Determinants'!B26)","v":""},{"$f":"IF(ISBLANK('4. Billing Determinants'!C26), \"\", '4. Billing Determinants'!C26)","v":""},{"$f":"IF(C25=\"\", 0, IF(C25=\"kWh\", '4. Billing Determinants'!E26, IF(C25=\"kW\", '4. Billing Determinants'!F26, '4. Billing Determinants'!D26)))","v":0},{"$f":"HLOOKUP($B25, '5. Allocation of Balances'!$C$4:$Y$50, 47,FALSE)","v":0},0,""]
[null,{"$f":"IF(ISBLANK('4. Billing Determinants'!B27), \"\", '4. Billing Determinants'!B27)","v":""},{"$f":"IF(ISBLANK('4. Billing Determinants'!C27), \"\", '4. Billing Determinants'!C27)","v":""},{"$f":"IF(C26=\"\", 0, IF(C26=\"kWh\", '4. Billing Determinants'!E27, IF(C26=\"kW\", '4. Billing Determinants'!F27, '4. Billing Determinants'!D27)))","v":0},{"$f":"HLOOKUP($B26, '5. Allocation of Balances'!$C$4:$Y$50, 47,FALSE)","v":0},0,""]
[null,{"$f":"IF(ISBLANK('4. Billing Determinants'!B28), \"\", '4. Billing Determinants'!B28)","v":""},{"$f":"IF(ISBLANK('4. Billing Determinants'!C28), \"\", '4. Billing Determinants'!C28)","v":""},{"$f":"IF(C27=\"\", 0, IF(C27=\"kWh\", '4. Billing Determinants'!E28, IF(C27=\"kW\", '4. Billing Determinants'!F28, '4. Billing Determinants'!D28)))","v":0},{"$f":"HLOOKUP($B27, '5. Allocation of Balances'!$C$4:$Y$50, 47,FALSE)","v":0},0,""]
[null,{"$f":"IF(ISBLANK('4. Billing Determinants'!B29), \"\", '4. Billing Determinants'!B29)","v":""},{"$f":"IF(ISBLANK('4. Billing Determinants'!C29), \"\", '4. Billing Determinants'!C29)","v":""},{"$f":"IF(C28=\"\", 0, IF(C28=\"kWh\", '4. Billing Determinants'!E29, IF(C28=\"kW\", '4. Billing Determinants'!F29, '4. Billing Determinants'!D29)))","v":0},{"$f":"HLOOKUP($B28, '5. Allocation of Balances'!$C$4:$Y$50, 47,FALSE)","v":0},0,""]
[null,{"$f":"IF(ISBLANK('4. Billing Determinants'!B30), \"\", '4. Billing Determinants'!B30)","v":""},{"$f":"IF(ISBLANK('4. Billing Determinants'!C30), \"\", '4. Billing Determinants'!C30)","v":""},{"$f":"IF(C29=\"\", 0, IF(C29=\"kWh\", '4. Billing Determinants'!E30, IF(C29=\"kW\", '4. Billing Determinants'!F30, '4. Billing Determinants'!D30)))","v":0},{"$f":"HLOOKUP($B29, '5. Allocation of Balances'!$C$4:$Y$50, 47,FALSE)","v":0},0,""]
[null,{"$f":"IF(ISBLANK('4. Billing Determinants'!B31), \"\", '4. Billing Determinants'!B31)","v":""},{"$f":"IF(ISBLANK('4. Billing Determinants'!C31), \"\", '4. Billing Determinants'!C31)","v":""},{"$f":"IF(C30=\"\", 0, IF(C30=\"kWh\", '4. Billing Determinants'!E31, IF(C30=\"kW\", '4. Billing Determinants'!F31, '4. Billing Determinants'!D31)))","v":0},{"$f":"HLOOKUP($B30, '5. Allocation of Balances'!$C$4:$Y$50, 47,FALSE)","v":0},0,""]
[null,{"$f":"IF(ISBLANK('4. Billing Determinants'!B32), \"\", '4. Billing Determinants'!B32)","v":""},{"$f":"IF(ISBLANK('4. Billing Determinants'!C32), \"\", '4. Billing Determinants'!C32)","v":""},{"$f":"IF(C31=\"\", 0, IF(C31=\"kWh\", '4. Billing Determinants'!E32, IF(C31=\"kW\", '4. Billing Determinants'!F32, '4. Billing Determinants'!D32)))","v":0},{"$f":"HLOOKUP($B31, '5. Allocation of Balances'!$C$4:$Y$50, 47,FALSE)","v":0},0,""]
[null,{"$f":"IF(ISBLANK('4. Billing Determinants'!B33), \"\", '4. Billing Determinants'!B33)","v":""},{"$f":"IF(ISBLANK('4. Billing Determinants'!C33), \"\", '4. Billing Determinants'!C33)","v":""},{"$f":"IF(C32=\"\", 0, IF(C32=\"kWh\", '4. Billing Determinants'!E33, IF(C32=\"kW\", '4. Billing Determinants'!F33, '4. Billing Determinants'!D33)))","v":0},{"$f":"HLOOKUP($B32, '5. Allocation of Balances'!$C$4:$Y$50, 47,FALSE)","v":0},0,""]
[null,{"$f":"IF(ISBLANK('4. Billing Determinants'!B34), \"\", '4. Billing Determinants'!B34)","v":""},null,{"$f":"IF(C33=\"\", 0, IF(C33=\"kWh\", '4. Billing Determinants'!E34, IF(C33=\"kW\", '4. Billing Determinants'!F34, '4. Billing Determinants'!D34)))","v":0},{"$f":"HLOOKUP($B33, '5. Allocation of Balances'!$C$4:$Y$50, 47,FALSE)","v":0},0,""]
[null,{"$f":"IF(ISBLANK('4. Billing Determinants'!B35), \"\", '4. Billing Determinants'!B35)","v":""},{"$f":"IF(ISBLANK('4. Billing Determinants'!C35), \"\", '4. Billing Determinants'!C35)","v":""},{"$f":"IF(C34=\"\", 0, IF(C34=\"kWh\", '4. Billing Determinants'!E35, IF(C34=\"kW\", '4. Billing Determinants'!F35, '4. Billing Determinants'!D35)))","v":0},{"$f":"HLOOKUP($B34, '5. Allocation of Balances'!$C$4:$Y$50, 47,FALSE)","v":0},0,""]
[null,{"$f":"IF(ISBLANK('4. Billing Determinants'!B36), \"\", '4. Billing Determinants'!B36)","v":""},{"$f":"IF(ISBLANK('4. Billing Determinants'!C36), \"\", '4. Billing Determinants'!C36)","v":""},{"$f":"IF(C35=\"\", 0, IF(C35=\"kWh\", '4. Billing Determinants'!E36, IF(C35=\"kW\", '4. Billing Determinants'!F36, '4. Billing Determinants'!D36)))","v":0},{"$f":"HLOOKUP($B35, '5. Allocation of Balances'!$C$4:$Y$50, 47,FALSE)","v":0},0,""]
[null,{"$f":"IF(ISBLANK('4. Billing Determinants'!B37), \"\", '4. Billing Determinants'!B37)","v":""},{"$f":"IF(ISBLANK('4. Billing Determinants'!C37), \"\", '4. Billing Determinants'!C37)","v":""},{"$f":"IF(C36=\"\", 0, IF(C36=\"kWh\", '4. Billing Determinants'!E37, IF(C36=\"kW\", '4. Billing Determinants'!F37, '4. Billing Determinants'!D37)))","v":0},{"$f":"HLOOKUP($B36, '5. Allocation of Balances'!$C$4:$Y$50, 47,FALSE)","v":0},0,""]
[null,{"$f":"IF(ISBLANK('4. Billing Determinants'!B38), \"\", '4. Billing Determinants'!B38)","v":""},{"$f":"IF(ISBLANK('4. Billing Determinants'!C38), \"\", '4. Billing Determinants'!C38)","v":""},{"$f":"IF(C37=\"\", 0, IF(C37=\"kWh\", '4. Billing Determinants'!E38, IF(C37=\"kW\", '4. Billing Determinants'!F38, '4. Billing Determinants'!D38)))","v":0},{"$f":"HLOOKUP($B37, '5. Allocation of Balances'!$C$4:$Y$50, 47,FALSE)","v":0},0,""]
[null,{"$f":"IF(ISBLANK('4. Billing Determinants'!B39), \"\", '4. Billing Determinants'!B39)","v":""},{"$f":"IF(ISBLANK('4. Billing Determinants'!C39), \"\", '4. Billing Determinants'!C39)","v":""},{"$f":"IF(C38=\"\", 0, IF(C38=\"kWh\", '4. Billing Determinants'!E39, IF(C38=\"kW\", '4. Billing Determinants'!F39, '4. Billing Determinants'!D39)))","v":0},{"$f":"HLOOKUP($B38, '5. Allocation of Balances'!$C$4:$Y$50, 47,FALSE)","v":0},0,""]
[null,{"$f":"IF(ISBLANK('4. Billing Determinants'!B40), \"\", '4. Billing Determinants'!B40)","v":""},{"$f":"IF(ISBLANK('4. Billing Determinants'!C40), \"\", '4. Billing Determinants'!C40)","v":""},{"$f":"IF(C39=\"\", 0, IF(C39=\"kWh\", '4. Billing Determinants'!E40, IF(C39=\"kW\", '4. Billing Determinants'!F40, '4. Billing Determinants'!D40)))","v":0},{"$f":"HLOOKUP($B39, '5. Allocation of Balances'!$C$4:$Y$50, 47,FALSE)","v":0},0,""]
[null,"Total",null,null,{"$f":"SUM(E20:E39)","v":0}]
[]
[]
[null,"Rate Rider Calculation for RSVA - Power - Global Adjustment"]
[]
[null,"Rate Class \n(Enter Rate Classes in cells below)","Units","Non-RPP kW / kWh / # of Customers","Balance of RSVA - Power - Global Adjustment","Rate Rider for RSVA - Power - Global Adjustment"]
[]
[null,{"$f":"B20","v":""},null,{"$f":"IF(C47=\"\", 0, IF(C47=\"kWh\", '4. Billing Determinants'!G21, IF(C47=\"kW\", '4. Billing Determinants'!H21, '4. Billing Determinants'!D21)))","v":0},{"$f":"HLOOKUP($B20, '5. Allocation of Balances'!$C$4:$Y$51, 48,FALSE)","v":0},{"$f":"IF(ISERROR(E47/D47), 0, IF(C47=\"# of Customers\", E47/D47/12/$D$13, E47/D47/$D$13))","v":0},{"$f":"IF(C47=\"\", \"\", IF(C47=\"# of Customers\", \"per customer per month\", \"$/\"&C47))","v":""}]
[null,"",null,{"$f":"IF(C48=\"\", 0, IF(C48=\"kWh\", '4. Billing Determinants'!G22, IF(C48=\"kW\", '4. Billing Determinants'!H22, '4. Billing Determinants'!D22)))","v":0},{"$f":"HLOOKUP($B21, '5. Allocation of Balances'!$C$4:$Y$51, 48,FALSE)","v":0},{"$f":"IF(ISERROR(E48/D48), 0, IF(C48=\"# of Customers\", E48/D48/12/$D$13, E48/D48/$D$13))","v":0},{"$f":"IF(C48=\"\", \"\", IF(C48=\"# of Customers\", \"per customer per month\", \"$/\"&C48))","v":""}]
[null,"",null,{"$f":"IF(C49=\"\", 0, IF(C49=\"kWh\", '4. Billing Determinants'!G23, IF(C49=\"kW\", '4. Billing Determinants'!H23, '4. Billing Determinants'!D23)))","v":0},{"$f":"HLOOKUP($B22, '5. Allocation of Balances'!$C$4:$Y$51, 48,FALSE)","v":0},0,""]
[null,"",null,{"$f":"IF(C50=\"\", 0, IF(C50=\"kWh\", '4. Billing Determinants'!G24, IF(C50=\"kW\", '4. Billing Determinants'!H24, '4. Billing Determinants'!D24)))","v":0},{"$f":"HLOOKUP($B23, '5. Allocation of Balances'!$C$4:$Y$51, 48,FALSE)","v":0},0,""]
[null,"",null,{"$f":"IF(C51=\"\", 0, IF(C51=\"kWh\", '4. Billing Determinants'!G25, IF(C51=\"kW\", '4. Billing Determinants'!H25, '4. Billing Determinants'!D25)))","v":0},{"$f":"HLOOKUP($B24, '5. Allocation of Balances'!$C$4:$Y$51, 48,FALSE)","v":0},0,""]
[null,"",null,{"$f":"IF(C52=\"\", 0, IF(C52=\"kWh\", '4. Billing Determinants'!G26, IF(C52=\"kW\", '4. Billing Determinants'!H26, '4. Billing Determinants'!D26)))","v":0},{"$f":"HLOOKUP($B25, '5. Allocation of Balances'!$C$4:$Y$51, 48,FALSE)","v":0},0,""]
[null,"",null,{"$f":"IF(C53=\"\", 0, IF(C53=\"kWh\", '4. Billing Determinants'!G27, IF(C53=\"kW\", '4. Billing Determinants'!H27, '4. Billing Determinants'!D27)))","v":0},{"$f":"HLOOKUP($B26, '5. Allocation of Balances'!$C$4:$Y$51, 48,FALSE)","v":0},0,""]
[null,"",{"$f":"IF(ISBLANK('4. Billing Determinants'!C52), \"\", '4. Billing Determinants'!C52)","v":""},{"$f":"IF(C54=\"\", 0, IF(C54=\"kWh\", '4. Billing Determinants'!G28, IF(C54=\"kW\", '4. Billing Determinants'!H28, '4. Billing Determinants'!D28)))","v":0},{"$f":"HLOOKUP($B27, '5. Allocation of Balances'!$C$4:$Y$51, 48,FALSE)","v":0},0,""]
[null,"",{"$f":"IF(ISBLANK('4. Billing Determinants'!C53), \"\", '4. Billing Determinants'!C53)","v":""},{"$f":"IF(C55=\"\", 0, IF(C55=\"kWh\", '4. Billing Determinants'!G29, IF(C55=\"kW\", '4. Billing Determinants'!H29, '4. Billing Determinants'!D29)))","v":0},{"$f":"HLOOKUP($B28, '5. Allocation of Balances'!$C$4:$Y$51, 48,FALSE)","v":0},0,""]
[null,"",null,{"$f":"IF(C56=\"\", 0, IF(C56=\"kWh\", '4. Billing Determinants'!G30, IF(C56=\"kW\", '4. Billing Determinants'!H30, '4. Billing Determinants'!D30)))","v":0},{"$f":"HLOOKUP($B29, '5. Allocation of Balances'!$C$4:$Y$51, 48,FALSE)","v":0},0,""]
[null,"",{"$f":"IF(ISBLANK('4. Billing Determinants'!C55), \"\", '4. Billing Determinants'!C55)","v":""},{"$f":"IF(C57=\"\", 0, IF(C57=\"kWh\", '4. Billing Determinants'!G31, IF(C57=\"kW\", '4. Billing Determinants'!H31, '4. Billing Determinants'!D31)))","v":0},{"$f":"HLOOKUP($B30, '5. Allocation of Balances'!$C$4:$Y$51, 48,FALSE)","v":0},0,""]
[null,"",null,{"$f":"IF(C58=\"\", 0, IF(C58=\"kWh\", '4. Billing Determinants'!G32, IF(C58=\"kW\", '4. Billing Determinants'!H32, '4. Billing Determinants'!D32)))","v":0},{"$f":"HLOOKUP($B31, '5. Allocation of Balances'!$C$4:$Y$51, 48,FALSE)","v":0},0,""]
[null,"",{"$f":"IF(ISBLANK('4. Billing Determinants'!C57), \"\", '4. Billing Determinants'!C57)","v":""},{"$f":"IF(C59=\"\", 0, IF(C59=\"kWh\", '4. Billing Determinants'!G33, IF(C59=\"kW\", '4. Billing Determinants'!H33, '4. Billing Determinants'!D33)))","v":0},{"$f":"HLOOKUP($B32, '5. Allocation of Balances'!$C$4:$Y$51, 48,FALSE)","v":0},0,""]
[null,"",{"$f":"IF(ISBLANK('4. Billing Determinants'!C58), \"\", '4. Billing Determinants'!C58)","v":""},{"$f":"IF(C60=\"\", 0, IF(C60=\"kWh\", '4. Billing Determinants'!G34, IF(C60=\"kW\", '4. Billing Determinants'!H34, '4. Billing Determinants'!D34)))","v":0},{"$f":"HLOOKUP($B33, '5. Allocation of Balances'!$C$4:$Y$51, 48,FALSE)","v":0},0,""]
[null,"",{"$f":"IF(ISBLANK('4. Billing Determinants'!C59), \"\", '4. Billing Determinants'!C59)","v":""},{"$f":"IF(C61=\"\", 0, IF(C61=\"kWh\", '4. Billing Determinants'!G35, IF(C61=\"kW\", '4. Billing Determinants'!H35, '4. Billing Determinants'!D35)))","v":0},{"$f":"HLOOKUP($B34, '5. Allocation of Balances'!$C$4:$Y$51, 48,FALSE)","v":0},0,""]
[null,"",null,{"$f":"IF(C62=\"\", 0, IF(C62=\"kWh\", '4. Billing Determinants'!G36, IF(C62=\"kW\", '4. Billing Determinants'!H36, '4. Billing Determinants'!D36)))","v":0},{"$f":"HLOOKUP($B35, '5. Allocation of Balances'!$C$4:$Y$51, 48,FALSE)","v":0},0,""]
[null,"",{"$f":"IF(ISBLANK('4. Billing Determinants'!C61), \"\", '4. Billing Determinants'!C61)","v":""},{"$f":"IF(C63=\"\", 0, IF(C63=\"kWh\", '4. Billing Determinants'!G37, IF(C63=\"kW\", '4. Billing Determinants'!H37, '4. Billing Determinants'!D37)))","v":0},{"$f":"HLOOKUP($B36, '5. Allocation of Balances'!$C$4:$Y$51, 48,FALSE)","v":0},0,""]
[null,"",{"$f":"IF(ISBLANK('4. Billing Determinants'!C62), \"\", '4. Billing Determinants'!C62)","v":""},{"$f":"IF(C64=\"\", 0, IF(C64=\"kWh\", '4. Billing Determinants'!G38, IF(C64=\"kW\", '4. Billing Determinants'!H38, '4. Billing Determinants'!D38)))","v":0},{"$f":"HLOOKUP($B37, '5. Allocation of Balances'!$C$4:$Y$51, 48,FALSE)","v":0},0,""]
[null,"",{"$f":"IF(ISBLANK('4. Billing Determinants'!C63), \"\", '4. Billing Determinants'!C63)","v":""},{"$f":"IF(C65=\"\", 0, IF(C65=\"kWh\", '4. Billing Determinants'!G39, IF(C65=\"kW\", '4. Billing Determinants'!H39, '4. Billing Determinants'!D39)))","v":0},{"$f":"HLOOKUP($B38, '5. Allocation of Balances'!$C$4:$Y$51, 48,FALSE)","v":0},0,""]
[null,"",{"$f":"IF(ISBLANK('4. Billing Determinants'!C64), \"\", '4. Billing Determinants'!C64)","v":""},{"$f":"IF(C66=\"\", 0, IF(C66=\"kWh\", '4. Billing Determinants'!G40, IF(C66=\"kW\", '4. Billing Determinants'!H40, '4. Billing Determinants'!D40)))","v":0},{"$f":"HLOOKUP($B39, '5. Allocation of Balances'!$C$4:$Y$51, 48,FALSE)","v":0},0,""]
[null,"Total",null,null,{"$f":"SUM(E47:E66)","v":0}]
[]
[null,"Rate Rider Calculation for Accounts 1575 and 1576"]
[]
[null," Please indicate the Rate Rider Recovery Period (in years)"]
[]
[null,"Rate Class \n(Enter Rate Classes in cells below)","Units","kW / kWh / # of Customers","Balance of Accounts 1575 and 1576","Rate Rider for Accounts 1575 and 1576"]
[]
[null,{"$f":"B20","v":""},null,{"$f":"IF(C75=\"\", 0, IF(C75=\"kWh\", '4. Billing Determinants'!E21, IF(C75=\"kW\", '4. Billing Determinants'!F21, '4. Billing Determinants'!D21)))","v":0},{"$f":"HLOOKUP($B75, '5. Allocation of Balances'!$C$4:$Y$56, 53,FALSE)","v":0},{"$f":"IF(ISERROR(E75/D75), 0, IF(C75=\"# of Customers\", E75/D75/12/$D$71, E75/D75/$D$71))","v":0},{"$f":"IF(C75=\"\", \"\", IF(C75=\"# of Customers\", \"per customer per month\", \"$/\"&C75))","v":""}]
[null,{"$f":"B21","v":""},null,{"$f":"IF(C76=\"\", 0, IF(C76=\"kWh\", '4. Billing Determinants'!E22, IF(C76=\"kW\", '4. Billing Determinants'!F22, '4. Billing Determinants'!D22)))","v":0},{"$f":"HLOOKUP($B76, '5. Allocation of Balances'!$C$4:$Y$56, 53,FALSE)","v":0},{"$f":"IF(ISERROR(E76/D76), 0, IF(C76=\"# of Customers\", E76/D76/12/$D$71, E76/D76/$D$71))","v":0},""]
[null,"",null,{"$f":"IF(C77=\"\", 0, IF(C77=\"kWh\", '4. Billing Determinants'!E23, IF(C77=\"kW\", '4. Billing Determinants'!F23, '4. Billing Determinants'!D23)))","v":0},{"$f":"HLOOKUP($B77, '5. Allocation of Balances'!$C$4:$Y$56, 53,FALSE)","v":0},0,""]
[null,"",null,{"$f":"IF(C78=\"\", 0, IF(C78=\"kWh\", '4. Billing Determinants'!E24, IF(C78=\"kW\", '4. Billing Determinants'!F24, '4. Billing Determinants'!D24)))","v":0},{"$f":"HLOOKUP($B78, '5. Allocation of Balances'!$C$4:$Y$56, 53,FALSE)","v":0},0,""]
[null,"",null,{"$f":"IF(C79=\"\", 0, IF(C79=\"kWh\", '4. Billing Determinants'!E25, IF(C79=\"kW\", '4. Billing Determinants'!F25, '4. Billing Determinants'!D25)))","v":0},{"$f":"HLOOKUP($B79, '5. Allocation of Balances'!$C$4:$Y$56, 53,FALSE)","v":0},0,""]
[null,"",null,{"$f":"IF(C80=\"\", 0, IF(C80=\"kWh\", '4. Billing Determinants'!E26, IF(C80=\"kW\", '4. Billing Determinants'!F26, '4. Billing Determinants'!D26)))","v":0},{"$f":"HLOOKUP($B80, '5. Allocation of Balances'!$C$4:$Y$56, 53,FALSE)","v":0},0,""]
[null,"",null,{"$f":"IF(C81=\"\", 0, IF(C81=\"kWh\", '4. Billing Determinants'!E27, IF(C81=\"kW\", '4. Billing Determinants'!F27, '4. Billing Determinants'!D27)))","v":0},{"$f":"HLOOKUP($B81, '5. Allocation of Balances'!$C$4:$Y$56, 53,FALSE)","v":0},0,""]
[null,"",{"$f":"IF(ISBLANK('4. Billing Determinants'!C78), \"\", '4. Billing Determinants'!C78)","v":""},{"$f":"IF(C82=\"\", 0, IF(C82=\"kWh\", '4. Billing Determinants'!E28, IF(C82=\"kW\", '4. Billing Determinants'!F28, '4. Billing Determinants'!D28)))","v":0},{"$f":"HLOOKUP($B82, '5. Allocation of Balances'!$C$4:$Y$56, 53,FALSE)","v":0},0,""]
[null,"",{"$f":"IF(ISBLANK('4. Billing Determinants'!C79), \"\", '4. Billing Determinants'!C79)","v":""},{"$f":"IF(C83=\"\", 0, IF(C83=\"kWh\", '4. Billing Determinants'!E29, IF(C83=\"kW\", '4. Billing Determinants'!F29, '4. Billing Determinants'!D29)))","v":0},{"$f":"HLOOKUP($B83, '5. Allocation of Balances'!$C$4:$Y$56, 53,FALSE)","v":0},0,""]
[null,"",null,{"$f":"IF(C84=\"\", 0, IF(C84=\"kWh\", '4. Billing Determinants'!E30, IF(C84=\"kW\", '4. Billing Determinants'!F30, '4. Billing Determinants'!D30)))","v":0},{"$f":"HLOOKUP($B84, '5. Allocation of Balances'!$C$4:$Y$56, 53,FALSE)","v":0},0,""]
[null,"",{"$f":"IF(ISBLANK('4. Billing Determinants'!C81), \"\", '4. Billing Determinants'!C81)","v":""},{"$f":"IF(C85=\"\", 0, IF(C85=\"kWh\", '4. Billing Determinants'!E31, IF(C85=\"kW\", '4. Billing Determinants'!F31, '4. Billing Determinants'!D31)))","v":0},{"$f":"HLOOKUP($B85, '5. Allocation of Balances'!$C$4:$Y$56, 53,FALSE)","v":0},0,""]
[null,"",{"$f":"IF(ISBLANK('4. Billing Determinants'!C82), \"\", '4. Billing Determinants'!C82)","v":""},{"$f":"IF(C86=\"\", 0, IF(C86=\"kWh\", '4. Billing Determinants'!E32, IF(C86=\"kW\", '4. Billing Determinants'!F32, '4. Billing Determinants'!D32)))","v":0},{"$f":"HLOOKUP($B86, '5. Allocation of Balances'!$C$4:$Y$56, 53,FALSE)","v":0},0,""]
[null,"",{"$f":"IF(ISBLANK('4. Billing Determinants'!C83), \"\", '4. Billing Determinants'!C83)","v":""},{"$f":"IF(C87=\"\", 0, IF(C87=\"kWh\", '4. Billing Determinants'!E33, IF(C87=\"kW\", '4. Billing Determinants'!F33, '4. Billing Determinants'!D33)))","v":0},{"$f":"HLOOKUP($B87, '5. Allocation of Balances'!$C$4:$Y$56, 53,FALSE)","v":0},0,""]
[null,"",{"$f":"IF(ISBLANK('4. Billing Determinants'!C84), \"\", '4. Billing Determinants'!C84)","v":""},{"$f":"IF(C88=\"\", 0, IF(C88=\"kWh\", '4. Billing Determinants'!E34, IF(C88=\"kW\", '4. Billing Determinants'!F34, '4. Billing Determinants'!D34)))","v":0},{"$f":"HLOOKUP($B88, '5. Allocation of Balances'!$C$4:$Y$56, 53,FALSE)","v":0},0,""]
[null,"",{"$f":"IF(ISBLANK('4. Billing Determinants'!C85), \"\", '4. Billing Determinants'!C85)","v":""},{"$f":"IF(C89=\"\", 0, IF(C89=\"kWh\", '4. Billing Determinants'!E35, IF(C89=\"kW\", '4. Billing Determinants'!F35, '4. Billing Determinants'!D35)))","v":0},{"$f":"HLOOKUP($B89, '5. Allocation of Balances'!$C$4:$Y$56, 53,FALSE)","v":0},0,""]
[null,"",{"$f":"IF(ISBLANK('4. Billing Determinants'!C86), \"\", '4. Billing Determinants'!C86)","v":""},{"$f":"IF(C90=\"\", 0, IF(C90=\"kWh\", '4. Billing Determinants'!E36, IF(C90=\"kW\", '4. Billing Determinants'!F36, '4. Billing Determinants'!D36)))","v":0},{"$f":"HLOOKUP($B90, '5. Allocation of Balances'!$C$4:$Y$56, 53,FALSE)","v":0},0,""]
[null,"",{"$f":"IF(ISBLANK('4. Billing Determinants'!C87), \"\", '4. Billing Determinants'!C87)","v":""},{"$f":"IF(C91=\"\", 0, IF(C91=\"kWh\", '4. Billing Determinants'!E37, IF(C91=\"kW\", '4. Billing Determinants'!F37, '4. Billing Determinants'!D37)))","v":0},{"$f":"HLOOKUP($B91, '5. Allocation of Balances'!$C$4:$Y$56, 53,FALSE)","v":0},0,""]
[null,"",{"$f":"IF(ISBLANK('4. Billing Determinants'!C88), \"\", '4. Billing Determinants'!C88)","v":""},{"$f":"IF(C92=\"\", 0, IF(C92=\"kWh\", '4. Billing Determinants'!E38, IF(C92=\"kW\", '4. Billing Determinants'!F38, '4. Billing Determinants'!D38)))","v":0},{"$f":"HLOOKUP($B92, '5. Allocation of Balances'!$C$4:$Y$56, 53,FALSE)","v":0},0,""]
[null,"",{"$f":"IF(ISBLANK('4. Billing Determinants'!C89), \"\", '4. Billing Determinants'!C89)","v":""},{"$f":"IF(C93=\"\", 0, IF(C93=\"kWh\", '4. Billing Determinants'!E39, IF(C93=\"kW\", '4. Billing Determinants'!F39, '4. Billing Determinants'!D39)))","v":0},{"$f":"HLOOKUP($B93, '5. Allocation of Balances'!$C$4:$Y$56, 53,FALSE)","v":0},0,""]
[null,"",{"$f":"IF(ISBLANK('4. Billing Determinants'!C90), \"\", '4. Billing Determinants'!C90)","v":""},{"$f":"IF(C94=\"\", 0, IF(C94=\"kWh\", '4. Billing Determinants'!E40, IF(C94=\"kW\", '4. Billing Determinants'!F40, '4. Billing Determinants'!D40)))","v":0},{"$f":"HLOOKUP($B94, '5. Allocation of Balances'!$C$4:$Y$56, 53,FALSE)","v":0},0,""]
[null,"Total",null,null,{"$f":"SUM(E75:E94)","v":0}]